000
CXUS56 KOTX 010910
CF6EAT
PRELIMINARY LOCAL CLIMATOLOGICAL DATA (WS FORM: F-6)
STATION: WENATCHEE WA PANGBORN FIELD
MONTH: JULY
YEAR: 2022
LATITUDE: 47 23 N
LONGITUDE: 120 12 W
TEMPERATURE IN F: :PCPN: SNOW: WIND :SUNSHINE: SKY :PK WND
================================================================================
1 2 3 4 5 6A 6B 7 8 9 10 11 12 13 14 15 16 17 18
12Z AVG MX 2MIN
DY MAX MIN AVG DEP HDD CDD WTR SNW DPTH SPD SPD DIR MIN PSBL S-S WX SPD DR
================================================================================
1 89 61 75 4 0 10 0.00 M M 10.0 21 290 M M 0 27 290
2 87 63 75 4 0 10 0.00 M M 9.1 20 310 M M 0 25 320
3 76 58 67 -4 0 2 0.03 M M 14.6 25 310 M M 3 3 29 310
4 74 55 65 -7 0 0 0.46 M M 7.5 15 120 M M 2 3 20 120
5 78 52 65 -7 0 0 T M M 6.7 17 310 M M 3 21 300
6 75 60 68 -4 0 3 0.05 M M 7.4 21 320 M M 8 25 320
7 80 59 70 -3 0 5 0.00 M M 6.2 16 300 M M 2 19 290
8 84 59 72 -1 0 7 0.00 M M 7.3 18 290 M M 1 22 300
9 86 58 72 -1 0 7 0.00 M M 10.3 25 310 M M 0 31 300
10 85 62 74 0 0 9 0.00 M M 11.5 23 310 M M 0 27 310
11 92 59 76 2 0 11 0.00 M M 6.8 16 340 M M 0 20 340
12 96 64 80 6 0 15 0.00 M M 9.6 21 290 M M 0 24 290
13 89 69 79 5 0 14 0.00 M M 15.8 25 290 M M 0 29 290
14 91 62 77 2 0 12 0.00 M M 7.6 18 300 M M 0 23 300
15 93 65 79 4 0 14 0.00 M M 10.9 22 290 M M 0 27 290
16 90 65 78 3 0 13 0.00 M M 10.3 23 300 M M 0 29 310
17 82 62 72 -4 0 7 0.00 M M 17.5 28 290 M M 0 34 290
18 85 60 73 -3 0 8 0.00 M M 15.8 25 300 M M 0 32 310
19 91 60 76 0 0 11 0.00 M M 7.7 14 290 M M 0 18 310
20 97 65 81 5 0 16 0.00 M M 8.7 16 320 M M 0 20 300
21 96 68 82 6 0 17 0.00 M M 10.0 21 290 M M 0 25 290
22 92 69 81 5 0 16 0.00 M M 16.9 26 300 M M 0 35 290
23 92 65 79 3 0 14 0.00 M M 12.4 20 320 M M 0 23 340
24 98 65 82 5 0 17 0.00 M M 8.7 18 300 M M 0 24 300
25 100 69 85 8 0 20 0.00 M M 6.6 14 290 M M 0 16 270
26 101 71 86 9 0 21 0.00 M M 5.6 13 290 M M 0 16 300
27 105 72 89 12 0 24 0.00 M M 8.6 17 300 M M 0 21 310
28 109 74 92 15 0 27 0.00 M M 9.0 22 310 M M 0 27 320
29 105 73 89 12 0 24 0.00 M M 7.6 14 140 M M 0 18 300
30 104 72 88 11 0 23 0.00 M M 8.1 16 300 M M 0 20 300
31 105 70 88 11 0 23 0.00 M M 9.0 18 300 M M 0 8 22 300
================================================================================
SM 2827 1986 0 400 0.54 M 303.8 M 19
================================================================================
AV 91.2 64.1 9.8 FASTST M M 1 MAX(MPH)
MISC ----> 28 290 35 290
================================================================================
NOTES:
# LAST OF SEVERAL OCCURRENCES
COLUMN 17 PEAK WIND IN M.P.H.
PRELIMINARY LOCAL CLIMATOLOGICAL DATA (WS FORM: F-6) , PAGE 2
STATION: WENATCHEE WA PANGBORN FIELD
MONTH: JULY
YEAR: 2022
LATITUDE: 47 23 N
LONGITUDE: 120 12 W
[TEMPERATURE DATA] [PRECIPITATION DATA] SYMBOLS USED IN COLUMN 16
AVERAGE MONTHLY: 77.6 TOTAL FOR MONTH: 0.54 1 = FOG OR MIST
DPTR FM NORMAL: 2.9 DPTR FM NORMAL: 0.30 2 = FOG REDUCING VISIBILITY
HIGHEST: 109 ON 28 GRTST 24HR 0.46 ON 4- 4 TO 1/4 MILE OR LESS
LOWEST: 52 ON 5 3 = THUNDER
SNOW, ICE PELLETS, HAIL 4 = ICE PELLETS
TOTAL MONTH: M 5 = HAIL
GRTST 24HR M ON M 6 = FREEZING RAIN OR DRIZZLE
GRTST DEPTH: M ON M 7 = DUSTSTORM OR SANDSTORM:
VSBY 1/2 MILE OR LESS
8 = SMOKE OR HAZE
[NO. OF DAYS WITH] [WEATHER - DAYS WITH] 9 = BLOWING SNOW
X = TORNADO
MAX 32 OR BELOW: 0 0.01 INCH OR MORE: 3
MAX 90 OR ABOVE: 18 0.10 INCH OR MORE: 1
MIN 32 OR BELOW: 0 0.50 INCH OR MORE: 0
MIN 0 OR BELOW: 0 1.00 INCH OR MORE: 0
[HDD (BASE 65) ]
TOTAL THIS MO. 0 CLEAR (SCALE 0-3) 29
DPTR FM NORMAL -6 PTCLDY (SCALE 4-7) 1
TOTAL FM JUL 1 0 CLOUDY (SCALE 8-10) 1
DPTR FM NORMAL -2
[CDD (BASE 65) ]
TOTAL THIS MO. 400
DPTR FM NORMAL 94 [PRESSURE DATA]
TOTAL FM JAN 1 471 HIGHEST SLP M ON M
DPTR FM NORMAL 22 LOWEST SLP 29.66 ON 2
[REMARKS]
#FINAL-07-22#