000
CXUS51 KAKQ 011033
CF6ECG
PRELIMINARY LOCAL CLIMATOLOGICAL DATA (WS FORM: F-6)
STATION: ELIZABETH CITY NC
MONTH: MAY
YEAR: 2021
LATITUDE: 36 16 N
LONGITUDE: 76 11 W
TEMPERATURE IN F: :PCPN: SNOW: WIND :SUNSHINE: SKY :PK WND
================================================================================
1 2 3 4 5 6A 6B 7 8 9 10 11 12 13 14 15 16 17 18
12Z AVG MX 2MIN
DY MAX MIN AVG DEP HDD CDD WTR SNW DPTH SPD SPD DIR MIN PSBL S-S WX SPD DR
================================================================================
1 70 51 61 -3 4 0 0.00 0.0 0 12.0 32 340 M M 0 39 340
2 82 54 68 3 0 3 0.00 0.0 0 13.6 22 220 M M 0 26 220
3 84 67 76 11 0 11 0.08 0.0 0 10.0 25 190 M M 2 13 35 210
4 88 69 79 14 0 14 0.10 0.0 0 11.0 32 270 M M 1 13 41 260
5 85 65 75 10 0 10 0.37 0.0 0 12.2 25 250 M M 3 138 31 240
6 66 54 60 -6 5 0 0.01 0.0 0 10.5 23 360 M M 6 29 360
7 66 46 56 -10 9 0 T 0.0 0 6.1 25 290 M M 2 31 280
8 72 43 58 -8 7 0 T 0.0 0 12.3 26 290 M M 1 35 240
9 80 52 66 0 0 1 0.00 0.0 0 13.2 26 200 M M 2 36 210
10 80 57 69 2 0 4 0.22 0.0 0 13.9 26 210 M M 6 13 35 210
11 68 52 60 -7 5 0 0.00 0.0 0 6.3 12 120 M M 5 14 110
12 59 46 53 -14 12 0 0.15 0.0 0 8.4 21 350 M M 7 24 360
13 71 42 57 -10 8 0 0.00 0.0 0 8.4 21 30 M M 1 26 40
14 73 43 58 -10 7 0 0.00 0.0 0 5.4 18 40 M M 0 12 22 40
15 75 42 59 -9 6 0 0.00 0.0 0 5.6 17 60 M M 1 20 60
16 75 48 62 -6 3 0 0.00 0.0 0 6.3 13 40 M M 3 16 60
17 75 55 65 -3 0 0 0.00 0.0 0 7.7 16 70 M M 1 20 60
18 76 51 64 -5 1 0 0.00 0.0 0 4.9 14 60 M M 0 1 18 40
19 82 51 67 -2 0 2 0.00 0.0 0 4.4 13 100 M M 3 12 19 130
20 85 57 71 2 0 6 0.00 0.0 0 9.1 18 60 M M 0 23 50
21 73 57 65 -5 0 0 0.00 0.0 0 9.4 17 50 M M 1 1 22 20
22 86 54 70 0 0 5 0.00 0.0 0 5.2 13 200 M M 3 12 16 220
23 92 68 80 10 0 15 0.00 0.0 0 7.8 17 340 M M 1 23 300
24 76 64 70 0 0 5 T 0.0 0 12.5 22 40 M M 6 26 30
25 78 64 71 0 0 6 0.00 0.0 0 8.0 15 60 M M 8 17 50
26 92 72 82 11 0 17 0.00 0.0 0 10.0 16 200 M M 1 1 23 200
27 88 71 80 9 0 15 0.00 0.0 0 8.1 15 100 M M 1 18 130
28 94 72 83 11 0 18 T 0.0 0 10.6 26 210 M M 3 1 34 210
29 89 60 75 3 0 10 0.91 0.0 0 13.8 26 230 M M 4 13 34 240
30 61 57 59 -13 6 0 0.20 0.0 0 13.1 22 10 M M 10 1 27 10
31 74 50 62 -10 3 0 0.00 0.0 0 6.9 17 350 M M 2 21 350
================================================================================
SM 2415 1734 76 142 2.04 0.0 286.7 M 84
================================================================================
AV 77.9 55.9 9.2 FASTST M M 3 MAX(MPH)
MISC ----> # 32 340 41 260
================================================================================
NOTES:
# LAST OF SEVERAL OCCURRENCES
COLUMN 17 PEAK WIND IN M.P.H.
PRELIMINARY LOCAL CLIMATOLOGICAL DATA (WS FORM: F-6) , PAGE 2
STATION: ELIZABETH CITY NC
MONTH: MAY
YEAR: 2021
LATITUDE: 36 16 N
LONGITUDE: 76 11 W
[TEMPERATURE DATA] [PRECIPITATION DATA] SYMBOLS USED IN COLUMN 16
AVERAGE MONTHLY: 66.9 TOTAL FOR MONTH: 2.04 1 = FOG OR MIST
DPTR FM NORMAL: -1.3 DPTR FM NORMAL: -1.64 2 = FOG REDUCING VISIBILITY
HIGHEST: 94 ON 28 GRTST 24HR 1.10 ON 29-30 TO 1/4 MILE OR LESS
LOWEST: 42 ON 15,13 3 = THUNDER
SNOW, ICE PELLETS, HAIL 4 = ICE PELLETS
TOTAL MONTH: 0.0 INCH 5 = HAIL
GRTST 24HR 0.0 6 = FREEZING RAIN OR DRIZZLE
GRTST DEPTH: 0 7 = DUSTSTORM OR SANDSTORM:
VSBY 1/2 MILE OR LESS
8 = SMOKE OR HAZE
[NO. OF DAYS WITH] [WEATHER - DAYS WITH] 9 = BLOWING SNOW
X = TORNADO
MAX 32 OR BELOW: 0 0.01 INCH OR MORE: 8
MAX 90 OR ABOVE: 3 0.10 INCH OR MORE: 6
MIN 32 OR BELOW: 0 0.50 INCH OR MORE: 1
MIN 0 OR BELOW: 0 1.00 INCH OR MORE: 0
[HDD (BASE 65) ]
TOTAL THIS MO. 76 CLEAR (SCALE 0-3) 23
DPTR FM NORMAL 24 PTCLDY (SCALE 4-7) 7
TOTAL FM JUL 1 2785 CLOUDY (SCALE 8-10) 1
DPTR FM NORMAL -264
[CDD (BASE 65) ]
TOTAL THIS MO. 142
DPTR FM NORMAL -9 [PRESSURE DATA]
TOTAL FM JAN 1 207 HIGHEST SLP 30.52 ON 21
DPTR FM NORMAL -3 LOWEST SLP 29.73 ON 29
[REMARKS]
#FINAL-05-21#