000
CXUS51 KAKQ 010833
CF6ECG
PRELIMINARY LOCAL CLIMATOLOGICAL DATA (WS FORM: F-6)
STATION: ELIZABETH CITY NC
MONTH: AUGUST
YEAR: 2020
LATITUDE: 36 16 N
LONGITUDE: 76 11 W
TEMPERATURE IN F: :PCPN: SNOW: WIND :SUNSHINE: SKY :PK WND
================================================================================
1 2 3 4 5 6A 6B 7 8 9 10 11 12 13 14 15 16 17 18
12Z AVG MX 2MIN
DY MAX MIN AVG DEP HDD CDD WTR SNW DPTH SPD SPD DIR MIN PSBL S-S WX SPD DR
================================================================================
1 94 77 86 7 0 21 0.90 0.0 0 5.0 26 180 M M 3 138 37 180
2 95 78 87 8 0 22 0.00 0.0 0 9.8 21 210 M M 0 25 200
3 89 74 82 3 0 17 0.87 0.0 0 7.3 29 230 M M 2 13 42 190
4 91 77 84 5 0 19 0.58 0.0 0 16.3 41 190 M M 2 13 64 180
5 93 76 85 7 0 20 0.00 0.0 0 6.1 16 160 M M 1 1 24 170
6 92 74 83 5 0 18 0.59 0.0 0 5.9 20 140 M M 3 13 26 130
7 89 73 81 3 0 16 0.94 0.0 0 3.5 18 90 M M 5 123 25 130
8 90 73 82 4 0 17 0.42 0.0 0 4.0 25 30 M M 3 13 32 30
9 89 73 81 3 0 16 0.00 0.0 0 5.5 10 130 M M 4 12 14 120
10 92 73 83 5 0 18 0.00 0.0 0 3.4 15 140 M M 0 12 19 170
11 91 76 84 6 0 19 0.00 0.0 0 5.8 17 180 M M 1 1 25 190
12 92 77 85 7 0 20 0.00 0.0 0 4.7 13 180 M M 1 1 17 210
13 88 76 82 4 0 17 0.03 0.0 0 5.6 15 110 M M 3 13 18 120
14 86 76 81 3 0 16 1.03 0.0 0 5.7 17 330 M M 8 13 19 330
15 89 75 82 4 0 17 3.15 0.0 0 7.1 22 330 M M 5 13 26 330
16 84 73 79 1 0 14 0.03 0.0 0 8.5 21 20 M M 9 1 24 20
17 87 71 79 1 0 14 0.00 0.0 0 5.9 14 120 M M 5 18 120
18 90 73 82 4 0 17 0.00 0.0 0 4.0 16 50 M M 3 1 22 50
19 89 71 80 2 0 15 0.00 0.0 0 2.9 17 60 M M 1 123 22 50
20 87 69 78 0 0 13 0.00 0.0 0 7.8 16 70 M M 1 1 43 270
21 86 72 79 2 0 14 0.03 0.0 0 5.3 13 110 M M 2 14 120
22 90 75 83 6 0 18 0.01 0.0 0 4.9 12 230 M M 3 1 16 230
23 92 76 84 7 0 19 0.00 0.0 0 8.4 17 210 M M 0 21 210
24 86 75 81 4 0 16 0.00 0.0 0 8.1 14 220 M M 2 17 220
25 94 78 86 9 0 21 0.00 0.0 0 9.5 16 270 M M 0 22 270
26 91 71 81 4 0 16 0.00 0.0 0 6.7 15 20 M M 0 19 40
27 95 74 85 8 0 20 0.00 0.0 0 10.6 29 20 M M 0 3 37 10
28 96 75 86 10 0 21 0.00 0.0 0 8.7 17 210 M M 0 21 200
29 93 80 87 11 0 22 T 0.0 0 13.6 26 210 M M 3 3 35 250
30 90 73 82 6 0 17 0.00 0.0 0 7.7 13 40 M M 1 24 70
31 88 73 81 5 0 16 0.00 0.0 0 9.3 17 100 M M 1 23 110
================================================================================
SM 2798 2307 0 546 8.58 0.0 217.6 M 72
================================================================================
AV 90.3 74.4 7.0 FASTST M M 2 MAX(MPH)
MISC ----> # 41 190 # 64 180
================================================================================
NOTES:
# LAST OF SEVERAL OCCURRENCES
COLUMN 17 PEAK WIND IN M.P.H.
PRELIMINARY LOCAL CLIMATOLOGICAL DATA (WS FORM: F-6) , PAGE 2
STATION: ELIZABETH CITY NC
MONTH: AUGUST
YEAR: 2020
LATITUDE: 36 16 N
LONGITUDE: 76 11 W
[TEMPERATURE DATA] [PRECIPITATION DATA] SYMBOLS USED IN COLUMN 16
AVERAGE MONTHLY: 82.3 TOTAL FOR MONTH: 8.58 1 = FOG OR MIST
DPTR FM NORMAL: 4.7 DPTR FM NORMAL: 1.94 2 = FOG REDUCING VISIBILITY
HIGHEST: 96 ON 28 GRTST 24HR 3.15 ON 15-15 TO 1/4 MILE OR LESS
LOWEST: 69 ON 20 3 = THUNDER
SNOW, ICE PELLETS, HAIL 4 = ICE PELLETS
TOTAL MONTH: 0.0 INCH 5 = HAIL
GRTST 24HR 0.0 6 = FREEZING RAIN OR DRIZZLE
GRTST DEPTH: 0 7 = DUSTSTORM OR SANDSTORM:
VSBY 1/2 MILE OR LESS
8 = SMOKE OR HAZE
[NO. OF DAYS WITH] [WEATHER - DAYS WITH] 9 = BLOWING SNOW
X = TORNADO
MAX 32 OR BELOW: 0 0.01 INCH OR MORE: 12
MAX 90 OR ABOVE: 18 0.10 INCH OR MORE: 8
MIN 32 OR BELOW: 0 0.50 INCH OR MORE: 7
MIN 0 OR BELOW: 0 1.00 INCH OR MORE: 2
[HDD (BASE 65) ]
TOTAL THIS MO. 0 CLEAR (SCALE 0-3) 22
DPTR FM NORMAL 0 PTCLDY (SCALE 4-7) 8
TOTAL FM JUL 1 0 CLOUDY (SCALE 8-10) 1
DPTR FM NORMAL 0
[CDD (BASE 65) ]
TOTAL THIS MO. 546
DPTR FM NORMAL 154 [PRESSURE DATA]
TOTAL FM JAN 1 1700 HIGHEST SLP 30.16 ON 24
DPTR FM NORMAL 404 LOWEST SLP 29.61 ON 4
[REMARKS]
#FINAL-08-20#