000
CXUS54 KEWX 011010
CF6ECU
PRELIMINARY LOCAL CLIMATOLOGICAL DATA (WS FORM: F-6)
STATION: EDWARDS COUNTY AIRPORT
MONTH: JULY
YEAR: 2023
LATITUDE: 29 57 N
LONGITUDE: 100 10 W
TEMPERATURE IN F: :PCPN: SNOW: WIND :SUNSHINE: SKY :PK WND
================================================================================
1 2 3 4 5 6A 6B 7 8 9 10 11 12 13 14 15 16 17 18
12Z AVG MX 2MIN
DY MAX MIN AVG DEP HDD CDD WTR SNW DPTH SPD SPD DIR MIN PSBL S-S WX SPD DR
================================================================================
1 93 68 81 M 0 16 0.11 M M 13.0 17 140 M M 8 8 30 110
2 84 68 76 M 0 11 0.27 M M 8.1 25 160 M M 4 1 36 160
3 90 70 80 M 0 15 0.00 M M 7.3 14 150 M M 4 17 180
4 91 72 82 M 0 17 0.00 M M 8.2 17 150 M M 3 22 150
5 93 73 83 M 0 18 0.00 M M 11.2 17 160 M M 3 23 130
6 91 72 82 M 0 17 0.00 M M 9.3 16 130 M M 4 22 140
7 86 70 78 M 0 13 0.00 M M 11.1 16 160 M M 7 1 21 150
8 91 72 82 M 0 17 0.00 M M 11.3 17 150 M M 4 23 160
9 95 73 84 M 0 19 0.00 M M 10.2 15 150 M M 0 22 150
10 99 73 86 M 0 21 0.00 M M 10.0 14 150 M M 1 1 23 140
11 99 75 87 M 0 22 0.00 M M 10.5 16 140 M M 1 18 25 150
12 100 73 87 M 0 22 0.00 M M 11.7 17 160 M M 1 18 23 M
13 100 75 88 M 0 23 0.00 M M 11.5 21 150 M M 2 18 29 150
14 99 73 86 M 0 21 0.00 M M 13.1 17 150 M M 2 18 24 140
15 100 73 87 M 0 22 0.00 M M 11.2 17 160 M M 2 18 26 140
16 97 73 85 M 0 20 0.00 M M 9.4 15 130 M M 0 8 20 140
17 100 73 87 M 0 22 0.00 M M 10.1 15 150 M M 0 8 22 150
18 100 73 87 M 0 22 0.00 M M 10.6 15 170 M M 0 22 130
19 99 73 86 M 0 21 0.00 M M 12.8 21 170 M M 0 29 170
20 99 73 86 M 0 21 0.00 M M 11.0 16 140 M M 0 8 24 140
21 99 72 86 M 0 21 0.00 M M 9.8 17 140 M M 0 23 140
22 99 73 86 M 0 21 0.06 M M 6.1 9 60 M M 6 8 32 80
23 97 73 85 M 0 20 0.10 M M 5.4 17 280 M M 5 8 43 280
24 99 70 85 M 0 20 0.00 M M 7.0 12 150 M M 6 18 22 140
25 95 72 84 M 0 19 0.00 M M 9.1 15 150 M M 5 128 22 140
26 97 73 85 M 0 20 0.00 M M 11.1 15 140 M M 2 8 22 140
27 95 72 84 M 0 19 0.00 M M 10.0 14 140 M M 1 8 22 140
28 97 70 84 M 0 19 0.00 M M 10.4 16 160 M M 1 8 24 150
29 93 72 83 M 0 18 0.00 M M 9.4 16 150 M M 0 8 22 150
30 97 72 85 M 0 20 0.00 M M 9.5 14 150 M M 0 20 150
31 100 73 87 M 0 22 0.00 M M 8.6 15 160 M M 3 8 20 170
================================================================================
SM 2974 2237 0 599 0.54 M 307.9 M 75
================================================================================
AV 95.9 72.2 9.9 FASTST M M 2 MAX(MPH)
MISC ----> 25 160 43 280
================================================================================
NOTES:
# LAST OF SEVERAL OCCURRENCES
COLUMN 17 PEAK WIND IN M.P.H.
PRELIMINARY LOCAL CLIMATOLOGICAL DATA (WS FORM: F-6) , PAGE 2
STATION: EDWARDS COUNTY AIRPORT
MONTH: JULY
YEAR: 2023
LATITUDE: 29 57 N
LONGITUDE: 100 10 W
[TEMPERATURE DATA] [PRECIPITATION DATA] SYMBOLS USED IN COLUMN 16
AVERAGE MONTHLY: 84.0 TOTAL FOR MONTH: 0.54 1 = FOG OR MIST
DPTR FM NORMAL: 0.0 DPTR FM NORMAL: M 2 = FOG REDUCING VISIBILITY
HIGHEST: 100 ON 31,18 GRTST 24HR 0.27 ON 2- 2 TO 1/4 MILE OR LESS
LOWEST: 68 ON 2, 1 3 = THUNDER
SNOW, ICE PELLETS, HAIL 4 = ICE PELLETS
TOTAL MONTH: M 5 = HAIL
GRTST 24HR M ON M 6 = FREEZING RAIN OR DRIZZLE
GRTST DEPTH: M ON M 7 = DUSTSTORM OR SANDSTORM:
VSBY 1/2 MILE OR LESS
8 = SMOKE OR HAZE
[NO. OF DAYS WITH] [WEATHER - DAYS WITH] 9 = BLOWING SNOW
X = TORNADO
MAX 32 OR BELOW: 0 0.01 INCH OR MORE: 4
MAX 90 OR ABOVE: 29 0.10 INCH OR MORE: 2
MIN 32 OR BELOW: 0 0.50 INCH OR MORE: 0
MIN 0 OR BELOW: 0 1.00 INCH OR MORE: 0
[HDD (BASE 65) ]
TOTAL THIS MO. 0 CLEAR (SCALE 0-3) 21
DPTR FM NORMAL M PTCLDY (SCALE 4-7) 10
TOTAL FM JUL 1 0 CLOUDY (SCALE 8-10) 0
DPTR FM NORMAL M
[CDD (BASE 65) ]
TOTAL THIS MO. 599
DPTR FM NORMAL M [PRESSURE DATA]
TOTAL FM JAN 1 1627 HIGHEST SLP M ON M
DPTR FM NORMAL M LOWEST SLP M ON M
[REMARKS]
#FINAL-07-23#