148
CXUS55 KVEF 011051
CF6EED
PRELIMINARY LOCAL CLIMATOLOGICAL DATA (WS FORM: F-6)
STATION: NEEDLES CA
MONTH: JANUARY
YEAR: 2021
LATITUDE: 34 46 N
LONGITUDE: 114 37 W
TEMPERATURE IN F: :PCPN: SNOW: WIND :SUNSHINE: SKY :PK WND
================================================================================
1 2 3 4 5 6A 6B 7 8 9 10 11 12 13 14 15 16 17 18
12Z AVG MX 2MIN
DY MAX MIN AVG DEP HDD CDD WTR SNW DPTH SPD SPD DIR MIN PSBL S-S WX SPD DR
================================================================================
1 63 44 54 1 11 0 0.00 M M 15.7 31 360 M M 0 40 360
2 62 37 50 -3 15 0 0.00 M M 3.6 12 10 M M 0 16 10
3 63 38 51 -2 14 0 0.00 M M 4.1 10 250 M M 0 14 360
4 66 41 54 1 11 0 0.00 M M 3.5 12 240 M M 0 12 240
5 72 38 55 2 10 0 0.00 M M 8.5 24 360 M M 0 30 360
6 67 46 57 4 8 0 0.00 M M 8.5 16 10 M M 0 20 10
7 69 40 55 2 10 0 0.00 M M 6.6 15 10 M M 0 18 10
8 68 43 56 3 9 0 0.00 M M 7.4 15 10 M M 0 19 10
9 66 39 53 -1 12 0 0.00 M M 13.8 30 10 M M 0 39 360
10 M 46 M M M M 0.00 M M 9.9 24 360 M M 0 28 350
11 M M M M M M 0.00 M M 11.2 28 360 M M 0 32 360
12 M M M M M M 0.00 M M 7.1 14 10 M M 0 17 360
13 70 40 55 1 10 0 0.00 M M 6.5 14 10 M M 0 18 360
14 76 48 62 8 3 0 0.00 M M 13.1 29 360 M M 0 35 350
15 78 56 67 13 0 2 0.00 M M 13.9 29 360 M M 0 8 35 360
16 79 50 65 11 0 0 0.00 M M M 33 360 M M 0 40 360
17 77 51 64 10 1 0 0.00 M M 10.4 20 360 M M M 25 360
18 75 46 61 7 4 0 0.00 M M 12.9 33 360 M M 0 41 10
19 63 53 58 3 7 0 T M M 17.4 31 360 M M 3 39 10
20 67 57 62 7 3 0 0.01 M M 10.8 15 360 M M 6 20 360
21 73 54 64 9 1 0 T M M 5.0 14 230 M M 1 17 210
22 69 50 60 5 5 0 0.00 M M 11.5 25 170 M M 2 31 190
23 63 47 55 0 10 0 0.00 M M 5.1 13 160 M M 2 16 150
24 61 49 55 0 10 0 T M M 6.1 17 210 M M 6 21 210
25 55 43 49 -6 16 0 0.02 M M 13.1 33 250 M M 8 44 250
26 53 39 46 -9 19 0 0.02 M M 6.9 21 220 M M 7 27 220
27 59 37 48 -7 17 0 0.00 M M 4.0 12 10 M M 2 13 10
28 65 38 52 -4 13 0 0.00 M M 4.1 16 240 M M 0 18 240
29 66 49 58 2 7 0 T M M 9.0 23 220 M M 4 28 210
30 64 39 52 -4 13 0 0.00 M M 4.9 10 10 M M 0 13 30
31 68 45 57 1 8 0 0.00 M M 10.4 22 10 M M 0 27 360
================================================================================
SM 1877 1303 247 2 0.05 M 265.0 M 41
================================================================================
AV 67.0 44.9 8.8 FASTST M M 1 MAX(MPH)
MISC ----> # 33 360 44 250
================================================================================
NOTES:
# LAST OF SEVERAL OCCURRENCES
COLUMN 17 PEAK WIND IN M.P.H.
PRELIMINARY LOCAL CLIMATOLOGICAL DATA (WS FORM: F-6) , PAGE 2
STATION: NEEDLES CA
MONTH: JANUARY
YEAR: 2021
LATITUDE: 34 46 N
LONGITUDE: 114 37 W
[TEMPERATURE DATA] [PRECIPITATION DATA] SYMBOLS USED IN COLUMN 16
AVERAGE MONTHLY: 56.0 TOTAL FOR MONTH: 0.05 1 = FOG OR MIST
DPTR FM NORMAL: 1.8 DPTR FM NORMAL: -0.67 2 = FOG REDUCING VISIBILITY
HIGHEST: 79 ON 16 GRTST 24HR 0.21 ON 25-26 TO 1/4 MILE OR LESS
LOWEST: 37 ON 27, 2 3 = THUNDER
SNOW, ICE PELLETS, HAIL 4 = ICE PELLETS
TOTAL MONTH: M 5 = HAIL
GRTST 24HR M ON M 6 = FREEZING RAIN OR DRIZZLE
GRTST DEPTH: M ON M 7 = DUSTSTORM OR SANDSTORM:
VSBY 1/2 MILE OR LESS
8 = SMOKE OR HAZE
[NO. OF DAYS WITH] [WEATHER - DAYS WITH] 9 = BLOWING SNOW
X = TORNADO
MAX 32 OR BELOW: 0 0.01 INCH OR MORE: 3
MAX 90 OR ABOVE: 0 0.10 INCH OR MORE: 0
MIN 32 OR BELOW: 0 0.50 INCH OR MORE: 0
MIN 0 OR BELOW: 0 1.00 INCH OR MORE: 0
[HDD (BASE 65) ]
TOTAL THIS MO. 247 CLEAR (SCALE 0-3) 24
DPTR FM NORMAL -87 PTCLDY (SCALE 4-7) 6
TOTAL FM JUL 1 724 CLOUDY (SCALE 8-10) 1
DPTR FM NORMAL -133
[CDD (BASE 65) ]
TOTAL THIS MO. 2
DPTR FM NORMAL 1 [PRESSURE DATA]
TOTAL FM JAN 1 2 HIGHEST SLP 30.36 ON 12
DPTR FM NORMAL 1 LOWEST SLP 29.56 ON 25
[REMARKS]
#FINAL-01-21#