000
CXUS51 KRLX 020416
CF6EKN
PRELIMINARY LOCAL CLIMATOLOGICAL DATA (WS FORM: F-6)
STATION: ELKINS WV
MONTH: DECEMBER
YEAR: 2023
LATITUDE: 38 52 N
LONGITUDE: 79 51 W
TEMPERATURE IN F: :PCPN: SNOW: WIND :SUNSHINE: SKY :PK WND
================================================================================
1 2 3 4 5 6A 6B 7 8 9 10 11 12 13 14 15 16 17 18
12Z AVG MX 2MIN
DY MAX MIN AVG DEP HDD CDD WTR SNW DPTH SPD SPD DIR MIN PSBL S-S WX SPD DR
================================================================================
1 58 25 42 4 23 0 0.12 T 0 1.4 9 220 M M 7 1 14 240
2 62 47 55 17 10 0 0.07 0.0 0 5.0 15 220 M M 8 1 25 240
3 62 43 53 15 12 0 0.14 0.0 0 7.1 22 250 M M 8 1 28 240
4 48 38 43 6 22 0 T 0.0 0 6.1 15 240 M M 8 20 280
5 40 33 37 0 28 0 0.24 0.8 0 1.3 9 250 M M 10 1 13 330
6 35 31 33 -4 32 0 0.04 0.2 1 7.1 14 290 M M 10 1 20 290
7 48 28 38 2 27 0 0.00 0.0 T 4.1 15 240 M M 6 23 240
8 65 27 46 10 19 0 0.00 0.0 0 1.5 12 170 M M 2 14 190
9 66 28 47 11 18 0 T 0.0 0 3.8 13 190 M M 4 18 190
10 58 32 45 9 20 0 0.98 2.0 0 6.3 16 300 M M 9 1 24 320
11 32 30 31 -5 34 0 0.02 0.2 2 7.6 17 280 M M 10 16 25 290
12 44 20 32 -3 33 0 0.00 0.0 T 3.9 14 220 M M 1 18 210
13 42 20 31 -4 34 0 0.00 0.0 0 1.3 13 290 M M 0 16 280
14 47 17 32 -3 33 0 0.00 0.0 0 0.7 9 290 M M 0 12 280
15 54 18 36 1 29 0 0.00 0.0 0 0.4 6 340 M M 0 9 320
16 59 19 39 5 26 0 0.00 0.0 0 3.2 14 150 M M 0 21 150
17 54 44 49 15 16 0 0.18 0.0 0 7.1 22 140 M M 6 1 32 150
18 44 27 36 2 29 0 0.21 0.9 0 12.1 25 290 M M 10 1 37 280
19 28 14 21 -13 44 0 0.06 3.6 4 7.5 24 290 M M 10 1 33 290
20 44 9 27 -7 38 0 0.00 0.0 3 0.1 5 240 M M 0 1 5 230
21 49 15 32 -2 33 0 0.00 0.0 2 0.4 3 130 M M 2 1 5 260
22 44 22 33 0 32 0 0.00 0.0 1 0.1 6 280 M M 5 7 290
23 56 27 42 9 23 0 0.01 0.0 T 1.1 8 160 M M 7 12 170
24 61 36 49 16 16 0 0.01 0.0 0 0.4 7 10 M M 7 1 10 20
25 60 31 46 13 19 0 0.14 0.0 0 4.8 20 160 M M 6 12 29 150
26 57 50 54 21 11 0 0.04 0.0 0 10.2 22 160 M M 8 30 150
27 59 47 53 21 12 0 0.41 0.0 0 4.2 17 170 M M 10 1 23 150
28 47 39 43 11 22 0 T 0.0 0 3.0 9 260 M M 10 12 12 290
29 40 29 35 3 30 0 0.01 0.4 0 4.4 16 280 M M 8 1 22 270
30 36 32 34 2 31 0 0.04 0.8 1 6.1 14 240 M M 10 1 19 240
31 39 32 36 4 29 0 0.03 0.1 T 3.5 13 240 M M 10 1 17 270
================================================================================
SM 1538 910 785 0 2.75 9.0 125.8 M 192
================================================================================
AV 49.6 29.4 4.1 FASTST M M 6 MAX(MPH)
MISC ----> 25 290 37 280
================================================================================
NOTES:
# LAST OF SEVERAL OCCURRENCES
COLUMN 17 PEAK WIND IN M.P.H.
PRELIMINARY LOCAL CLIMATOLOGICAL DATA (WS FORM: F-6) , PAGE 2
STATION: ELKINS WV
MONTH: DECEMBER
YEAR: 2023
LATITUDE: 38 52 N
LONGITUDE: 79 51 W
[TEMPERATURE DATA] [PRECIPITATION DATA] SYMBOLS USED IN COLUMN 16
AVERAGE MONTHLY: 39.5 TOTAL FOR MONTH: 2.75 1 = FOG OR MIST
DPTR FM NORMAL: 4.8 DPTR FM NORMAL: -0.82 2 = FOG REDUCING VISIBILITY
HIGHEST: 66 ON 9 GRTST 24HR 0.98 ON 10-10 TO 1/4 MILE OR LESS
LOWEST: 9 ON 20 3 = THUNDER
SNOW, ICE PELLETS, HAIL 4 = ICE PELLETS
TOTAL MONTH: 9.0 INCHES 5 = HAIL
GRTST 24HR 3.6 ON 19-19 6 = FREEZING RAIN OR DRIZZLE
GRTST DEPTH: 4 ON 19 7 = DUSTSTORM OR SANDSTORM:
VSBY 1/2 MILE OR LESS
8 = SMOKE OR HAZE
[NO. OF DAYS WITH] [WEATHER - DAYS WITH] 9 = BLOWING SNOW
X = TORNADO
MAX 32 OR BELOW: 2 0.01 INCH OR MORE: 18
MAX 90 OR ABOVE: 0 0.10 INCH OR MORE: 8
MIN 32 OR BELOW: 22 0.50 INCH OR MORE: 1
MIN 0 OR BELOW: 0 1.00 INCH OR MORE: 0
[HDD (BASE 65) ]
TOTAL THIS MO. 785 CLEAR (SCALE 0-3) 8
DPTR FM NORMAL -156 PTCLDY (SCALE 4-7) 11
TOTAL FM JUL 1 1885 CLOUDY (SCALE 8-10) 12
DPTR FM NORMAL -236
[CDD (BASE 65) ]
TOTAL THIS MO. 0
DPTR FM NORMAL 0 [PRESSURE DATA]
TOTAL FM JAN 1 514 HIGHEST SLP 30.82 ON 14
DPTR FM NORMAL -103 LOWEST SLP 29.53 ON 18
[REMARKS]
#FINAL-12-23#