000
CXUS54 KEPZ 011139
CLMELP
CLIMATE REPORT
NATIONAL WEATHER SERVICE EL PASO TX/SANTA TERESA NM
439 AM MST MON JAN 01 2024
...................................
...THE EL PASO CLIMATE SUMMARY FOR THE MONTH OF DECEMBER 2023...
CLIMATE NORMAL PERIOD 1991 TO 2020
CLIMATE RECORD PERIOD 1879 TO 2023
WEATHER OBSERVED NORMAL DEPART LAST YEAR`S
VALUE DATE(S) VALUE FROM VALUE DATE(S)
NORMAL
................................................................
TEMPERATURE (F)
RECORD
HIGH 80 12/02/1973
LOW -5 12/31/1880
HIGHEST 74 12/07 61 13 79 12/02
LOWEST 23 12/10 29 -6 18 12/23
AVG. MAXIMUM 63.1 57.8 5.3 61.4
AVG. MINIMUM 36.4 34.4 2.0 36.4
MEAN 49.7 46.1 3.6 48.9
DAYS MAX >= 90 0 0.0 0.0 0
DAYS MAX <= 32 0 0.1 -0.1 0
DAYS MIN <= 32 10 14.0 -4.0 11
DAYS MIN <= 0 0 0.0 0.0 0
PRECIPITATION (INCHES)
RECORD
MAXIMUM 3.94 1914
MINIMUM 0.00 2012
TOTALS 0.20 0.63 -0.43 0.34
DAYS >= .01 3 5
DAYS >= .10 1 1
DAYS >= .50 0 0
DAYS >= 1.00 0 0
GREATEST
24 HR. TOTAL 0.17 12/20 TO 12/20
SNOWFALL (INCHES)
TOTALS 0.0 0.0
SNOWDEPTH AVG. 0 0
DAYS >= TRACE 0 0
GREATEST
SNOW DEPTH 0
24 HR TOTAL 0.0
DEGREE DAYS
HEATING TOTAL 467 586 -119 493
SINCE 7/1 744 973 -229 MM
COOLING TOTAL 0 0 0 0
SINCE 1/1 3537 2661 876 MM
FREEZE DATES
RECORD
EARLIEST 10/16/1880
LATEST 05/02/1967
EARLIEST 11/23
LATEST 03/19
................................................................
WIND (MPH)
AVERAGE WIND SPEED 6.6
HIGHEST WIND SPEED/DIRECTION 37/260 DATE 12/08
HIGHEST GUST SPEED/DIRECTION 51/290 DATE 12/02
SKY COVER
AVERAGE SKY COVER 0.31
AVERAGE RH (PERCENT) 40
WEATHER CONDITIONS. NUMBER OF DAYS WITH
THUNDERSTORM 0 MIXED PRECIP 0
HEAVY RAIN 0 RAIN 1
LIGHT RAIN 4 FREEZING RAIN 0
LT FREEZING RAIN 0 HAIL 0
HEAVY SNOW 0 SNOW 0
LIGHT SNOW 0 SLEET 0
FOG 2 FOG W/VIS <= 1/4 MILE 1
HAZE 0
- INDICATES NEGATIVE NUMBERS.
R INDICATES RECORD WAS SET OR TIED.
MM INDICATES DATA IS MISSING.
T INDICATES TRACE AMOUNT.
$$