000
CXUS51 KCLE 010800
CF6ERI
PRELIMINARY LOCAL CLIMATOLOGICAL DATA (WS FORM: F-6)
STATION: ERIE PA
MONTH: APRIL
YEAR: 2020
LATITUDE: 42 4 N
LONGITUDE: 80 11 W
TEMPERATURE IN F: :PCPN: SNOW: WIND :SUNSHINE: SKY :PK WND
================================================================================
1 2 3 4 5 6A 6B 7 8 9 10 11 12 13 14 15 16 17 18
12Z AVG MX 2MIN
DY MAX MIN AVG DEP HDD CDD WTR SNW DPTH SPD SPD DIR MIN PSBL S-S WX SPD DR
================================================================================
1 49 36 43 1 22 0 0.01 0.0 0 11.1 18 60 M M 6 1 25 20
2 51 34 43 1 22 0 0.00 0.0 0 8.5 18 270 M M 1 27 260
3 49 38 44 2 21 0 0.00 0.0 0 7.8 15 280 M M 3 21 260
4 54 42 48 5 17 0 0.00 0.0 0 3.4 8 10 M M 5 8 12 340
5 51 35 43 0 22 0 0.00 0.0 0 5.8 13 250 M M 7 16 270
6 53 32 43 -1 22 0 0.00 0.0 0 4.1 12 60 M M 2 1 12 60
7 62 39 51 7 14 0 0.25 0.0 0 4.7 23 10 M M 8 13 32 360
8 57 47 52 8 13 0 0.03 0.0 0 6.9 17 170 M M 6 128 21 170
9 54 35 45 0 20 0 0.24 T 0 13.4 26 290 M M 8 138 38 260
10 43 34 39 -6 26 0 0.03 T 0 15.8 26 290 M M 9 38 290
11 49 37 43 -3 22 0 0.00 0.0 0 8.7 15 280 M M 3 21 290
12 66 44 55 9 10 0 0.01 0.0 0 14.5 26 170 M M 8 36 160
13 63 41 52 6 13 0 0.44 0.0 0 19.0 35 250 M M 10 1 52 240
14 44 33 39 -8 26 0 0.01 T 0 12.2 22 240 M M 5 30 240
15 40 33 37 -10 28 0 0.16 1.0 0 8.8 17 260 M M 8 12 26 280
16 41 28 35 -12 30 0 0.01 0.1 1 10.4 22 260 M M 6 1 30 280
17 40 30 35 -13 30 0 0.25 T 0 7.3 14 160 M M 8 1 21 310
18 49 35 42 -6 23 0 T T 0 10.4 21 270 M M 4 1 29 250
19 60 39 50 2 15 0 0.02 0.0 0 15.3 25 220 M M 6 33 210
20 46 30 38 -11 27 0 0.00 0.0 0 7.1 20 170 M M 0 26 160
21 53 35 44 -5 21 0 0.14 T 0 17.3 29 250 M M 7 8 40 230
22 41 32 37 -13 28 0 0.04 0.1 0 10.3 20 280 M M 8 1 30 290
23 53 34 44 -6 21 0 0.16 0.1 0 9.5 22 40 M M 6 1 26 60
24 49 36 43 -7 22 0 0.02 0.0 0 6.1 13 40 M M 6 18 16 40
25 57 32 45 -6 20 0 T 0.0 0 11.1 23 40 M M 3 29 40
26 49 41 45 -6 20 0 0.29 0.0 0 15.6 28 40 M M 10 1 37 30
27 55 42 49 -2 16 0 0.00 0.0 0 7.3 15 260 M M 3 19 250
28 64 49 57 5 8 0 T 0.0 0 9.8 20 140 M M 5 8 26 150
29 73 53 63 11 2 0 0.42 0.0 0 16.1 26 150 M M 7 1 37 150
30 63 46 55 3 10 0 0.62 0.0 0 7.5 21 250 M M 10 18 31 260
================================================================================
SM 1578 1122 591 0 3.15 1.3 305.8 M 178
================================================================================
AV 52.6 37.4 10.2 FASTST M M 6 MAX(MPH)
MISC ----> # 35 250 # 52 240
================================================================================
NOTES:
# LAST OF SEVERAL OCCURRENCES
COLUMN 17 PEAK WIND IN M.P.H.
PRELIMINARY LOCAL CLIMATOLOGICAL DATA (WS FORM: F-6) , PAGE 2
STATION: ERIE PA
MONTH: APRIL
YEAR: 2020
LATITUDE: 42 4 N
LONGITUDE: 80 11 W
[TEMPERATURE DATA] [PRECIPITATION DATA] SYMBOLS USED IN COLUMN 16
AVERAGE MONTHLY: 45.0 TOTAL FOR MONTH: 3.15 1 = FOG OR MIST
DPTR FM NORMAL: -2.1 DPTR FM NORMAL: -0.18 2 = FOG REDUCING VISIBILITY
HIGHEST: 73 ON 29 GRTST 24HR 0.62 ON 30-30 TO 1/4 MILE OR LESS
LOWEST: 28 ON 16 3 = THUNDER
SNOW, ICE PELLETS, HAIL 4 = ICE PELLETS
TOTAL MONTH: 1.3 INCHES 5 = HAIL
GRTST 24HR 1.0 ON 15-15 6 = FREEZING RAIN OR DRIZZLE
GRTST DEPTH: 1 ON 16 7 = DUSTSTORM OR SANDSTORM:
VSBY 1/2 MILE OR LESS
8 = SMOKE OR HAZE
[NO. OF DAYS WITH] [WEATHER - DAYS WITH] 9 = BLOWING SNOW
X = TORNADO
MAX 32 OR BELOW: 0 0.01 INCH OR MORE: 19
MAX 90 OR ABOVE: 0 0.10 INCH OR MORE: 10
MIN 32 OR BELOW: 6 0.50 INCH OR MORE: 1
MIN 0 OR BELOW: 0 1.00 INCH OR MORE: 0
[HDD (BASE 65) ]
TOTAL THIS MO. 591 CLEAR (SCALE 0-3) 5
DPTR FM NORMAL 48 PTCLDY (SCALE 4-7) 20
TOTAL FM JUL 1 5064 CLOUDY (SCALE 8-10) 5
DPTR FM NORMAL -755
[CDD (BASE 65) ]
TOTAL THIS MO. 0
DPTR FM NORMAL -6 [PRESSURE DATA]
TOTAL FM JAN 1 0 HIGHEST SLP 30.28 ON 17
DPTR FM NORMAL -7 LOWEST SLP 29.26 ON 13
[REMARKS]
#FINAL-04-20#