000
CXUS53 KDMX 130321
CF6EST
PRELIMINARY LOCAL CLIMATOLOGICAL DATA (WS FORM: F-6)
STATION: ESTHERVILLE IA
MONTH: JULY
YEAR: 2022
LATITUDE: 43 24 N
LONGITUDE: 94 45 W
TEMPERATURE IN F: :PCPN: SNOW: WIND :SUNSHINE: SKY :PK WND
================================================================================
1 2 3 4 5 6A 6B 7 8 9 10 11 12 13 14 15 16 17 18
12Z AVG MX 2MIN
DY MAX MIN AVG DEP HDD CDD WTR SNW DPTH SPD SPD DIR MIN PSBL S-S WX SPD DR
================================================================================
1 83 60 72 2 0 7 0.00 0.0 0 5.3 10 320 M M 1 18 270
2 81 60 71 0 0 6 0.00 0.0 0 8.1 16 60 M M 1 21 60
3 85 60 73 2 0 8 0.00 0.0 0 11.3 22 170 M M 0 28 170
4 88 72 80 9 0 15 0.82 0.0 0 9.1 22 200 M M 5 13 31 200
5 89 66 78 7 0 13 0.57 0.0 0 8.9 44 340 M M 4 1238 60 350
6 83 65 74 3 0 9 0.00 0.0 0 4.9 15 170 M M 6 12 19 90
7 85 68 77 6 0 12 0.10 0.0 0 5.8 14 10 M M 5 12 19 350
8 84 68 76 5 0 11 0.19 0.0 0 7.5 21 40 M M 6 1 29 30
9 80 68 74 3 0 9 0.00 0.0 0 6.2 13 150 M M 6 18 17 150
10 88 67 78 7 0 13 0.14 0.0 0 12.6 29 170 M M 1 13 40 170
11 82 64 73 2 0 8 0.02 0.0 0 11.1 24 310 M M 1 1 34 310
12 83 61 72 1 0 7 0.00 0.0 0 9.3 20 310 M M 0 26 300
13 83 61 72 1 0 7 0.00 0.0 0 5.4 16 260 M M 1 24 260
14 87 65 76 5 0 11 T 0.0 0 10.3 20 160 M M 2 26 160
15 85 69 77 6 0 12 0.00 0.0 0 8.7 16 50 M M 4 22 70
16 79 64 72 1 0 7 0.01 0.0 0 3.7 10 110 M M 7 12 17 110
17 87 62 75 4 0 10 0.00 0.0 0 3.3 8 40 M M 3 12 11 40
18 91 63 77 6 0 12 0.00 0.0 0 9.0 16 230 M M 0 22 250
19 89 67 78 7 0 13 0.00 0.0 0 13.9 26 300 M M 1 34 290
20 87 68 78 7 0 13 0.00 0.0 0 13.6 24 300 M M 0 8 35 320
21 86 63 75 4 0 10 0.00 0.0 0 8.8 22 350 M M 1 8 29 340
22 90 63 77 6 0 12 0.03 0.0 0 8.2 21 200 M M 1 3 30 210
23 88 67 78 8 0 13 0.07 0.0 0 6.8 20 360 M M 3 3 27 360
24 79 57 68 -2 0 3 0.00 0.0 0 9.5 21 350 M M 1 1 27 310
25 76 53 65 -5 0 0 0.01 0.0 0 3.7 14 250 M M 4 16 260
26 81 57 69 -1 0 4 0.00 0.0 0 6.8 13 220 M M 5 1 19 240
27 84 59 72 2 0 7 0.21 0.0 0 7.1 22 330 M M 3 1 36 330
28 77 55 66 -4 0 1 0.00 0.0 0 8.3 17 350 M M 3 23 340
29 80 52 66 -4 0 1 0.00 0.0 0 6.1 10 290 M M 0 15 360
30 82 54 68 -2 0 3 0.00 0.0 0 9.0 17 190 M M 0 8 25 210
31 88 58 73 3 0 8 0.00 0.0 0 11.4 24 190 M M 1 36 190
================================================================================
SM 2610 1936 0 265 2.17 0.0 253.7 M 76
================================================================================
AV 84.2 62.5 8.2 FASTST M M 2 MAX(MPH)
MISC ----> 44 340 60 350
================================================================================
NOTES:
# LAST OF SEVERAL OCCURRENCES
COLUMN 17 PEAK WIND IN M.P.H.
PRELIMINARY LOCAL CLIMATOLOGICAL DATA (WS FORM: F-6) , PAGE 2
STATION: ESTHERVILLE IA
MONTH: JULY
YEAR: 2022
LATITUDE: 43 24 N
LONGITUDE: 94 45 W
[TEMPERATURE DATA] [PRECIPITATION DATA] SYMBOLS USED IN COLUMN 16
AVERAGE MONTHLY: 73.3 TOTAL FOR MONTH: 2.17 1 = FOG OR MIST
DPTR FM NORMAL: 2.7 DPTR FM NORMAL: -1.59 2 = FOG REDUCING VISIBILITY
HIGHEST: 91 ON 18 GRTST 24HR 0.82 ON 4- 4 TO 1/4 MILE OR LESS
LOWEST: 52 ON 29 3 = THUNDER
SNOW, ICE PELLETS, HAIL 4 = ICE PELLETS
TOTAL MONTH: 0.0 INCH 5 = HAIL
GRTST 24HR 0.0 6 = FREEZING RAIN OR DRIZZLE
GRTST DEPTH: 0 7 = DUSTSTORM OR SANDSTORM:
VSBY 1/2 MILE OR LESS
8 = SMOKE OR HAZE
[NO. OF DAYS WITH] [WEATHER - DAYS WITH] 9 = BLOWING SNOW
X = TORNADO
MAX 32 OR BELOW: 0 0.01 INCH OR MORE: 11
MAX 90 OR ABOVE: 2 0.10 INCH OR MORE: 6
MIN 32 OR BELOW: 0 0.50 INCH OR MORE: 2
MIN 0 OR BELOW: 0 1.00 INCH OR MORE: 0
[HDD (BASE 65) ]
TOTAL THIS MO. 0 CLEAR (SCALE 0-3) 19
DPTR FM NORMAL -14 PTCLDY (SCALE 4-7) 12
TOTAL FM JUL 1 0 CLOUDY (SCALE 8-10) 0
DPTR FM NORMAL 0
[CDD (BASE 65) ]
TOTAL THIS MO. 265
DPTR FM NORMAL 77 [PRESSURE DATA]
TOTAL FM JAN 1 567 HIGHEST SLP 30.23 ON 9
DPTR FM NORMAL 218 LOWEST SLP 29.59 ON 19
[REMARKS]
#FINAL-07-22#