000
CXUS56 KPQR 011544
CLMEUG
CLIMATE REPORT
NATIONAL WEATHER SERVICE PORTLAND OREGON
844 AM PDT SAT APR 01 2023
...................................
...THE EUGENE OR CLIMATE SUMMARY FOR THE MONTH OF MARCH 2023...
CLIMATE NORMAL PERIOD 1991 TO 2020
CLIMATE RECORD PERIOD 1892 TO 2023
WEATHER OBSERVED NORMAL DEPART LAST YEAR`S
VALUE DATE(S) VALUE FROM VALUE DATE(S)
NORMAL
................................................................
TEMPERATURE (F)
HIGHEST 63 70 03/22
LOWEST 29 25 03/10
AVG. MAXIMUM 52.3 56.6 -4.3 57.9
AVG. MINIMUM 33.9 37.2 -3.3 40.1
MEAN 43.1 46.9 -3.8 49.0
DAYS MAX >= 90 0 0.0 0.0 0
DAYS MAX <= 32 0 0.0 0.0 0
DAYS MIN <= 32 13 6.4 6.6 5
DAYS MIN <= 0 0 0.0 0.0 0
PRECIPITATION (INCHES)
RECORD
MAXIMUM 12.46 1974
MINIMUM 0.40 1926
TOTALS 4.50 4.64 -0.14 3.07
DAYS >= .01 22 17.6 4.4 14
DAYS >= .10 15 11.0 4.0 7
DAYS >= .50 2 2.9 -0.9 1
DAYS >= 1.00 0 0.6 -0.6 0
GREATEST
24 HR. TOTAL 0.90 03/12 TO 03/13
DEGREE DAYS
HEATING TOTAL 674 561 113 487
SINCE 7/1 3794 3757 37 MM
COOLING TOTAL 0 0 0 0
SINCE 1/1 0 0 0 MM
................................................................
WIND (MPH)
AVERAGE WIND SPEED 7.6
RESULTANT WIND SPEED/DIRECTION 4/190
HIGHEST WIND SPEED/DIRECTION 29/180 DATE 03/04
29/210 03/07
29/190 03/12
HIGHEST GUST SPEED/DIRECTION 36/210 DATE 03/07
SKY COVER
POSSIBLE SUNSHINE (PERCENT) MM
AVERAGE SKY COVER 0.73
NUMBER OF DAYS FAIR 1
NUMBER OF DAYS PC 13
NUMBER OF DAYS CLOUDY 17
AVERAGE RH (PERCENT) 77
WEATHER CONDITIONS. NUMBER OF DAYS WITH
THUNDERSTORM 0 MIXED PRECIP 0
HEAVY RAIN 0 RAIN 7
LIGHT RAIN 23 FREEZING RAIN 0
LT FREEZING RAIN 0 HAIL 3
HEAVY SNOW 0 SNOW 1
LIGHT SNOW 5 SLEET 0
FOG 21 FOG W/VIS <= 1/4 MILE 4
HAZE 1
- INDICATES NEGATIVE NUMBERS.
R INDICATES RECORD WAS SET OR TIED.
MM INDICATES DATA IS MISSING.
T INDICATES TRACE AMOUNT.
$$