000
CXUS52 KMHX 041506
CF6EWN
PRELIMINARY LOCAL CLIMATOLOGICAL DATA (WS FORM: F-6)
STATION: NEW BERN NC
MONTH: APRIL
YEAR: 2020
LATITUDE: 35 4 N
LONGITUDE: 77 3 W
TEMPERATURE IN F: :PCPN: SNOW: WIND :SUNSHINE: SKY :PK WND
================================================================================
1 2 3 4 5 6A 6B 7 8 9 10 11 12 13 14 15 16 17 18
12Z AVG MX 2MIN
DY MAX MIN AVG DEP HDD CDD WTR SNW DPTH SPD SPD DIR MIN PSBL S-S WX SPD DR
================================================================================
1 52 40 46 -12 19 0 0.04 0.0 0 12.8 24 350 M M 8 1 32 350
2 64 40 52 -6 13 0 0.00 0.0 0 9.0 21 290 M M 1 28 270
3 70 45 58 -1 7 0 0.00 0.0 0 8.2 21 330 M M 0 30 340
4 68 43 56 -3 9 0 0.00 0.0 0 7.8 17 50 M M 1 23 350
5 71 44 58 -1 7 0 0.00 0.0 0 5.0 10 20 M M 0 13 90
6 82 46 64 5 1 0 0.32 0.0 0 6.4 26 340 M M 4 138 35 350
7 84 52 68 8 0 3 0.00 0.0 0 3.7 15 170 M M 1 1 19 170
8 85 62 74 14 0 9 0.12 0.0 0 9.0 22 340 M M 1 13 28 360
9 81 61 71 11 0 6 0.10 0.0 0 9.4 23 260 M M 0 13 31 260
10 67 38 53 -7 12 0 0.00 0.0 0 9.3 24 310 M M 1 46 280
11 65 35 50 -11 15 0 0.00 0.0 0 4.9 16 240 M M 0 20 240
12 76 44 60 -1 5 0 T 0.0 0 10.5 25 180 M M 2 36 180
13 79 63 71 10 0 6 0.95 0.0 0 15.2 30 210 M M 5 13 45 210
14 70 58 64 2 1 0 0.00 0.0 0 7.6 16 130 M M 1 1 21 140
15 64 38 51 -11 14 0 T 0.0 0 10.5 25 10 M M 7 1 32 10
16 67 35 51 -11 14 0 0.00 0.0 0 5.3 20 320 M M 0 12 25 330
17 73 38 56 -6 9 0 0.00 0.0 0 8.4 24 210 M M 0 8 32 190
18 78 46 62 0 3 0 0.07 0.0 0 10.4 38 330 M M 2 13 46 320
19 74 43 59 -4 6 0 T 0.0 0 6.4 17 180 M M 4 22 170
20 63 45 54 -9 11 0 0.27 0.0 0 5.3 22 350 M M 8 12 29 350
21 78 43 61 -2 4 0 0.00 0.0 0 8.3 22 230 M M 4 18 29 270
22 68 47 58 -6 7 0 0.00 0.0 0 6.7 15 350 M M 0 21 360
23 71 50 61 -3 4 0 0.10 0.0 0 9.1 25 210 M M 6 1 36 200
24 80 60 70 6 0 5 0.06 0.0 0 8.2 17 250 M M 6 1 24 220
25 66 55 61 -3 4 0 0.00 0.0 0 8.0 15 40 M M 9 19 50
26 81 59 70 6 0 5 T 0.0 0 8.6 23 240 M M 5 1 33 240
27 67 47 57 -8 8 0 0.00 0.0 0 9.8 23 350 M M 3 32 360
28 74 43 59 -6 6 0 0.00 0.0 0 6.1 17 200 M M 1 24 180
29 79 57 68 3 0 3 0.00 0.0 0 12.6 26 170 M M 2 36 200
30 72 54 63 -2 2 0 0.81 0.0 0 10.6 29 160 M M 6 12 44 150
================================================================================
SM 2169 1431 181 37 2.84 0.0 253.1 M 88
================================================================================
AV 72.3 47.7 8.4 FASTST M M 3 MAX(MPH)
MISC ----> # 38 330 # 46 280
================================================================================
NOTES:
# LAST OF SEVERAL OCCURRENCES
COLUMN 17 PEAK WIND IN M.P.H.
PRELIMINARY LOCAL CLIMATOLOGICAL DATA (WS FORM: F-6) , PAGE 2
STATION: NEW BERN NC
MONTH: APRIL
YEAR: 2020
LATITUDE: 35 4 N
LONGITUDE: 77 3 W
[TEMPERATURE DATA] [PRECIPITATION DATA] SYMBOLS USED IN COLUMN 16
AVERAGE MONTHLY: 60.0 TOTAL FOR MONTH: 2.84 1 = FOG OR MIST
DPTR FM NORMAL: -1.8 DPTR FM NORMAL: -0.33 2 = FOG REDUCING VISIBILITY
HIGHEST: 85 ON 8 GRTST 24HR 0.95 ON 13-13 TO 1/4 MILE OR LESS
LOWEST: 35 ON 16,11 3 = THUNDER
SNOW, ICE PELLETS, HAIL 4 = ICE PELLETS
TOTAL MONTH: 0.0 INCH 5 = HAIL
GRTST 24HR 0.0 6 = FREEZING RAIN OR DRIZZLE
GRTST DEPTH: 0 7 = DUSTSTORM OR SANDSTORM:
VSBY 1/2 MILE OR LESS
8 = SMOKE OR HAZE
[NO. OF DAYS WITH] [WEATHER - DAYS WITH] 9 = BLOWING SNOW
X = TORNADO
MAX 32 OR BELOW: 0 0.01 INCH OR MORE: 10
MAX 90 OR ABOVE: 0 0.10 INCH OR MORE: 7
MIN 32 OR BELOW: 0 0.50 INCH OR MORE: 2
MIN 0 OR BELOW: 0 1.00 INCH OR MORE: 0
[HDD (BASE 65) ]
TOTAL THIS MO. 181 CLEAR (SCALE 0-3) 18
DPTR FM NORMAL 29 PTCLDY (SCALE 4-7) 11
TOTAL FM JUL 1 2184 CLOUDY (SCALE 8-10) 1
DPTR FM NORMAL -483
[CDD (BASE 65) ]
TOTAL THIS MO. 37
DPTR FM NORMAL -19 [PRESSURE DATA]
TOTAL FM JAN 1 110 HIGHEST SLP 30.34 ON 17
DPTR FM NORMAL 40 LOWEST SLP 29.43 ON 9
[REMARKS]
#FINAL-04-20#