000
CXUS53 KIND 011508
CLMEYE
CLIMATE REPORT
NATIONAL WEATHER SERVICE INDIANAPOLIS IN
1108 AM EDT SAT APR 01 2023
...................................
...THE INDIANAPOLIS EAGLE CREEK IN CLIMATE SUMMARY FOR THE MONTH OF MARCH 2023...
CLIMATE NORMAL PERIOD 1991 TO 2020
CLIMATE RECORD PERIOD 9999 TO 9999
WEATHER OBSERVED NORMAL DEPART LAST YEAR`S
VALUE DATE(S) VALUE FROM VALUE DATE(S)
NORMAL
................................................................
TEMPERATURE (F)
HIGHEST 75 03/01 79 03/30
LOWEST 19 03/18 14 03/12
03/19
AVG. MAXIMUM 52.1 52.1 0.0 56.2
AVG. MINIMUM 33.1 33.1 0.0 35.5
MEAN 42.6 42.6 0.0 45.8
DAYS MAX >= 90 0 0.0 0.0 0
DAYS MAX <= 32 1 1.7 -0.7 1
DAYS MIN <= 32 12 16.1 -4.1 10
DAYS MIN <= 0 0 0.0 0.0 0
PRECIPITATION (INCHES)
TOTALS 6.35 3.28 3.07 5.88
DAILY AVG. 0.20 0.11 0.09 0.19
DAYS >= .01 16 10.9 5.1 9
DAYS >= .10 12 6.2 5.8 7
DAYS >= .50 4 2.3 1.7 4
DAYS >= 1.00 2 0.7 1.3 3
GREATEST
24 HR. TOTAL 2.42 03/03 TO 03/03
DEGREE DAYS
HEATING TOTAL 686 697 -11 588
SINCE 7/1 4226 4725 -499 MM
COOLING TOTAL 0 3 -3 0
SINCE 1/1 0 3 -3 MM
................................................................
WIND (MPH)
AVERAGE WIND SPEED 9.1
HIGHEST WIND SPEED/DIRECTION 41/290 DATE 03/31
HIGHEST GUST SPEED/DIRECTION 59/280 DATE 03/31
SKY COVER
AVERAGE SKY COVER 0.54
AVERAGE RH (PERCENT) 67
WEATHER CONDITIONS. NUMBER OF DAYS WITH
THUNDERSTORM 4 MIXED PRECIP 1
HEAVY RAIN 5 RAIN 8
LIGHT RAIN 15 FREEZING RAIN 0
LT FREEZING RAIN 0 HAIL 0
HEAVY SNOW 0 SNOW 1
LIGHT SNOW 5 SLEET 0
FOG 19 FOG W/VIS <= 1/4 MILE 1
HAZE 7
- INDICATES NEGATIVE NUMBERS.
R INDICATES RECORD WAS SET OR TIED.
MM INDICATES DATA IS MISSING.
T INDICATES TRACE AMOUNT.
$$