000
CXUS52 KRAH 010945
CF6FAY
PRELIMINARY LOCAL CLIMATOLOGICAL DATA (WS FORM: F-6)
STATION: FAYETTEVILLE NC
MONTH: DECEMBER
YEAR: 2021
LATITUDE: 35 0 N
LONGITUDE: 78 53 W
TEMPERATURE IN F: :PCPN: SNOW: WIND :SUNSHINE: SKY :PK WND
================================================================================
1 2 3 4 5 6A 6B 7 8 9 10 11 12 13 14 15 16 17 18
12Z AVG MX 2MIN
DY MAX MIN AVG DEP HDD CDD WTR SNW DPTH SPD SPD DIR MIN PSBL S-S WX SPD DR
================================================================================
1 68 32 50 0 15 0 0.00 M M 4.2 13 160 M M 0 16 180
2 71 44 58 9 7 0 0.00 M M 8.1 16 220 M M 0 19 230
3 76 46 61 12 4 0 0.00 M M 6.7 12 190 M M 0 15 240
4 70 45 58 9 7 0 0.00 M M 2.9 9 240 M M 0 8 11 220
5 64 43 54 5 11 0 0.00 M M 4.6 12 40 M M 3 1 15 50
6 73 44 59 11 6 0 0.00 M M 8.1 22 220 M M 4 12 30 220
7 65 47 56 8 9 0 0.00 M M 9.2 22 360 M M 10 28 360
8 49 34 42 -6 23 0 1.02 M M 5.7 17 290 M M 8 12 21 290
9 47 31 39 -9 26 0 0.00 M M 3.3 9 110 M M 3 12 12 90
10 56 36 46 -2 19 0 0.04 M M 2.6 12 360 M M 9 1 14 360
11 76 54 65 18 0 0 0.17 M M 9.4 21 210 M M 8 1 27 220
12 62 35 49 2 16 0 0.01 M M 7.9 25 340 M M 3 33 360
13 61 30 46 -1 19 0 0.00 M M 2.0 8 280 M M 0 11 260
14 63 30 47 0 18 0 0.00 M M 5.0 14 10 M M 0 17 10
15 60 35 48 1 17 0 0.00 M M 4.6 12 10 M M 1 18 13 360
16 73 36 55 9 10 0 0.00 M M 4.5 17 210 M M 4 128 22 220
17 71 58 65 19 0 0 0.00 M M 4.9 12 230 M M 7 1 15 230
18 77 59 68 22 0 3 0.00 M M 8.5 20 200 M M 6 12 24 190
19 67 38 53 7 12 0 0.47 M M 9.8 30 360 M M 9 18 37 360
20 44 31 38 -8 27 0 0.00 M M 8.3 18 20 M M 1 23 30
21 42 39 41 -5 24 0 0.36 M M 9.7 16 360 M M 10 18 20 360
22 59 40 50 5 15 0 0.12 M M 8.5 17 310 M M 3 1 23 310
23 52 30 41 -4 24 0 0.00 M M 3.9 12 20 M M 0 16 320
24 63 28 46 1 19 0 0.00 M M 8.1 18 230 M M 0 22 220
25 74 50 62 17 3 0 0.00 M M 15.9 31 230 M M 0 39 230
26 78 50 64 19 1 0 0.00 M M 5.1 14 320 M M 1 1 16 310
27 76 45 61 16 4 0 0.00 M M 7.6 20 220 M M 3 12 27 210
28 72 54 63 19 2 0 0.00 M M 9.2 17 210 M M 3 1 20 230
29 78 61 70 26 0 5 0.00 M M 11.5 22 220 M M 4 31 200
30 71 63 67 23 0 2 0.08 M M 9.2 18 230 M M 7 18 22 220
31 75 59 67 23 0 2 0.01 M M 6.4 13 180 M M 4 12 16 170
================================================================================
SM 2033 1327 338 12 2.28 M 215.4 M 111
================================================================================
AV 65.6 42.8 6.9 FASTST M M 4 MAX(MPH)
MISC ----> 31 230 39 230
================================================================================
NOTES:
# LAST OF SEVERAL OCCURRENCES
COLUMN 17 PEAK WIND IN M.P.H.
PRELIMINARY LOCAL CLIMATOLOGICAL DATA (WS FORM: F-6) , PAGE 2
STATION: FAYETTEVILLE NC
MONTH: DECEMBER
YEAR: 2021
LATITUDE: 35 0 N
LONGITUDE: 78 53 W
[TEMPERATURE DATA] [PRECIPITATION DATA] SYMBOLS USED IN COLUMN 16
AVERAGE MONTHLY: 54.2 TOTAL FOR MONTH: 2.28 1 = FOG OR MIST
DPTR FM NORMAL: 7.7 DPTR FM NORMAL: -0.69 2 = FOG REDUCING VISIBILITY
HIGHEST: 78 ON 29,26 GRTST 24HR 1.02 ON 8- 8 TO 1/4 MILE OR LESS
LOWEST: 28 ON 24 3 = THUNDER
SNOW, ICE PELLETS, HAIL 4 = ICE PELLETS
TOTAL MONTH: M 5 = HAIL
GRTST 24HR M ON M 6 = FREEZING RAIN OR DRIZZLE
GRTST DEPTH: M ON M 7 = DUSTSTORM OR SANDSTORM:
VSBY 1/2 MILE OR LESS
8 = SMOKE OR HAZE
[NO. OF DAYS WITH] [WEATHER - DAYS WITH] 9 = BLOWING SNOW
X = TORNADO
MAX 32 OR BELOW: 0 0.01 INCH OR MORE: 9
MAX 90 OR ABOVE: 0 0.10 INCH OR MORE: 5
MIN 32 OR BELOW: 7 0.50 INCH OR MORE: 1
MIN 0 OR BELOW: 0 1.00 INCH OR MORE: 1
[HDD (BASE 65) ]
TOTAL THIS MO. 338 CLEAR (SCALE 0-3) 16
DPTR FM NORMAL -237 PTCLDY (SCALE 4-7) 10
TOTAL FM JUL 1 778 CLOUDY (SCALE 8-10) 5
DPTR FM NORMAL -272
[CDD (BASE 65) ]
TOTAL THIS MO. 12
DPTR FM NORMAL 9 [PRESSURE DATA]
TOTAL FM JAN 1 2157 HIGHEST SLP 30.53 ON 15
DPTR FM NORMAL 106 LOWEST SLP 29.68 ON 22
[REMARKS]
#FINAL-12-21#