000
CXUS52 KFFC 011110
CF6FFC
PRELIMINARY LOCAL CLIMATOLOGICAL DATA (WS FORM: F-6)
STATION: PEACHTREE CITY
MONTH: NOVEMBER
YEAR: 2022
LATITUDE: 33 20 N
LONGITUDE: 84 34 W
TEMPERATURE IN F: :PCPN: SNOW: WIND :SUNSHINE: SKY :PK WND
================================================================================
1 2 3 4 5 6A 6B 7 8 9 10 11 12 13 14 15 16 17 18
12Z AVG MX 2MIN
DY MAX MIN AVG DEP HDD CDD WTR SNW DPTH SPD SPD DIR MIN PSBL S-S WX SPD DR
================================================================================
1 75 47 61 4 4 0 0.00 M M 2.7 13 310 M M 1 1 18 340
2 79 53 66 9 0 1 0.00 M M 2.4 12 110 M M 1 1 17 120
3 78 50 64 7 1 0 0.00 M M 1.6 10 130 M M 2 18 15 120
4 77 47 62 6 3 0 0.00 M M 2.2 14 120 M M 0 1 20 130
5 80 54 67 11 0 2 0.02 M M 5.0 18 130 M M 6 18 27 120
6 85 63 74 18 0 9 0.00 M M 1.9 9 130 M M 4 18 14 120
7 84 62 73 18 0 8 0.00 M M 1.9 10 330 M M 7 18 14 330
8 83 54 69 14 0 4 0.00 M M 3.1 13 70 M M 2 1 21 60
9 71 52 62 7 3 0 0.00 M M 7.2 16 80 M M 1 28 60
10 68 60 64 10 1 0 T M M 8.1 16 40 M M 9 18 26 90
11 71 65 68 14 0 3 1.08 M M 5.4 16 50 M M 10 1 26 40
12 71 44 58 4 7 0 T M M 6.7 21 320 M M 8 128 30 330
13 51 34 43 -11 22 0 0.00 M M 11.5 21 320 M M 4 29 310
14 57 30 44 -9 21 0 0.00 M M 5.7 13 110 M M 2 22 90
15 51 47 49 -4 16 0 0.40 M M 6.7 15 130 M M 10 1 25 120
16 51 40 46 -7 19 0 0.00 M M 10.5 22 330 M M 3 27 330
17 49 29 39 -14 26 0 0.00 M M 4.9 16 320 M M 0 20 310
18 56 27 42 -10 23 0 0.00 M M 3.5 13 330 M M 0 17 300
19 54 28 41 -11 24 0 0.00 M M 4.0 13 310 M M 0 18 300
20 49 27 38 -14 27 0 0.00 M M 6.5 15 320 M M 0 22 320
21 60 23 42 -10 23 0 0.00 M M 1.2 10 90 M M 1 16 50
22 65 38 52 1 13 0 0.00 M M 0.9 8 330 M M 3 11 330
23 73 41 57 6 8 0 0.00 M M 1.0 9 90 M M 4 15 70
24 65 47 56 5 9 0 0.01 M M 4.3 12 100 M M 10 19 90
25 64 50 57 6 8 0 0.46 0.0 M 3.2 10 350 M M 7 12 15 350
26 67 43 55 4 10 0 0.01 M M 6.4 16 130 M M 6 128 22 120
27 68 46 57 7 8 0 0.63 M M 7.5 20 250 M M 4 13 31 240
28 66 41 54 4 11 0 0.00 M M 2.3 15 320 M M 0 1 20 320
29 72 36 54 4 11 0 0.33 M M 4.7 17 120 M M 4 1 24 120
30 71 42 57 7 8 0 1.55 M M 8.9 28 290 M M 6 13 46 290
================================================================================
SM 2011 1320 306 27 4.49 0.0 141.9 M 115
================================================================================
AV 67.0 44.0 4.7 FASTST M M 4 MAX(MPH)
MISC ----> 28 290 46 290
================================================================================
NOTES:
# LAST OF SEVERAL OCCURRENCES
COLUMN 17 PEAK WIND IN M.P.H.
PRELIMINARY LOCAL CLIMATOLOGICAL DATA (WS FORM: F-6) , PAGE 2
STATION: PEACHTREE CITY
MONTH: NOVEMBER
YEAR: 2022
LATITUDE: 33 20 N
LONGITUDE: 84 34 W
[TEMPERATURE DATA] [PRECIPITATION DATA] SYMBOLS USED IN COLUMN 16
AVERAGE MONTHLY: 55.5 TOTAL FOR MONTH: 4.49 1 = FOG OR MIST
DPTR FM NORMAL: 2.3 DPTR FM NORMAL: 0.58 2 = FOG REDUCING VISIBILITY
HIGHEST: 85 ON 6 GRTST 24HR 1.88 ON 29-30 TO 1/4 MILE OR LESS
LOWEST: 23 ON 21 3 = THUNDER
SNOW, ICE PELLETS, HAIL 4 = ICE PELLETS
TOTAL MONTH: 0.0 INCH 5 = HAIL
GRTST 24HR 0.0 6 = FREEZING RAIN OR DRIZZLE
GRTST DEPTH: M ON M 7 = DUSTSTORM OR SANDSTORM:
VSBY 1/2 MILE OR LESS
8 = SMOKE OR HAZE
[NO. OF DAYS WITH] [WEATHER - DAYS WITH] 9 = BLOWING SNOW
X = TORNADO
MAX 32 OR BELOW: 0 0.01 INCH OR MORE: 9
MAX 90 OR ABOVE: 0 0.10 INCH OR MORE: 6
MIN 32 OR BELOW: 6 0.50 INCH OR MORE: 3
MIN 0 OR BELOW: 0 1.00 INCH OR MORE: 2
[HDD (BASE 65) ]
TOTAL THIS MO. 306 CLEAR (SCALE 0-3) 14
DPTR FM NORMAL -55 PTCLDY (SCALE 4-7) 12
TOTAL FM JUL 1 440 CLOUDY (SCALE 8-10) 4
DPTR FM NORMAL -44
[CDD (BASE 65) ]
TOTAL THIS MO. 27
DPTR FM NORMAL 20 [PRESSURE DATA]
TOTAL FM JAN 1 2019 HIGHEST SLP 30.49 ON 21
DPTR FM NORMAL 75 LOWEST SLP 29.52 ON 11
[REMARKS]
#FINAL-11-22#