000
CXUS52 KFFC 011110
CF6FFC
PRELIMINARY LOCAL CLIMATOLOGICAL DATA (WS FORM: F-6)
STATION: PEACHTREE CITY
MONTH: DECEMBER
YEAR: 2020
LATITUDE: 33 20 N
LONGITUDE: 84 34 W
TEMPERATURE IN F: :PCPN: SNOW: WIND :SUNSHINE: SKY :PK WND
================================================================================
1 2 3 4 5 6A 6B 7 8 9 10 11 12 13 14 15 16 17 18
12Z AVG MX 2MIN
DY MAX MIN AVG DEP HDD CDD WTR SNW DPTH SPD SPD DIR MIN PSBL S-S WX SPD DR
================================================================================
1 44 27 36 -12 29 0 0.00 M M 8.2 20 310 M M 2 36 290
2 56 25 41 -7 24 0 0.00 M M 3.9 13 340 M M 0 18 310
3 57 26 42 -5 23 0 0.00 M M 2.0 12 130 M M 3 12 15 130
4 60 38 49 2 16 0 0.27 0.0 M 5.5 18 290 M M 7 18 30 310
5 58 36 47 0 18 0 0.00 0.0 M 5.8 16 320 M M 0 1 20 330
6 60 32 46 -1 19 0 0.04 0.0 M 1.2 8 280 M M 4 12 15 220
7 49 33 41 -5 24 0 T M M 10.1 23 320 M M 6 18 34 330
8 51 30 41 -5 24 0 0.00 M M 8.0 20 330 M M 0 26 340
9 62 27 45 -1 20 0 0.00 M M 1.5 13 310 M M 0 18 18 290
10 69 32 51 6 14 0 0.00 M M 0.4 7 260 M M 0 1 10 170
11 68 33 51 6 14 0 0.00 M M 1.3 9 130 M M 0 1 15 130
12 68 43 56 11 9 0 0.14 M M 2.9 10 180 M M 5 1 22 160
13 68 53 61 16 4 0 0.01 M M 1.6 8 160 M M 7 12 16 170
14 66 39 53 9 12 0 0.28 M M 14.1 30 310 M M 5 1 39 320
15 53 31 42 -2 23 0 T M M 6.2 16 90 M M 5 1 25 90
16 46 41 44 0 21 0 0.24 M M 5.0 15 320 M M 10 1 21 320
17 42 29 36 -8 29 0 0.00 0.0 M 8.5 17 320 M M 7 18 24 280
18 54 28 41 -3 24 0 0.00 M M 4.5 13 340 M M 0 21 330
19 54 24 39 -5 26 0 0.00 M M 2.1 13 130 M M 1 18 140
20 58 41 50 7 15 0 0.02 M M 1.3 8 130 M M 9 1 12 90
21 60 36 48 5 17 0 0.00 0.0 M 4.4 14 280 M M 4 12 22 290
22 64 33 49 6 16 0 0.00 M M 4.6 17 340 M M 0 25 310
23 63 29 46 3 19 0 T M M 3.7 16 120 M M 2 22 120
24 57 31 44 1 21 0 1.45 T M 8.4 28 310 M M 9 1 37 320
25 35 25 30 -13 35 0 0.00 M M 8.4 18 300 M M 0 30 290
26 48 23 36 -7 29 0 0.00 M M 4.2 14 310 M M 0 19 310
27 58 23 41 -2 24 0 0.00 M M 1.2 10 120 M M 0 17 130
28 60 26 43 1 22 0 0.00 M M 1.6 10 260 M M 3 16 280
29 66 33 50 8 15 0 0.00 M M 1.2 9 130 M M 3 12 12 130
30 57 36 47 5 18 0 0.00 M M 5.5 12 90 M M 7 17 90
31 56 44 50 8 15 0 0.13 M M 3.6 9 110 M M 10 12 14 110
================================================================================
SM 1767 1007 619 0 2.58 T 140.9 M 109
================================================================================
AV 57.0 32.5 4.5 FASTST M M 4 MAX(MPH)
MISC ----> 30 310 39 320
================================================================================
NOTES:
# LAST OF SEVERAL OCCURRENCES
COLUMN 17 PEAK WIND IN M.P.H.
PRELIMINARY LOCAL CLIMATOLOGICAL DATA (WS FORM: F-6) , PAGE 2
STATION: PEACHTREE CITY
MONTH: DECEMBER
YEAR: 2020
LATITUDE: 33 20 N
LONGITUDE: 84 34 W
[TEMPERATURE DATA] [PRECIPITATION DATA] SYMBOLS USED IN COLUMN 16
AVERAGE MONTHLY: 44.7 TOTAL FOR MONTH: 2.58 1 = FOG OR MIST
DPTR FM NORMAL: 0.3 DPTR FM NORMAL: -1.56 2 = FOG REDUCING VISIBILITY
HIGHEST: 69 ON 10 GRTST 24HR 1.45 ON 24-24 TO 1/4 MILE OR LESS
LOWEST: 23 ON 27,26 3 = THUNDER
SNOW, ICE PELLETS, HAIL 4 = ICE PELLETS
TOTAL MONTH: T 5 = HAIL
GRTST 24HR T ON 24-24 6 = FREEZING RAIN OR DRIZZLE
GRTST DEPTH: M ON M 7 = DUSTSTORM OR SANDSTORM:
VSBY 1/2 MILE OR LESS
8 = SMOKE OR HAZE
[NO. OF DAYS WITH] [WEATHER - DAYS WITH] 9 = BLOWING SNOW
X = TORNADO
MAX 32 OR BELOW: 0 0.01 INCH OR MORE: 9
MAX 90 OR ABOVE: 0 0.10 INCH OR MORE: 6
MIN 32 OR BELOW: 17 0.50 INCH OR MORE: 1
MIN 0 OR BELOW: 0 1.00 INCH OR MORE: 1
[HDD (BASE 65) ]
TOTAL THIS MO. 619 CLEAR (SCALE 0-3) 14
DPTR FM NORMAL -20 PTCLDY (SCALE 4-7) 13
TOTAL FM JUL 1 959 CLOUDY (SCALE 8-10) 4
DPTR FM NORMAL -223
[CDD (BASE 65) ]
TOTAL THIS MO. 0
DPTR FM NORMAL 0 [PRESSURE DATA]
TOTAL FM JAN 1 1953 HIGHEST SLP 30.44 ON 29
DPTR FM NORMAL 300 LOWEST SLP 29.63 ON 24
[REMARKS]
#FINAL-12-20#