000
CXUS53 KLMK 010710
CF6FFT
PRELIMINARY LOCAL CLIMATOLOGICAL DATA (WS FORM: F-6)
STATION: FRANKFORT KY
MONTH: APRIL
YEAR: 2022
LATITUDE: 38 10 N
LONGITUDE: 84 54 W
TEMPERATURE IN F: :PCPN: SNOW: WIND :SUNSHINE: SKY :PK WND
================================================================================
1 2 3 4 5 6A 6B 7 8 9 10 11 12 13 14 15 16 17 18
12Z AVG MX 2MIN
DY MAX MIN AVG DEP HDD CDD WTR SNW DPTH SPD SPD DIR MIN PSBL S-S WX SPD DR
================================================================================
1 47 30 39 -13 26 0 0.04 M M 6.0 17 310 M M 7 1 27 300
2 56 26 41 -11 24 0 T M M 5.5 15 300 M M 4 24 320
3 60 31 46 -6 19 0 0.00 M M 4.2 14 290 M M 1 25 310
4 59 37 48 -5 17 0 0.05 M M 4.4 16 220 M M 8 1 21 230
5 57 45 51 -2 14 0 0.53 M M 3.6 10 50 M M 9 12 15 40
6 59 45 52 -2 13 0 0.80 M M 6.2 15 300 M M 9 123 25 300
7 56 41 49 -5 16 0 0.06 M M 7.9 18 230 M M 6 18 30 230
8 48 37 43 -11 22 0 0.08 M M 9.2 18 290 M M 8 30 290
9 46 30 38 -16 27 0 0.08 M M 7.0 16 290 M M 8 1 27 280
10 65 27 46 -9 19 0 0.00 M M 5.9 16 140 M M 0 23 160
11 69 57 63 8 2 0 0.37 M M 11.5 24 190 M M 7 13 35 200
12 72 49 61 5 4 0 0.07 M M 5.6 17 190 M M 7 1 24 190
13 77 60 69 13 0 4 0.45 M M 9.8 28 250 M M 5 138 53 260
14 63 42 53 -3 12 0 0.04 M M 8.8 21 290 M M 3 1 34 280
15 72 40 56 -1 9 0 0.03 M M 10.3 30 230 M M 2 44 270
16 68 49 59 2 6 0 0.09 M M 7.5 24 240 M M 5 36 240
17 51 40 46 -11 19 0 0.00 M M 9.6 17 50 M M 0 26 50
18 49 38 44 -14 21 0 0.66 M M 8.2 17 290 M M 9 1 30 300
19 54 35 45 -13 20 0 0.00 M M 6.7 15 300 M M 2 24 240
20 70 39 55 -3 10 0 T M M 7.8 17 120 M M 3 27 120
21 67 53 60 1 5 0 0.30 M M 8.7 22 200 M M 8 1 30 190
22 80 53 67 8 0 2 0.00 M M 3.8 12 140 M M 4 18 15 170
23 85 59 72 13 0 7 0.00 M M 9.1 22 210 M M 0 29 190
24 83 65 74 14 0 9 0.00 M M 11.0 23 200 M M 0 33 220
25 78 57 68 8 0 3 0.11 M M 10.0 23 220 M M 7 32 220
26 60 44 52 -8 13 0 0.01 M M 7.6 15 310 M M 3 24 300
27 68 36 52 -8 13 0 0.00 M M 3.5 17 340 M M 0 24 340
28 69 45 57 -4 8 0 0.00 M M 8.4 14 90 M M 2 20 130
29 74 55 65 4 0 0 0.00 M M 6.9 14 80 M M 7 20 110
30 81 56 69 8 0 4 0.00 M M 7.7 17 200 M M 6 24 150
================================================================================
SM 1943 1321 339 29 3.77 M 222.4 M 140
================================================================================
AV 64.8 44.0 7.4 FASTST M M 5 MAX(MPH)
MISC ----> 30 230 53 260
================================================================================
NOTES:
# LAST OF SEVERAL OCCURRENCES
COLUMN 17 PEAK WIND IN M.P.H.
PRELIMINARY LOCAL CLIMATOLOGICAL DATA (WS FORM: F-6) , PAGE 2
STATION: FRANKFORT KY
MONTH: APRIL
YEAR: 2022
LATITUDE: 38 10 N
LONGITUDE: 84 54 W
[TEMPERATURE DATA] [PRECIPITATION DATA] SYMBOLS USED IN COLUMN 16
AVERAGE MONTHLY: 54.4 TOTAL FOR MONTH: 3.77 1 = FOG OR MIST
DPTR FM NORMAL: -2.3 DPTR FM NORMAL: -0.78 2 = FOG REDUCING VISIBILITY
HIGHEST: 85 ON 23 GRTST 24HR 0.85 ON 5- 6 TO 1/4 MILE OR LESS
LOWEST: 26 ON 2 3 = THUNDER
SNOW, ICE PELLETS, HAIL 4 = ICE PELLETS
TOTAL MONTH: M 5 = HAIL
GRTST 24HR M ON M 6 = FREEZING RAIN OR DRIZZLE
GRTST DEPTH: M ON M 7 = DUSTSTORM OR SANDSTORM:
VSBY 1/2 MILE OR LESS
8 = SMOKE OR HAZE
[NO. OF DAYS WITH] [WEATHER - DAYS WITH] 9 = BLOWING SNOW
X = TORNADO
MAX 32 OR BELOW: 0 0.01 INCH OR MORE: 17
MAX 90 OR ABOVE: 0 0.10 INCH OR MORE: 7
MIN 32 OR BELOW: 5 0.50 INCH OR MORE: 3
MIN 0 OR BELOW: 0 1.00 INCH OR MORE: 0
[HDD (BASE 65) ]
TOTAL THIS MO. 339 CLEAR (SCALE 0-3) 11
DPTR FM NORMAL 62 PTCLDY (SCALE 4-7) 13
TOTAL FM JUL 1 3977 CLOUDY (SCALE 8-10) 6
DPTR FM NORMAL -311
[CDD (BASE 65) ]
TOTAL THIS MO. 29
DPTR FM NORMAL 3 [PRESSURE DATA]
TOTAL FM JAN 1 29 HIGHEST SLP M ON M
DPTR FM NORMAL -1 LOWEST SLP 29.57 ON 13
[REMARKS]
#FINAL-04-22#