000
CXUS53 KARX 022220
CF6FKA
PRELIMINARY LOCAL CLIMATOLOGICAL DATA (WS FORM: F-6)
STATION: PRESTON MN
MONTH: OCTOBER
YEAR: 2021
LATITUDE: 43 40 N
LONGITUDE: 92 11 W
TEMPERATURE IN F: :PCPN: SNOW: WIND :SUNSHINE: SKY :PK WND
================================================================================
1 2 3 4 5 6A 6B 7 8 9 10 11 12 13 14 15 16 17 18
12Z AVG MX 2MIN
DY MAX MIN AVG DEP HDD CDD WTR SNW DPTH SPD SPD DIR MIN PSBL S-S WX SPD DR
================================================================================
1 80 57 69 M 0 4 0.04 0.0 0 7.0 13 190 M M 3 1 20 190
2 74 59 67 M 0 2 0.00 0.0 0 6.6 12 230 M M 5 12 18 230
3 66 55 61 M 4 0 0.00 0.0 0 8.1 13 350 M M 8 18 330
4 69 53 61 M 4 0 0.00 0.0 0 5.6 10 350 M M 6 1 M M
5 69 52 61 M 4 0 0.00 0.0 0 3.4 7 90 M M 6 1 M M
6 74 55 65 M 0 0 0.00 0.0 0 3.9 9 120 M M 6 M M
7 62 58 60 M 5 0 0.09 0.0 0 2.9 6 110 M M 10 1 M M
8 71 58 65 M 0 0 0.03 0.0 0 2.3 7 160 M M 6 128 M M
9 78 56 67 M 0 2 0.00 0.0 0 8.9 15 130 M M 2 12 22 130
10 75 56 66 M 0 1 0.00 0.0 0 10.5 17 220 M M 0 1 23 200
11 59 49 54 M 11 0 0.00 0.0 0 4.4 7 360 M M 0 M M
12 65 53 59 M 6 0 0.00 0.0 0 5.5 10 300 M M 9 M M
13 62 51 57 M 8 0 0.15 0.0 0 12.0 23 150 M M 5 1 32 150
14 61 42 52 M 13 0 0.00 0.0 0 9.9 14 270 M M 0 22 250
15 56 39 48 M 17 0 0.00 0.0 0 8.8 16 290 M M 3 25 290
16 59 35 47 M 18 0 0.00 0.0 0 10.4 17 300 M M 0 25 290
17 66 37 52 M 13 0 0.00 0.0 0 5.5 9 270 M M 0 M M
18 73 40 57 M 8 0 0.00 0.0 0 8.0 17 170 M M 0 22 170
19 72 46 59 M 6 0 0.00 0.0 0 8.4 16 180 M M 0 23 200
20 64 50 57 M 8 0 T 0.0 0 5.7 10 240 M M 6 3 24 0
21 50 32 41 M 24 0 M 0.0 0 8.4 15 350 M M 6 1 23 350
22 47 30 39 M 26 0 0.00 0.0 0 3.4 6 300 M M 1 M M
23 50 28 39 M 26 0 0.00 0.0 0 3.5 7 70 M M 0 M M
24 46 32 39 M 26 0 0.02 0.0 0 9.3 16 60 M M 2 25 70
25 51 33 42 M 23 0 0.00 0.0 0 7.7 12 20 M M 1 18 40
26 55 31 43 M 22 0 0.00 0.0 0 9.1 18 130 M M 1 22 140
27 53 43 48 M 17 0 0.05 0.0 0 13.9 23 140 M M 9 31 140
28 47 42 45 M 20 0 0.25 0.0 0 9.1 15 10 M M 8 1 22 360
29 50 40 45 M 20 0 0.01 0.0 0 11.3 18 360 M M 8 27 10
30 57 35 46 M 19 0 0.00 0.0 0 5.3 10 300 M M 1 1 18 300
31 48 29 39 M 26 0 0.00 0.0 0 13.5 22 320 M M 3 27 350
================================================================================
SM 1909 1376 374 9 0.64 0.0 232.3 M 115
================================================================================
AV 61.6 44.4 7.5 FASTST M M 4 MAX(MPH)
MISC ----> # 23 150 32 150
================================================================================
NOTES:
# LAST OF SEVERAL OCCURRENCES
COLUMN 17 PEAK WIND IN M.P.H.
PRELIMINARY LOCAL CLIMATOLOGICAL DATA (WS FORM: F-6) , PAGE 2
STATION: PRESTON MN
MONTH: OCTOBER
YEAR: 2021
LATITUDE: 43 40 N
LONGITUDE: 92 11 W
[TEMPERATURE DATA] [PRECIPITATION DATA] SYMBOLS USED IN COLUMN 16
AVERAGE MONTHLY: 53.0 TOTAL FOR MONTH: 0.64 1 = FOG OR MIST
DPTR FM NORMAL: 0.0 DPTR FM NORMAL: M 2 = FOG REDUCING VISIBILITY
HIGHEST: 80 ON 1 GRTST 24HR 0.25 ON 28-28 TO 1/4 MILE OR LESS
LOWEST: 28 ON 23 3 = THUNDER
SNOW, ICE PELLETS, HAIL 4 = ICE PELLETS
TOTAL MONTH: 0.0 INCH 5 = HAIL
GRTST 24HR 0.0 6 = FREEZING RAIN OR DRIZZLE
GRTST DEPTH: 0 7 = DUSTSTORM OR SANDSTORM:
VSBY 1/2 MILE OR LESS
8 = SMOKE OR HAZE
[NO. OF DAYS WITH] [WEATHER - DAYS WITH] 9 = BLOWING SNOW
X = TORNADO
MAX 32 OR BELOW: 0 0.01 INCH OR MORE: 8
MAX 90 OR ABOVE: 0 0.10 INCH OR MORE: 2
MIN 32 OR BELOW: 6 0.50 INCH OR MORE: 0
MIN 0 OR BELOW: 0 1.00 INCH OR MORE: 0
[HDD (BASE 65) ]
TOTAL THIS MO. 374 CLEAR (SCALE 0-3) 17
DPTR FM NORMAL M PTCLDY (SCALE 4-7) 9
TOTAL FM JUL 1 461 CLOUDY (SCALE 8-10) 5
DPTR FM NORMAL M
[CDD (BASE 65) ]
TOTAL THIS MO. 9
DPTR FM NORMAL M [PRESSURE DATA]
TOTAL FM JAN 1 499 HIGHEST SLP M ON M
DPTR FM NORMAL M LOWEST SLP M ON M
[REMARKS]
#FINAL-10-21#