000
CXUS56 KFGZ 190910
CF6FLG
PRELIMINARY LOCAL CLIMATOLOGICAL DATA (WS FORM: F-6)
STATION: FLAGSTAFF AZ AIRPORT
MONTH: APRIL
YEAR: 2024
LATITUDE: 35 7 N
LONGITUDE: 111 40 W
TEMPERATURE IN F: :PCPN: SNOW: WIND :SUNSHINE: SKY :PK WND
================================================================================
1 2 3 4 5 6A 6B 7 8 9 10 11 12 13 14 15 16 17 18
12Z AVG MX 2MIN
DY MAX MIN AVG DEP HDD CDD WTR SNW DPTH SPD SPD DIR MIN PSBL S-S WX SPD DR
================================================================================
1 41 27 34 -7 31 0 0.03 0.5 T 3.8 20 210 M M 8 1 23 210
2 55 22 39 -2 26 0 0.00 0.0 0 5.0 22 50 M M 0 33 50
3 61 23 42 1 23 0 0.00 0.0 0 4.7 17 210 M M 0 24 210
4 60 26 43 1 22 0 0.00 0.0 0 13.0 29 220 M M 0 40 220
5 46 27 37 -5 28 0 0.11 0.4 T 18.4 32 210 M M 5 1 47 210
6 42 22 32 -10 33 0 0.13 1.1 0 8.6 21 250 M M 3 12 36 230
7 52 19 36 -6 29 0 0.00 0.0 0 5.5 20 220 M M 1 29 210
8 46 27 37 -5 28 0 0.00 0.0 0 5.3 21 40 M M 4 30 40
9 60 31 46 4 19 0 0.00 0.0 0 11.1 32 50 M M 0 44 60
10 64 24 44 1 21 0 0.00 0.0 0 4.1 17 40 M M 0 25 60
11 68 26 47 4 18 0 0.00 0.0 0 3.2 15 220 M M 0 22 100
12 66 28 47 4 18 0 0.00 0.0 0 8.4 26 200 M M 0 42 200
13 61 29 45 2 20 0 0.00 0.0 0 7.1 24 210 M M 0 32 200
14 58 29 44 1 21 0 0.00 0.0 0 13.7 36 210 M M 0 54 190
15 54 26 40 -4 25 0 0.00 0.0 0 6.6 23 240 M M 1 45 240
16 64 27 46 2 19 0 0.00 0.0 0 3.8 16 230 M M 0 24 220
17 69 30 50 6 15 0 0.00 0.0 0 6.4 25 210 M M 0 35 210
18 67 30 49 5 16 0 0.00 0.0 0 6.5 22 200 M M 0 30 200
================================================================================
SM 1034 473 412 0 0.27 2.0 135.2 M 22
================================================================================
AV 57.4 26.3 7.5 FASTST M M 1 MAX(MPH)
MISC ----> 36 210 54 190
================================================================================
NOTES:
# LAST OF SEVERAL OCCURRENCES
COLUMN 17 PEAK WIND IN M.P.H.
PRELIMINARY LOCAL CLIMATOLOGICAL DATA (WS FORM: F-6) , PAGE 2
STATION: FLAGSTAFF AZ AIRPORT
MONTH: APRIL
YEAR: 2024
LATITUDE: 35 7 N
LONGITUDE: 111 40 W
[TEMPERATURE DATA] [PRECIPITATION DATA] SYMBOLS USED IN COLUMN 16
AVERAGE MONTHLY: 41.9 TOTAL FOR MONTH: 0.27 1 = FOG OR MIST
DPTR FM NORMAL: -0.7 DPTR FM NORMAL: -0.33 2 = FOG REDUCING VISIBILITY
HIGHEST: 69 ON 17 GRTST 24HR 0.24 ON 5- 6 TO 1/4 MILE OR LESS
LOWEST: 19 ON 7 3 = THUNDER
SNOW, ICE PELLETS, HAIL 4 = ICE PELLETS
TOTAL MONTH: 9.1 INCHES 5 = HAIL
GRTST 24HR 1.1 ON 6- 6 6 = FREEZING RAIN OR DRIZZLE
GRTST DEPTH: T 7 = DUSTSTORM OR SANDSTORM:
VSBY 1/2 MILE OR LESS
8 = SMOKE OR HAZE
[NO. OF DAYS WITH] [WEATHER - DAYS WITH] 9 = BLOWING SNOW
X = TORNADO
MAX 32 OR BELOW: 0 0.01 INCH OR MORE: 3
MAX 90 OR ABOVE: 0 0.10 INCH OR MORE: 2
MIN 32 OR BELOW: 18 0.50 INCH OR MORE: 0
MIN 0 OR BELOW: 0 1.00 INCH OR MORE: 0
[HDD (BASE 65) ]
TOTAL THIS MO. 412 CLEAR (SCALE 0-3) 15
DPTR FM NORMAL 6 PTCLDY (SCALE 4-7) 3
TOTAL FM JUL 1 5566 CLOUDY (SCALE 8-10) 0
DPTR FM NORMAL -375
[CDD (BASE 65) ]
TOTAL THIS MO. 0
DPTR FM NORMAL 0 [PRESSURE DATA]
TOTAL FM JAN 1 0 HIGHEST SLP M ON M
DPTR FM NORMAL 0 LOWEST SLP 29.59 ON 5
[REMARKS]