000
CXUS56 KFGZ 010910
CF6FLG
PRELIMINARY LOCAL CLIMATOLOGICAL DATA (WS FORM: F-6)
STATION: FLAGSTAFF AZ AIRPORT
MONTH: FEBRUARY
YEAR: 2024
LATITUDE: 35 7 N
LONGITUDE: 111 40 W
TEMPERATURE IN F: :PCPN: SNOW: WIND :SUNSHINE: SKY :PK WND
================================================================================
1 2 3 4 5 6A 6B 7 8 9 10 11 12 13 14 15 16 17 18
12Z AVG MX 2MIN
DY MAX MIN AVG DEP HDD CDD WTR SNW DPTH SPD SPD DIR MIN PSBL S-S WX SPD DR
================================================================================
1 49 33 41 10 24 0 0.36 0.9 0 10.2 25 210 M M 8 138 39 210
2 33 29 31 0 34 0 0.68 8.9 8 11.6 21 230 M M 10 128 32 220
3 36 26 31 -1 34 0 T T 8 8.2 21 230 M M 7 29 230
4 39 20 30 -2 35 0 T T 5 3.1 12 190 M M 5 15 200
5 46 20 33 1 32 0 0.00 0.0 3 5.6 22 200 M M 0 33 210
6 45 30 38 6 27 0 1.26 10.6 1 9.3 28 200 M M 10 12 45 200
7 32 27 30 -2 35 0 0.85 13.1 16 13.1 26 220 M M 10 128 37 260
8 29 20 25 -7 40 0 0.84 12.4 20 13.3 26 210 M M 10 128 40 190
9 32 19 26 -6 39 0 T 0.0 27 5.6 15 210 M M 8 8 22 200
10 36 8 22 -10 43 0 T T 22 2.8 15 40 M M 4 20 50
11 37 -2 18 -14 47 0 0.00 0.0 20 2.7 18 50 M M 0 18 28 40
12 44 3 24 -8 41 0 0.00 0.0 19 1.6 9 70 M M 0 19 120
13 43 8 26 -6 39 0 0.00 0.0 17 4.0 17 210 M M 0 24 200
14 48 12 30 -2 35 0 0.00 0.0 15 4.5 15 220 M M 0 19 190
15 46 17 32 0 33 0 0.00 0.0 14 6.7 22 230 M M 1 30 230
16 49 14 32 -1 33 0 0.00 0.0 13 3.4 14 250 M M 0 22 250
17 50 19 35 2 30 0 0.00 0.0 12 2.6 14 50 M M 1 19 50
18 50 24 37 4 28 0 0.00 0.0 10 5.3 20 230 M M 1 30 220
19 50 20 35 2 30 0 0.00 0.0 9 7.5 24 220 M M 0 32 200
20 49 26 38 5 27 0 0.00 0.0 7 7.6 24 210 M M 0 32 220
21 44 28 36 3 29 0 0.06 T 5 8.0 27 200 M M 5 1 35 220
22 49 21 35 1 30 0 0.00 0.0 M 2.8 12 70 M M 0 1 17 70
23 46 24 35 1 30 0 0.00 0.0 2 8.8 21 60 M M 0 30 60
24 53 21 37 3 28 0 0.00 0.0 1 3.4 17 210 M M 0 21 190
25 56 28 42 8 23 0 0.00 0.0 T 6.7 21 220 M M 2 27 230
26 49 36 43 9 22 0 0.01 T 0 12.1 24 220 M M 9 34 220
27 50 27 39 5 26 0 0.00 0.0 0 11.8 25 230 M M 6 38 260
28 50 21 36 1 29 0 0.00 0.0 0 4.0 14 90 M M 0 21 60
29 51 22 37 2 28 0 0.00 0.0 0 9.7 23 220 M M 1 31 240
================================================================================
SM 1291 601 931 0 4.06 45.9 196.0 M 98
================================================================================
AV 44.5 20.7 6.8 FASTST M M 3 MAX(MPH)
MISC ----> 28 200 45 200
================================================================================
NOTES:
# LAST OF SEVERAL OCCURRENCES
COLUMN 17 PEAK WIND IN M.P.H.
PRELIMINARY LOCAL CLIMATOLOGICAL DATA (WS FORM: F-6) , PAGE 2
STATION: FLAGSTAFF AZ AIRPORT
MONTH: FEBRUARY
YEAR: 2024
LATITUDE: 35 7 N
LONGITUDE: 111 40 W
[TEMPERATURE DATA] [PRECIPITATION DATA] SYMBOLS USED IN COLUMN 16
AVERAGE MONTHLY: 32.6 TOTAL FOR MONTH: 4.06 1 = FOG OR MIST
DPTR FM NORMAL: 0.0 DPTR FM NORMAL: 1.89 2 = FOG REDUCING VISIBILITY
HIGHEST: 56 ON 25 GRTST 24HR 1.79 ON 6- 7 TO 1/4 MILE OR LESS
LOWEST: -2 ON 11 3 = THUNDER
SNOW, ICE PELLETS, HAIL 4 = ICE PELLETS
TOTAL MONTH: 45.9 INCHES 5 = HAIL
GRTST 24HR 13.1 ON 7- 7 6 = FREEZING RAIN OR DRIZZLE
GRTST DEPTH: 27 ON 9 7 = DUSTSTORM OR SANDSTORM:
VSBY 1/2 MILE OR LESS
8 = SMOKE OR HAZE
[NO. OF DAYS WITH] [WEATHER - DAYS WITH] 9 = BLOWING SNOW
X = TORNADO
MAX 32 OR BELOW: 3 0.01 INCH OR MORE: 7
MAX 90 OR ABOVE: 0 0.10 INCH OR MORE: 5
MIN 32 OR BELOW: 27 0.50 INCH OR MORE: 4
MIN 0 OR BELOW: 1 1.00 INCH OR MORE: 1
[HDD (BASE 65) ]
TOTAL THIS MO. 931 CLEAR (SCALE 0-3) 17
DPTR FM NORMAL 25 PTCLDY (SCALE 4-7) 6
TOTAL FM JUL 1 4298 CLOUDY (SCALE 8-10) 6
DPTR FM NORMAL -460
[CDD (BASE 65) ]
TOTAL THIS MO. 0
DPTR FM NORMAL 0 [PRESSURE DATA]
TOTAL FM JAN 1 0 HIGHEST SLP M ON M
DPTR FM NORMAL 0 LOWEST SLP 29.53 ON 2
[REMARKS]
#FINAL-02-24#