000
CXUS52 KMFL 011000
CF6FLL
PRELIMINARY LOCAL CLIMATOLOGICAL DATA (WS FORM: F-6)
STATION: FORT LAUDERDALE
MONTH: MARCH
YEAR: 2020
LATITUDE: 26 4 N
LONGITUDE: 80 9 W
TEMPERATURE IN F: :PCPN: SNOW: WIND :SUNSHINE: SKY :PK WND
================================================================================
1 2 3 4 5 6A 6B 7 8 9 10 11 12 13 14 15 16 17 18
12Z AVG MX 2MIN
DY MAX MIN AVG DEP HDD CDD WTR SNW DPTH SPD SPD DIR MIN PSBL S-S WX SPD DR
================================================================================
1 75 52 64 -8 1 0 0.00 0.0 0 11.0 20 100 M M 4 30 100
2 78 67 73 1 0 8 0.00 0.0 0 15.6 24 130 M M 6 29 130
3 81 70 76 4 0 11 0.00 0.0 0 11.3 23 160 M M 6 29 160
4 84 69 77 5 0 12 0.00 0.0 0 9.3 21 130 M M 2 26 140
5 88 75 82 10 0 17 0.00 0.0 0 10.3 17 250 M M 5 23 240
6 82 66 74 2 0 9 0.06 0.0 0 9.3 20 280 M M 5 1 26 290
7 74 58 66 -6 0 1 0.00 0.0 0 13.3 22 40 M M 5 31 40
8 74 66 70 -2 0 5 T 0.0 0 17.6 28 90 M M 8 35 70
9 77 65 71 -1 0 6 0.03 0.0 0 21.7 31 100 M M 8 38 80
10 80 69 75 3 0 10 0.04 0.0 0 16.2 24 110 M M 7 30 110
11 81 69 75 3 0 10 0.01 0.0 0 11.9 23 120 M M 7 27 140
12 81 66 74 2 0 9 0.06 0.0 0 7.8 17 30 M M 4 21 60
13 82 71 77 5 0 12 0.00 0.0 0 9.9 16 80 M M 4 21 80
14 82 74 78 5 0 13 T 0.0 0 12.2 17 110 M M 6 23 100
15 82 73 78 5 0 13 0.00 0.0 0 10.1 15 90 M M 3 21 110
16 82 72 77 4 0 12 0.00 0.0 0 10.4 16 80 M M 5 22 90
17 82 74 78 5 0 13 T 0.0 0 12.2 20 110 M M 5 24 100
18 82 73 78 5 0 13 0.00 0.0 0 12.5 17 100 M M 5 22 140
19 83 74 79 6 0 14 0.00 0.0 0 16.4 23 120 M M 4 28 130
20 83 75 79 6 0 14 T 0.0 0 14.4 21 120 M M 4 27 130
21 83 74 79 6 0 14 0.00 0.0 0 11.9 16 110 M M 3 20 120
22 83 73 78 5 0 13 0.00 0.0 0 11.3 16 110 M M 4 23 130
23 83 73 78 4 0 13 T 0.0 0 10.4 20 140 M M 3 24 130
24 84 74 79 5 0 14 0.00 0.0 0 9.5 18 140 M M 4 23 130
25 90 70 80 6 0 15 T 0.0 0 7.2 17 250 M M 3 21 260
26 86 71 79 5 0 14 0.00 0.0 0 6.7 14 100 M M 3 18 10
27 84 70 77 3 0 12 0.00 0.0 0 6.7 15 110 M M 3 22 110
28 82 72 77 3 0 12 0.00 0.0 0 11.2 18 140 M M 4 25 150
29 85 75 80 6 0 15 0.00 0.0 0 11.5 20 140 M M 3 25 130
30 85 74 80 6 0 15 0.00 0.0 0 8.5 18 140 M M 3 21 140
31 91 73 82 8 0 17 0.00 0.0 0 10.5 22 240 M M 5 29 240
================================================================================
SM 2549 2177 1 356 0.20 0.0 358.8 M 141
================================================================================
AV 82.2 70.2 11.6 FASTST M M 5 MAX(MPH)
MISC ----> # 31 100 # 38 80
================================================================================
NOTES:
# LAST OF SEVERAL OCCURRENCES
COLUMN 17 PEAK WIND IN M.P.H.
PRELIMINARY LOCAL CLIMATOLOGICAL DATA (WS FORM: F-6) , PAGE 2
STATION: FORT LAUDERDALE
MONTH: MARCH
YEAR: 2020
LATITUDE: 26 4 N
LONGITUDE: 80 9 W
[TEMPERATURE DATA] [PRECIPITATION DATA] SYMBOLS USED IN COLUMN 16
AVERAGE MONTHLY: 76.2 TOTAL FOR MONTH: 0.20 1 = FOG OR MIST
DPTR FM NORMAL: 3.3 DPTR FM NORMAL: -3.16 2 = FOG REDUCING VISIBILITY
HIGHEST: 91 ON 31 GRTST 24HR 0.06 ON 12-12 TO 1/4 MILE OR LESS
LOWEST: 52 ON 1 3 = THUNDER
SNOW, ICE PELLETS, HAIL 4 = ICE PELLETS
TOTAL MONTH: 0.0 INCH 5 = HAIL
GRTST 24HR 0.0 6 = FREEZING RAIN OR DRIZZLE
GRTST DEPTH: 0 7 = DUSTSTORM OR SANDSTORM:
VSBY 1/2 MILE OR LESS
8 = SMOKE OR HAZE
[NO. OF DAYS WITH] [WEATHER - DAYS WITH] 9 = BLOWING SNOW
X = TORNADO
MAX 32 OR BELOW: 0 0.01 INCH OR MORE: 5
MAX 90 OR ABOVE: 2 0.10 INCH OR MORE: 0
MIN 32 OR BELOW: 0 0.50 INCH OR MORE: 0
MIN 0 OR BELOW: 0 1.00 INCH OR MORE: 0
[HDD (BASE 65) ]
TOTAL THIS MO. 1 CLEAR (SCALE 0-3) 4
DPTR FM NORMAL -8 PTCLDY (SCALE 4-7) 27
TOTAL FM JUL 1 70 CLOUDY (SCALE 8-10) 0
DPTR FM NORMAL -41
[CDD (BASE 65) ]
TOTAL THIS MO. 356
DPTR FM NORMAL 102 [PRESSURE DATA]
TOTAL FM JAN 1 764 HIGHEST SLP 30.43 ON 9
DPTR FM NORMAL 154 LOWEST SLP 29.78 ON 31
[REMARKS]
#FINAL-03-20#