000
CXUS53 KOAX 011030
CF6FNB
PRELIMINARY LOCAL CLIMATOLOGICAL DATA (WS FORM: F-6)
STATION: FALLS CITY NE
MONTH: NOVEMBER
YEAR: 2020
LATITUDE: 40 4 N
LONGITUDE: 95 35 W
TEMPERATURE IN F: :PCPN: SNOW: WIND :SUNSHINE: SKY :PK WND
================================================================================
1 2 3 4 5 6A 6B 7 8 9 10 11 12 13 14 15 16 17 18
12Z AVG MX 2MIN
DY MAX MIN AVG DEP HDD CDD WTR SNW DPTH SPD SPD DIR MIN PSBL S-S WX SPD DR
================================================================================
1 52 28 40 -8 25 0 0.00 M M 7.4 17 330 M M 0 8 24 340
2 68 26 47 -1 18 0 0.00 M M 6.1 18 230 M M 0 28 220
3 81 37 59 12 6 0 0.00 M M 8.5 18 200 M M 0 26 190
4 74 46 60 13 5 0 0.00 M M 7.0 16 170 M M 0 22 180
5 73 44 59 13 6 0 0.00 M M 2.4 8 160 M M 0 8 10 190
6 76 43 60 14 5 0 0.00 M M 9.2 22 190 M M 0 1 33 180
7 75 50 63 18 2 0 0.00 M M 12.5 25 170 M M 0 36 180
8 75 50 63 18 2 0 0.00 M M 16.7 31 160 M M 3 44 160
9 69 39 54 10 11 0 0.10 M M 13.7 24 200 M M 9 1 36 200
10 40 28 34 -10 31 0 0.53 M M 11.8 28 280 M M 9 1 36 280
11 58 25 42 -1 23 0 0.00 M M 4.5 12 230 M M 0 15 210
12 55 23 39 -4 26 0 0.00 M M 8.2 23 320 M M 1 30 320
13 48 16 32 -10 33 0 0.00 M M 7.0 17 160 M M 0 23 180
14 68 35 52 10 13 0 T M M 15.4 37 300 M M 5 51 300
15 53 30 42 1 23 0 0.04 M M 15.1 36 310 M M 1 1 49 300
16 64 28 46 5 19 0 0.00 M M 8.3 22 300 M M 0 31 290
17 58 25 42 2 23 0 0.00 M M 7.3 18 150 M M 1 8 26 140
18 74 37 56 16 9 0 0.00 M M 16.7 31 200 M M 0 48 180
19 74 45 60 21 5 0 0.00 M M 11.5 23 220 M M 0 35 230
20 63 36 50 11 15 0 0.00 M M 7.0 17 20 M M 0 24 20
21 45 40 43 5 22 0 0.02 M M 5.2 14 70 M M 8 17 60
22 55 27 41 3 24 0 T M M 6.8 21 310 M M 4 28 300
23 38 20 29 -8 36 0 0.33 M M 9.1 22 110 M M 7 1 29 110
24 51 38 45 8 20 0 0.77 M M 9.1 17 360 M M 10 13 25 10
25 42 32 37 1 28 0 0.99 M M 10.2 23 360 M M 9 1 35 360
26 57 28 43 7 22 0 0.00 M M 6.5 13 350 M M 1 1 17 360
27 52 30 41 6 24 0 0.00 M M 5.3 15 350 M M 4 12 22 340
28 58 27 43 8 22 0 0.00 M M 8.6 22 220 M M 0 32 220
29 43 24 34 0 31 0 0.00 M M 13.8 30 350 M M 0 44 340
30 42 18 30 -4 35 0 0.00 M M 7.9 16 310 M M 0 22 300
================================================================================
SM 1781 975 564 0 2.78 M 278.8 M 72
================================================================================
AV 59.4 32.5 9.3 FASTST M M 2 MAX(MPH)
MISC ----> 37 300 51 300
================================================================================
NOTES:
# LAST OF SEVERAL OCCURRENCES
COLUMN 17 PEAK WIND IN M.P.H.
PRELIMINARY LOCAL CLIMATOLOGICAL DATA (WS FORM: F-6) , PAGE 2
STATION: FALLS CITY NE
MONTH: NOVEMBER
YEAR: 2020
LATITUDE: 40 4 N
LONGITUDE: 95 35 W
[TEMPERATURE DATA] [PRECIPITATION DATA] SYMBOLS USED IN COLUMN 16
AVERAGE MONTHLY: 45.9 TOTAL FOR MONTH: 2.78 1 = FOG OR MIST
DPTR FM NORMAL: 4.9 DPTR FM NORMAL: 0.82 2 = FOG REDUCING VISIBILITY
HIGHEST: 81 ON 3 GRTST 24HR 1.59 ON 24-25 TO 1/4 MILE OR LESS
LOWEST: 16 ON 13 3 = THUNDER
SNOW, ICE PELLETS, HAIL 4 = ICE PELLETS
TOTAL MONTH: M 5 = HAIL
GRTST 24HR M ON M 6 = FREEZING RAIN OR DRIZZLE
GRTST DEPTH: M ON M 7 = DUSTSTORM OR SANDSTORM:
VSBY 1/2 MILE OR LESS
8 = SMOKE OR HAZE
[NO. OF DAYS WITH] [WEATHER - DAYS WITH] 9 = BLOWING SNOW
X = TORNADO
MAX 32 OR BELOW: 0 0.01 INCH OR MORE: 7
MAX 90 OR ABOVE: 0 0.10 INCH OR MORE: 5
MIN 32 OR BELOW: 17 0.50 INCH OR MORE: 3
MIN 0 OR BELOW: 0 1.00 INCH OR MORE: 0
[HDD (BASE 65) ]
TOTAL THIS MO. 564 CLEAR (SCALE 0-3) 21
DPTR FM NORMAL -157 PTCLDY (SCALE 4-7) 5
TOTAL FM JUL 1 1090 CLOUDY (SCALE 8-10) 4
DPTR FM NORMAL -60
[CDD (BASE 65) ]
TOTAL THIS MO. 0
DPTR FM NORMAL -1 [PRESSURE DATA]
TOTAL FM JAN 1 1252 HIGHEST SLP 30.58 ON 1
DPTR FM NORMAL 13 LOWEST SLP 29.37 ON 14
[REMARKS]
#FINAL-11-20#