000
CXUS53 KDTX 010635
CF6FNT
PRELIMINARY LOCAL CLIMATOLOGICAL DATA (WS FORM: F-6)
STATION: FLINT MI
MONTH: JULY
YEAR: 2023
LATITUDE: 42 58 N
LONGITUDE: 83 44 W
TEMPERATURE IN F: :PCPN: SNOW: WIND :SUNSHINE: SKY :PK WND
================================================================================
1 2 3 4 5 6A 6B 7 8 9 10 11 12 13 14 15 16 17 18
12Z AVG MX 2MIN
DY MAX MIN AVG DEP HDD CDD WTR SNW DPTH SPD SPD DIR MIN PSBL S-S WX SPD DR
================================================================================
1 84 61 73 3 0 8 0.03 0.0 0 3.4 14 10 M M 4 138 17 10
2 81 67 74 4 0 9 0.13 0.0 0 3.9 22 320 M M 5 13 28 330
3 88 66 77 6 0 12 0.00 0.0 0 5.0 13 20 M M 6 1 18 360
4 90 61 76 5 0 11 0.00 0.0 0 4.3 12 270 M M 1 1 17 240
5 91 65 78 7 0 13 0.00 0.0 0 5.3 15 180 M M 1 1 21 190
6 84 68 76 5 0 11 0.57 0.0 0 6.9 17 340 M M 6 138 25 330
7 80 61 71 0 0 6 0.00 0.0 0 4.5 12 310 M M 3 17 300
8 76 63 70 -1 0 5 0.01 0.0 0 7.8 18 270 M M 9 22 270
9 81 59 70 -1 0 5 0.00 0.0 0 6.5 13 310 M M 5 17 310
10 87 54 71 0 0 6 0.00 0.0 0 6.2 18 270 M M 0 1 22 270
11 88 66 77 6 0 12 0.00 0.0 0 8.7 21 280 M M 4 3 27 290
12 78 60 69 -2 0 4 2.00 0.0 0 7.8 23 80 M M 7 13 30 80
13 78 58 68 -3 0 3 0.53 0.0 0 6.9 24 80 M M 6 13 34 60
14 87 56 72 1 0 7 0.01 0.0 0 7.5 18 220 M M 3 123 27 240
15 79 67 73 2 0 8 0.15 0.0 0 7.9 20 260 M M 6 3 29 260
16 81 61 71 0 0 6 0.00 0.0 0 8.9 22 270 M M 2 128 32 240
17 80 60 70 -1 0 5 0.00 0.0 0 8.3 18 280 M M 2 25 280
18 80 53 67 -4 0 2 0.00 0.0 0 3.6 13 320 M M 3 22 310
19 84 54 69 -2 0 4 0.00 0.0 0 2.7 10 260 M M 1 1 16 270
20 84 65 75 4 0 10 0.34 0.0 0 9.5 30 310 M M 3 13 42 300
21 80 62 71 0 0 6 0.00 0.0 0 7.3 16 30 M M 4 23 20
22 83 54 69 -2 0 4 0.01 0.0 0 4.7 15 180 M M 2 3 23 250
23 80 56 68 -3 0 3 0.00 0.0 0 4.5 16 210 M M 2 13 24 180
24 85 59 72 1 0 7 T 0.0 0 4.2 20 260 M M 2 1238 23 270
25 85 59 72 1 0 7 0.00 0.0 0 4.1 13 220 M M 1 18 16 220
26 85 63 74 3 0 9 0.76 0.0 0 6.6 21 240 M M 3 138 30 260
27 85 68 77 6 0 12 0.00 0.0 0 5.8 13 310 M M 5 1 18 310
28 89 66 78 7 0 13 0.04 0.0 0 6.2 23 40 M M 1 123 27 60
29 79 64 72 1 0 7 0.45 0.0 0 6.8 18 350 M M 5 13 28 340
30 78 56 67 -4 0 2 0.00 0.0 0 5.7 16 290 M M 3 22 290
31 79 52 66 -5 0 1 0.00 0.0 0 5.3 16 290 M M 2 21 300
================================================================================
SM 2569 1884 0 218 5.03 0.0 186.8 M 107
================================================================================
AV 82.9 60.8 6.0 FASTST M M 3 MAX(MPH)
MISC ----> 30 310 42 300
================================================================================
NOTES:
# LAST OF SEVERAL OCCURRENCES
COLUMN 17 PEAK WIND IN M.P.H.
PRELIMINARY LOCAL CLIMATOLOGICAL DATA (WS FORM: F-6) , PAGE 2
STATION: FLINT MI
MONTH: JULY
YEAR: 2023
LATITUDE: 42 58 N
LONGITUDE: 83 44 W
[TEMPERATURE DATA] [PRECIPITATION DATA] SYMBOLS USED IN COLUMN 16
AVERAGE MONTHLY: 71.8 TOTAL FOR MONTH: 5.03 1 = FOG OR MIST
DPTR FM NORMAL: 0.9 DPTR FM NORMAL: 1.62 2 = FOG REDUCING VISIBILITY
HIGHEST: 91 ON 5 GRTST 24HR 2.53 ON 12-13 TO 1/4 MILE OR LESS
LOWEST: 52 ON 31 3 = THUNDER
SNOW, ICE PELLETS, HAIL 4 = ICE PELLETS
TOTAL MONTH: 0.0 INCH 5 = HAIL
GRTST 24HR 0.0 6 = FREEZING RAIN OR DRIZZLE
GRTST DEPTH: 0 7 = DUSTSTORM OR SANDSTORM:
VSBY 1/2 MILE OR LESS
8 = SMOKE OR HAZE
[NO. OF DAYS WITH] [WEATHER - DAYS WITH] 9 = BLOWING SNOW
X = TORNADO
MAX 32 OR BELOW: 0 0.01 INCH OR MORE: 13
MAX 90 OR ABOVE: 2 0.10 INCH OR MORE: 8
MIN 32 OR BELOW: 0 0.50 INCH OR MORE: 4
MIN 0 OR BELOW: 0 1.00 INCH OR MORE: 1
[HDD (BASE 65) ]
TOTAL THIS MO. 0 CLEAR (SCALE 0-3) 16
DPTR FM NORMAL -13 PTCLDY (SCALE 4-7) 14
TOTAL FM JUL 1 0 CLOUDY (SCALE 8-10) 1
DPTR FM NORMAL -5
[CDD (BASE 65) ]
TOTAL THIS MO. 218
DPTR FM NORMAL 22 [PRESSURE DATA]
TOTAL FM JAN 1 344 HIGHEST SLP M ON M
DPTR FM NORMAL -8 LOWEST SLP 29.65 ON 13
[REMARKS]
#FINAL-07-23#