000
CXUS53 KFSD 020146 CCA
CF6FSD
PRELIMINARY LOCAL CLIMATOLOGICAL DATA (WS FORM: F-6)
STATION: SIOUX FALLS
MONTH: JUNE
YEAR: 2023
LATITUDE: 43 34 N
LONGITUDE: 96 44 W
TEMPERATURE IN F: :PCPN: SNOW: WIND :SUNSHINE: SKY :PK WND
================================================================================
1 2 3 4 5 6A 6B 7 8 9 10 11 12 13 14 15 16 17 18
12Z AVG MX 2MIN
DY MAX MIN AVG DEP HDD CDD WTR SNW DPTH SPD SPD DIR MIN PSBL S-S WX SPD DR
================================================================================
1 90 67 79 13 0 14 0.00 0.0 0 10.2 21 160 M M 6 28 140
2 89 69 79 13 0 14 T 0.0 0 9.2 21 170 M M 6 3 30 180
3 88 64 76 10 0 11 T 0.0 0 6.9 22 90 M M 4 3 29 90
4 89 61 75 9 0 10 T 0.0 0 6.0 20 330 M M 5 3 27 320
5 93 60 77 10 0 12 0.00 0.0 0 3.1 14 110 M M 4 17 130
6 95 63 79 12 0 14 0.00 0.0 0 2.9 12 100 M M 3 16 220
7 91 66 79 11 0 14 T 0.0 0 6.1 14 80 M M 6 3 19 10
8 88 68 78 10 0 13 0.00 0.0 0 9.4 17 140 M M 3 24 110
9 83 65 74 6 0 9 0.49 0.0 0 8.0 28 350 M M 8 13 40 310
10 81 65 73 5 0 8 0.16 0.0 0 5.9 25 60 M M 9 13 35 60
11 75 53 64 -5 1 0 0.00 0.0 0 12.7 26 50 M M 3 35 60
12 82 48 65 -4 0 0 0.00 0.0 0 5.3 15 310 M M 1 20 310
13 87 59 73 4 0 8 0.00 0.0 0 6.8 16 310 M M 2 22 330
14 90 56 73 3 0 8 0.00 0.0 0 3.2 9 100 M M 3 14 20
15 92 56 74 4 0 9 0.00 0.0 0 5.1 17 90 M M 4 8 23 110
16 87 61 74 4 0 9 0.00 0.0 0 7.9 16 100 M M 7 8 22 110
17 80 64 72 2 0 7 0.20 0.0 0 5.3 14 190 M M 8 1 18 190
18 84 64 74 3 0 9 0.02 0.0 0 4.0 12 130 M M 6 18 15 160
19 96 67 82 11 0 17 0.00 0.0 0 12.8 25 170 M M 1 34 170
20 92 72 82 11 0 17 0.00 0.0 0 13.6 24 140 M M 2 32 150
21 90 66 78 6 0 13 0.00 0.0 0 10.0 20 140 M M 6 28 130
22 91 69 80 8 0 15 0.00 0.0 0 8.8 23 340 M M 6 3 33 340
23 90 68 79 7 0 14 T 0.0 0 8.9 20 150 M M 6 3 30 240
24 82 64 73 1 0 8 0.43 0.0 0 9.4 33 190 M M 5 13 58 180
25 78 62 70 -2 0 5 0.02 0.0 0 17.7 29 290 M M 7 1 48 290
26 84 59 72 -1 0 7 0.00 0.0 0 8.2 18 360 M M 3 24 360
27 84 57 71 -2 0 6 0.01 0.0 0 7.6 20 170 M M 7 13 28 180
28 89 66 78 5 0 13 0.09 0.0 0 8.1 17 150 M M 3 138 23 180
29 93 63 78 5 0 13 0.00 0.0 0 4.3 13 190 M M 4 17 290
30 80 65 73 0 0 8 T 0.0 0 4.6 14 140 M M 8 18 140
================================================================================
SM 2613 1887 1 305 1.42 0.0 232.0 M 146
================================================================================
AV 87.1 62.9 7.7 FASTST M M 5 MAX(MPH)
MISC ----> 33 190 58 180
================================================================================
NOTES:
# LAST OF SEVERAL OCCURRENCES
-COLUMN 17 PEAK WIND IN M.P.H.
-PRECIPITATION AMOUNTS IN COLUMNS 7,8 AND 9 ARE THE OFFICIAL PRECIPITATION
AMOUNTS FOR SIOUX FALLS, SD.
-SNOW DEPTH IN COLUMN 9 IS RECORDED AT 6 AM CST (12Z).
PRELIMINARY LOCAL CLIMATOLOGICAL DATA (WS FORM: F-6) , PAGE 2
STATION: SIOUX FALLS
MONTH: JUNE
YEAR: 2023
LATITUDE: 43 34 N
LONGITUDE: 96 44 W
[TEMPERATURE DATA] [PRECIPITATION DATA] SYMBOLS USED IN COLUMN 16
AVERAGE MONTHLY: 75.0 TOTAL FOR MONTH: 1.42 1 = FOG OR MIST
DPTR FM NORMAL: 5.1 DPTR FM NORMAL: -2.81 2 = FOG REDUCING VISIBILITY
HIGHEST: 96 ON 19 GRTST 24HR 0.49 ON 9- 9 TO 1/4 MILE OR LESS
LOWEST: 48 ON 12 3 = THUNDER
SNOW, ICE PELLETS, HAIL 4 = ICE PELLETS
TOTAL MONTH: 0.0 INCH 5 = HAIL
GRTST 24HR 0.0 6 = FREEZING RAIN OR DRIZZLE
GRTST DEPTH: 0 7 = DUSTSTORM OR SANDSTORM:
VSBY 1/2 MILE OR LESS
8 = SMOKE OR HAZE
[NO. OF DAYS WITH] [WEATHER - DAYS WITH] 9 = BLOWING SNOW
X = TORNADO
MAX 32 OR BELOW: 0 0.01 INCH OR MORE: 8
MAX 90 OR ABOVE: 12 0.10 INCH OR MORE: 4
MIN 32 OR BELOW: 0 0.50 INCH OR MORE: 0
MIN 0 OR BELOW: 0 1.00 INCH OR MORE: 0
[HDD (BASE 65) ]
TOTAL THIS MO. 1 CLEAR (SCALE 0-3) 9
DPTR FM NORMAL -31 PTCLDY (SCALE 4-7) 20
TOTAL FM JUL 1 7386 CLOUDY (SCALE 8-10) 1
DPTR FM NORMAL 141
[CDD (BASE 65) ]
TOTAL THIS MO. 305
DPTR FM NORMAL 127 [PRESSURE DATA]
TOTAL FM JAN 1 443 HIGHEST SLP 30.08 ON 5
DPTR FM NORMAL 214 LOWEST SLP 29.58 ON 25
[REMARKS]
JUNE 2023 WAS THE 6TH WARMEST JUNE ON RECORD WITH A MEAN TEMPERATURE
OF 75.0 DEGREES. MAXIMUM TEMPERATURES AVERAGED 8TH WARMEST (87.1 DEGREES)
WITH MINIMUM TEMPERATURES 3RD WARMEST (62.9 DEGREES)
#FINAL-06-23#