000
CXUS53 KFSD 011959
CF6FSD
PRELIMINARY LOCAL CLIMATOLOGICAL DATA (WS FORM: F-6)
STATION: SIOUX FALLS
MONTH: JANUARY
YEAR: 2022
LATITUDE: 43 34 N
LONGITUDE: 96 44 W
TEMPERATURE IN F: :PCPN: SNOW: WIND :SUNSHINE: SKY :PK WND
================================================================================
1 2 3 4 5 6A 6B 7 8 9 10 11 12 13 14 15 16 17 18
12Z AVG MX 2MIN
DY MAX MIN AVG DEP HDD CDD WTR SNW DPTH SPD SPD DIR MIN PSBL S-S WX SPD DR
================================================================================
1 4 -7 -1 -19 66 0 0.00 0.0 T 11.2 18 350 M M 7 23 10
2 22 -7 8 -10 57 0 0.00 0.0 T 6.9 15 190 M M 1 19 180
3 43 9 26 8 39 0 0.00 0.0 T 3.7 9 110 M M 2 12 190
4 43 6 25 7 40 0 T T 0 19.2 39 310 M M 7 9 56 300
5 10 -2 4 -14 61 0 T T T 24.3 38 310 M M 7 9 52 310
6 -1 -10 -5 -23 70 0 T T T 11.6 23 330 M M 2 30 320
7 21 -5 8 -10 57 0 T T T 16.0 32 180 M M 8 48 160
8 37 7 22 4 43 0 0.00 0.0 T 14.5 30 190 M M 5 43 190
9 22 1 12 -6 53 0 0.00 0.0 0 8.7 23 330 M M 2 30 330
10 22 3 13 -5 52 0 0.00 0.0 0 6.2 16 160 M M 4 23 170
11 52 19 36 18 29 0 0.00 0.0 0 10.0 28 290 M M 5 38 280
12 51 32 42 24 23 0 0.00 0.0 0 5.7 15 270 M M 6 21 290
13 43 25 34 16 31 0 0.00 0.0 0 9.0 18 90 M M 5 1 21 80
14 31 12 22 4 43 0 0.28 2.7 T 14.9 28 30 M M 10 1469 37 30
15 16 -4 6 -12 59 0 0.00 0.0 3 7.4 18 180 M M 3 26 170
16 41 14 28 10 37 0 0.00 0.0 2 11.2 25 310 M M 7 35 310
17 45 20 33 15 32 0 0.00 0.0 1 5.0 10 160 M M 5 15 150
18 52 9 31 13 34 0 0.00 0.0 T 15.0 31 320 M M 5 1 45 310
19 11 -1 5 -13 60 0 0.00 0.0 0 16.2 28 330 M M 2 39 330
20 13 -6 4 -14 61 0 0.00 0.0 0 5.9 18 180 M M 0 25 160
21 28 6 17 -1 48 0 0.01 0.1 0 15.5 32 190 M M 6 44 180
22 43 10 27 9 38 0 T T T 10.5 30 310 M M 6 6 42 300
23 29 2 16 -2 49 0 T T T 7.8 20 190 M M 8 1 26 180
24 35 -1 17 -1 48 0 T T T 12.6 23 10 M M 5 30 20
25 15 -5 5 -13 60 0 0.00 0.0 T 6.3 17 310 M M 1 25 320
26 43 -3 20 2 45 0 0.00 0.0 T 11.3 25 210 M M 5 38 210
27 37 0 19 1 46 0 T T 0 13.0 24 300 M M 7 32 300
28 34 -5 15 -3 50 0 0.00 0.0 0 5.6 14 200 M M 5 18 230
29 47 9 28 10 37 0 0.00 0.0 0 8.7 25 320 M M 2 1 34 320
30 29 10 20 2 45 0 0.00 0.0 0 7.3 15 360 M M 6 21 350
31 50 15 33 15 32 0 0.00 0.0 0 6.7 23 290 M M 6 35 280
================================================================================
SM 968 153 1445 0 0.29 2.8 327.9 M 150
================================================================================
AV 31.2 4.9 10.6 FASTST M M 5 MAX(MPH)
MISC ----> 39 310 56 300
================================================================================
NOTES:
# LAST OF SEVERAL OCCURRENCES
-COLUMN 17 PEAK WIND IN M.P.H.
-PRECIPITATION AMOUNTS IN COLUMNS 7,8 AND 9 ARE THE OFFICIAL
PRECIPITATION AMOUNTS FOR SIOUX FALLS, SD.
-SNOW DEPTH IN COLUMN 9 IS RECORDED AT 6 AM CST (12Z).
PRELIMINARY LOCAL CLIMATOLOGICAL DATA (WS FORM: F-6) , PAGE 2
STATION: SIOUX FALLS
MONTH: JANUARY
YEAR: 2022
LATITUDE: 43 34 N
LONGITUDE: 96 44 W
[TEMPERATURE DATA] [PRECIPITATION DATA] SYMBOLS USED IN COLUMN 16
AVERAGE MONTHLY: 18.1 TOTAL FOR MONTH: 0.29 1 = FOG OR MIST
DPTR FM NORMAL: 0.2 DPTR FM NORMAL: -0.31 2 = FOG REDUCING VISIBILITY
HIGHEST: 52 ON 18,11 GRTST 24HR 0.28 ON 14-14 TO 1/4 MILE OR LESS
LOWEST: -10 ON 6 3 = THUNDER
SNOW, ICE PELLETS, HAIL 4 = ICE PELLETS
TOTAL MONTH: 2.8 INCHES 5 = HAIL
GRTST 24HR 2.7 ON 14-14 6 = FREEZING RAIN OR DRIZZLE
GRTST DEPTH: 3 ON 15 7 = DUSTSTORM OR SANDSTORM:
VSBY 1/2 MILE OR LESS
8 = SMOKE OR HAZE
[NO. OF DAYS WITH] [WEATHER - DAYS WITH] 9 = BLOWING SNOW
X = TORNADO
MAX 32 OR BELOW: 15 0.01 INCH OR MORE: 2
MAX 90 OR ABOVE: 0 0.10 INCH OR MORE: 1
MIN 32 OR BELOW: 31 0.50 INCH OR MORE: 0
MIN 0 OR BELOW: 13 1.00 INCH OR MORE: 0
[HDD (BASE 65) ]
TOTAL THIS MO. 1445 CLEAR (SCALE 0-3) 9
DPTR FM NORMAL -16 PTCLDY (SCALE 4-7) 20
TOTAL FM JUL 1 3779 CLOUDY (SCALE 8-10) 2
DPTR FM NORMAL -537
[CDD (BASE 65) ]
TOTAL THIS MO. 0
DPTR FM NORMAL 0 [PRESSURE DATA]
TOTAL FM JAN 1 0 HIGHEST SLP 30.78 ON 20
DPTR FM NORMAL 0 LOWEST SLP 29.40 ON 4
[REMARKS]
RECORD WARMEST DAILY MAXIMUM TEMPERATURE WAS ESTABLISHED ON THE 11TH WITH
52 DEGREES. THE PREVIOUS RECORD WAS 51 DEGREES IN 1958.
RECORD WARMEST DAILY MAXIMUM TEMPERATURE WAS TIED ON THE 18TH WITH
52 DEGREES. THE PREVIOUS OCCURRENCE WAS 52 DEGREES IN 1944.
#FINAL-01-22#