000
CXUS54 KFWD 010830
CF6FTW
PRELIMINARY LOCAL CLIMATOLOGICAL DATA (WS FORM: F-6)
STATION: FORT WORTH MEACHAM
MONTH: FEBRUARY
YEAR: 2022
LATITUDE: 32 49 N
LONGITUDE: 97 21 W
TEMPERATURE IN F: :PCPN: SNOW: WIND :SUNSHINE: SKY :PK WND
================================================================================
1 2 3 4 5 6A 6B 7 8 9 10 11 12 13 14 15 16 17 18
12Z AVG MX 2MIN
DY MAX MIN AVG DEP HDD CDD WTR SNW DPTH SPD SPD DIR MIN PSBL S-S WX SPD DR
================================================================================
1 71 53 62 15 3 0 0.00 M M 10.5 20 180 M M 7 26 170
2 56 28 42 -6 23 0 0.57 M M 13.5 25 360 M M 9 16 34 360
3 28 17 23 -25 42 0 T M M 16.8 23 330 M M 10 16 36 330
4 33 18 26 -22 39 0 0.00 M M 11.7 21 310 M M 4 27 320
5 47 19 33 -15 32 0 0.00 M M 7.4 16 160 M M 0 20 160
6 56 26 41 -7 24 0 0.00 M M 5.9 15 180 M M 0 23 170
7 58 31 45 -3 20 0 M M M 7.3 16 350 M M 0 22 350
8 67 35 51 3 14 0 0.00 M M 7.8 20 190 M M 0 29 180
9 69 34 52 3 13 0 0.00 M M 2.8 12 30 M M 0 8 15 50
10 70 37 54 5 11 0 0.00 M M 3.5 12 200 M M 0 16 260
11 76 41 59 10 6 0 0.00 M M 10.3 30 20 M M 1 40 20
12 54 31 43 -6 22 0 M M M 15.6 29 10 M M 5 41 10
13 64 28 46 -3 19 0 0.00 M M 4.4 16 280 M M 0 22 280
14 71 36 54 4 11 0 0.00 M M 8.9 22 160 M M 0 29 160
15 71 44 58 8 7 0 0.00 M M 18.3 31 160 M M 0 43 170
16 69 61 65 15 0 0 0.00 M M 19.0 30 180 M M 8 43 170
17 67 29 48 -2 17 0 0.03 M M 16.8 31 270 M M 9 1 44 260
18 53 22 38 -12 27 0 0.00 M M 4.4 13 360 M M 0 18 360
19 64 31 48 -3 17 0 0.00 M M 4.5 15 150 M M 0 19 140
20 66 40 53 2 12 0 0.00 M M 13.8 25 190 M M 0 32 180
21 84 55 70 19 0 5 T M M 13.7 29 160 M M 4 13 40 160
22 66 30 48 -3 17 0 0.04 M M 13.5 26 320 M M 2 1 36 330
23 30 20 25 -27 40 0 0.03 M M 14.1 25 10 M M 10 136 35 30
24 28 20 24 -28 41 0 T M M 11.0 20 350 M M 10 16 25 350
25 38 20 29 -23 36 0 0.00 M M 11.1 20 360 M M 6 25 350
26 38 31 35 -17 30 0 0.02 M M 7.0 14 10 M M 10 18 17 10
27 57 28 43 -9 22 0 0.00 M M 8.8 18 360 M M 1 24 330
28 65 24 45 -8 20 0 0.00 M M 2.9 10 100 M M 0 16 220
================================================================================
SM 1616 889 565 5 0.69 M 285.3 M 96
================================================================================
AV 57.7 31.8 10.2 FASTST M M 3 MAX(MPH)
MISC ----> # 31 160 44 260
================================================================================
NOTES:
# LAST OF SEVERAL OCCURRENCES
COLUMN 17 PEAK WIND IN M.P.H.
PRELIMINARY LOCAL CLIMATOLOGICAL DATA (WS FORM: F-6) , PAGE 2
STATION: FORT WORTH MEACHAM
MONTH: FEBRUARY
YEAR: 2022
LATITUDE: 32 49 N
LONGITUDE: 97 21 W
[TEMPERATURE DATA] [PRECIPITATION DATA] SYMBOLS USED IN COLUMN 16
AVERAGE MONTHLY: 44.7 TOTAL FOR MONTH: 0.69 1 = FOG OR MIST
DPTR FM NORMAL: -5.1 DPTR FM NORMAL: -1.72 2 = FOG REDUCING VISIBILITY
HIGHEST: 84 ON 21 GRTST 24HR 0.57 ON 2- 2 TO 1/4 MILE OR LESS
LOWEST: 17 ON 3 3 = THUNDER
SNOW, ICE PELLETS, HAIL 4 = ICE PELLETS
TOTAL MONTH: M 5 = HAIL
GRTST 24HR M ON M 6 = FREEZING RAIN OR DRIZZLE
GRTST DEPTH: M ON M 7 = DUSTSTORM OR SANDSTORM:
VSBY 1/2 MILE OR LESS
8 = SMOKE OR HAZE
[NO. OF DAYS WITH] [WEATHER - DAYS WITH] 9 = BLOWING SNOW
X = TORNADO
MAX 32 OR BELOW: 3 0.01 INCH OR MORE: 5
MAX 90 OR ABOVE: 0 0.10 INCH OR MORE: 1
MIN 32 OR BELOW: 18 0.50 INCH OR MORE: 1
MIN 0 OR BELOW: 0 1.00 INCH OR MORE: 0
[HDD (BASE 65) ]
TOTAL THIS MO. 565 CLEAR (SCALE 0-3) 16
DPTR FM NORMAL 133 PTCLDY (SCALE 4-7) 5
TOTAL FM JUL 1 1688 CLOUDY (SCALE 8-10) 7
DPTR FM NORMAL -271
[CDD (BASE 65) ]
TOTAL THIS MO. 5
DPTR FM NORMAL -2 [PRESSURE DATA]
TOTAL FM JAN 1 5 HIGHEST SLP 30.66 ON 4
DPTR FM NORMAL 3 LOWEST SLP 29.60 ON 21
[REMARKS]
#FINAL-02-22#