000
CXUS52 KFFC 011110
CF6FTY
PRELIMINARY LOCAL CLIMATOLOGICAL DATA (WS FORM: F-6)
STATION: FULTON COUNTY AIRPORT
MONTH: DECEMBER
YEAR: 2020
LATITUDE: 33 46 N
LONGITUDE: 84 31 W
TEMPERATURE IN F: :PCPN: SNOW: WIND :SUNSHINE: SKY :PK WND
================================================================================
1 2 3 4 5 6A 6B 7 8 9 10 11 12 13 14 15 16 17 18
12Z AVG MX 2MIN
DY MAX MIN AVG DEP HDD CDD WTR SNW DPTH SPD SPD DIR MIN PSBL S-S WX SPD DR
================================================================================
1 43 29 36 -12 29 0 T M M 9.1 20 310 M M 2 27 310
2 53 26 40 -8 25 0 0.00 M M 3.8 14 320 M M 0 18 320
3 57 27 42 -6 23 0 0.00 M M 2.9 12 160 M M 3 6 15 140
4 57 41 49 2 16 0 0.30 M M 6.5 23 300 M M 7 18 31 330
5 56 37 47 0 18 0 0.00 0.0 M 5.1 17 290 M M 0 22 290
6 55 33 44 -3 21 0 0.03 0.0 M 1.5 8 190 M M 3 1 10 210
7 48 34 41 -5 24 0 0.00 M M 9.9 22 330 M M 8 1 29 290
8 48 31 40 -6 25 0 0.00 M M 6.5 17 330 M M 0 23 320
9 61 28 45 -1 20 0 0.00 M M 2.0 14 300 M M 0 18 310
10 68 34 51 5 14 0 0.00 M M 0.7 7 210 M M 0 1 9 210
11 67 35 51 6 14 0 0.00 M M 1.8 12 160 M M 0 1 19 150
12 68 46 57 12 8 0 0.04 M M 4.4 15 220 M M 7 1 22 210
13 68 52 60 15 5 0 0.02 M M 1.9 8 180 M M 6 12 12 200
14 64 38 51 6 14 0 0.35 M M 11.1 29 290 M M 6 1 43 290
15 52 31 42 -3 23 0 T M M 7.3 17 80 M M 3 25 70
16 45 40 43 -1 22 0 0.33 M M 4.8 14 290 M M 10 1 19 310
17 41 32 37 -7 28 0 0.00 M M 7.3 15 310 M M 7 23 280
18 52 29 41 -3 24 0 0.00 M M 3.3 10 330 M M 0 14 20
19 53 26 40 -4 25 0 0.00 M M 2.7 15 140 M M 1 1 18 140
20 56 41 49 5 16 0 T M M 2.7 10 140 M M 9 1 14 140
21 60 36 48 4 17 0 0.00 0.0 M 5.4 18 290 M M 3 1 22 290
22 60 35 48 4 17 0 0.00 M M 5.0 17 310 M M 0 25 310
23 60 29 45 2 20 0 T M M 4.0 15 150 M M 1 18 150
24 56 29 43 0 22 0 1.43 T M 10.3 25 290 M M 9 1 35 280
25 34 25 30 -13 35 0 0.00 M M 10.5 23 300 M M 1 31 280
26 49 21 35 -8 30 0 0.00 M M 4.0 15 310 M M 0 19 300
27 58 25 42 -1 23 0 0.00 M M 2.3 12 160 M M 0 8 13 160
28 60 28 44 1 21 0 0.00 M M 1.8 10 210 M M 5 14 210
29 64 32 48 5 17 0 T M M 2.5 8 100 M M 2 128 12 90
30 53 46 50 7 15 0 0.00 M M 6.6 12 80 M M 9 16 90
31 57 45 51 8 14 0 0.01 M M 4.6 8 110 M M 10 128 12 130
================================================================================
SM 1723 1041 625 0 2.51 T 152.3 M 112
================================================================================
AV 55.6 33.6 4.9 FASTST M M 4 MAX(MPH)
MISC ----> 29 290 43 290
================================================================================
NOTES:
# LAST OF SEVERAL OCCURRENCES
COLUMN 17 PEAK WIND IN M.P.H.
PRELIMINARY LOCAL CLIMATOLOGICAL DATA (WS FORM: F-6) , PAGE 2
STATION: FULTON COUNTY AIRPORT
MONTH: DECEMBER
YEAR: 2020
LATITUDE: 33 46 N
LONGITUDE: 84 31 W
[TEMPERATURE DATA] [PRECIPITATION DATA] SYMBOLS USED IN COLUMN 16
AVERAGE MONTHLY: 44.6 TOTAL FOR MONTH: 2.51 1 = FOG OR MIST
DPTR FM NORMAL: -0.2 DPTR FM NORMAL: -1.48 2 = FOG REDUCING VISIBILITY
HIGHEST: 68 ON 13,12 GRTST 24HR 1.43 ON 24-24 TO 1/4 MILE OR LESS
LOWEST: 21 ON 26 3 = THUNDER
SNOW, ICE PELLETS, HAIL 4 = ICE PELLETS
TOTAL MONTH: T 5 = HAIL
GRTST 24HR T ON 24-24 6 = FREEZING RAIN OR DRIZZLE
GRTST DEPTH: M ON M 7 = DUSTSTORM OR SANDSTORM:
VSBY 1/2 MILE OR LESS
8 = SMOKE OR HAZE
[NO. OF DAYS WITH] [WEATHER - DAYS WITH] 9 = BLOWING SNOW
X = TORNADO
MAX 32 OR BELOW: 0 0.01 INCH OR MORE: 8
MAX 90 OR ABOVE: 0 0.10 INCH OR MORE: 4
MIN 32 OR BELOW: 16 0.50 INCH OR MORE: 1
MIN 0 OR BELOW: 0 1.00 INCH OR MORE: 1
[HDD (BASE 65) ]
TOTAL THIS MO. 625 CLEAR (SCALE 0-3) 16
DPTR FM NORMAL -2 PTCLDY (SCALE 4-7) 10
TOTAL FM JUL 1 966 CLOUDY (SCALE 8-10) 5
DPTR FM NORMAL -171
[CDD (BASE 65) ]
TOTAL THIS MO. 0
DPTR FM NORMAL -1 [PRESSURE DATA]
TOTAL FM JAN 1 1867 HIGHEST SLP 30.43 ON 29
DPTR FM NORMAL 122 LOWEST SLP 29.61 ON 24
[REMARKS]
#FINAL-12-20#