000
CXUS52 KFFC 011010
CF6FTY
PRELIMINARY LOCAL CLIMATOLOGICAL DATA (WS FORM: F-6)
STATION: FULTON COUNTY AIRPORT
MONTH: SEPTEMBER
YEAR: 2023
LATITUDE: 33 46 N
LONGITUDE: 84 31 W
TEMPERATURE IN F: :PCPN: SNOW: WIND :SUNSHINE: SKY :PK WND
================================================================================
1 2 3 4 5 6A 6B 7 8 9 10 11 12 13 14 15 16 17 18
12Z AVG MX 2MIN
DY MAX MIN AVG DEP HDD CDD WTR SNW DPTH SPD SPD DIR MIN PSBL S-S WX SPD DR
================================================================================
1 85 73 79 2 0 14 0.00 M M 8.1 17 80 M M 6 25 80
2 83 66 75 -2 0 10 0.00 M M 5.1 16 60 M M 2 22 60
3 87 63 75 -2 0 10 0.00 M M 1.6 9 70 M M 0 15 80
4 89 65 77 1 0 12 0.00 M M 1.0 9 320 M M 0 12 330
5 89 67 78 2 0 13 0.00 M M 1.1 9 340 M M 0 12 340
6 90 68 79 3 0 14 0.00 M M 2.1 14 320 M M 0 19 330
7 89 70 80 4 0 15 0.00 M M 5.2 15 290 M M 1 22 300
8 84 63 74 -2 0 9 0.00 M M 2.6 13 290 M M 1 18 270
9 86 64 75 0 0 10 0.00 M M 4.3 14 80 M M 3 3 17 80
10 88 65 77 2 0 12 0.00 M M 2.9 10 60 M M 2 20 110
11 91 67 79 4 0 14 0.00 M M 2.5 7 40 M M 1 3 12 360
12 91 67 79 4 0 14 T M M 2.4 18 360 M M 2 3 27 320
13 84 70 77 3 0 12 0.24 M M 3.1 12 290 M M 6 138 19 290
14 79 68 74 0 0 9 0.61 M M 2.9 15 80 M M 8 13 24 80
15 74 67 71 -3 0 6 0.07 M M 5.4 13 90 M M 8 1 19 50
16 70 65 68 -6 0 3 0.85 M M 2.9 10 160 M M 10 1 14 120
17 81 62 72 -1 0 7 0.92 M M 4.9 17 300 M M 5 1 23 300
18 80 58 69 -4 0 4 0.00 M M 3.3 15 300 M M 1 21 290
19 82 55 69 -4 0 4 0.00 M M 1.5 8 240 M M 2 13 170
20 81 58 70 -2 0 5 0.00 M M 2.2 12 160 M M 3 19 120
21 83 61 72 0 0 7 0.00 M 0 3.5 14 40 M M 4 20 60
22 82 59 71 -1 0 6 0.00 M M 3.3 14 80 M M 3 19 80
23 84 58 71 -1 0 6 0.00 M M 4.1 21 290 M M 0 1 28 310
24 83 55 69 -2 0 4 0.00 M M 2.6 12 290 M M 0 15 300
25 87 56 72 1 0 7 0.00 M M 1.5 13 350 M M 0 16 330
26 84 65 75 5 0 10 0.00 M M 3.5 10 140 M M 4 15 40
27 75 65 70 0 0 5 0.00 M M 6.9 16 70 M M 9 21 80
28 77 60 69 -1 0 4 0.00 M M 4.6 15 70 M M 4 20 70
29 84 56 70 0 0 5 0.00 M 0 1.7 9 70 M M 1 17 50
30 86 60 73 4 0 8 0.00 M M 1.3 8 320 M M 1 1 13 40
================================================================================
SM 2508 1896 0 259 2.69 M 98.1 M 87
================================================================================
AV 83.6 63.2 3.3 FASTST M M 3 MAX(MPH)
MISC ----> 21 290 28 310
================================================================================
NOTES:
# LAST OF SEVERAL OCCURRENCES
COLUMN 17 PEAK WIND IN M.P.H.
PRELIMINARY LOCAL CLIMATOLOGICAL DATA (WS FORM: F-6) , PAGE 2
STATION: FULTON COUNTY AIRPORT
MONTH: SEPTEMBER
YEAR: 2023
LATITUDE: 33 46 N
LONGITUDE: 84 31 W
[TEMPERATURE DATA] [PRECIPITATION DATA] SYMBOLS USED IN COLUMN 16
AVERAGE MONTHLY: 73.4 TOTAL FOR MONTH: 2.69 1 = FOG OR MIST
DPTR FM NORMAL: -0.1 DPTR FM NORMAL: -0.67 2 = FOG REDUCING VISIBILITY
HIGHEST: 91 ON 12,11 GRTST 24HR 1.77 ON 16-17 TO 1/4 MILE OR LESS
LOWEST: 55 ON 24,19 3 = THUNDER
SNOW, ICE PELLETS, HAIL 4 = ICE PELLETS
TOTAL MONTH: M 5 = HAIL
GRTST 24HR M ON M 6 = FREEZING RAIN OR DRIZZLE
GRTST DEPTH: 0 7 = DUSTSTORM OR SANDSTORM:
VSBY 1/2 MILE OR LESS
8 = SMOKE OR HAZE
[NO. OF DAYS WITH] [WEATHER - DAYS WITH] 9 = BLOWING SNOW
X = TORNADO
MAX 32 OR BELOW: 0 0.01 INCH OR MORE: 5
MAX 90 OR ABOVE: 3 0.10 INCH OR MORE: 4
MIN 32 OR BELOW: 0 0.50 INCH OR MORE: 3
MIN 0 OR BELOW: 0 1.00 INCH OR MORE: 0
[HDD (BASE 65) ]
TOTAL THIS MO. 0 CLEAR (SCALE 0-3) 19
DPTR FM NORMAL -8 PTCLDY (SCALE 4-7) 9
TOTAL FM JUL 1 0 CLOUDY (SCALE 8-10) 2
DPTR FM NORMAL -5
[CDD (BASE 65) ]
TOTAL THIS MO. 259
DPTR FM NORMAL -2 [PRESSURE DATA]
TOTAL FM JAN 1 1731 HIGHEST SLP 30.23 ON 2
DPTR FM NORMAL -26 LOWEST SLP 29.80 ON 7
[REMARKS]
#FINAL-09-23#