000
CXUS53 KIWX 010810
CF6FWA
PRELIMINARY LOCAL CLIMATOLOGICAL DATA (WS FORM: F-6)
STATION: FORT WAYNE
MONTH: APRIL
YEAR: 2023
LATITUDE: 41 0 N
LONGITUDE: 85 12 W
TEMPERATURE IN F: :PCPN: SNOW: WIND :SUNSHINE: SKY :PK WND
================================================================================
1 2 3 4 5 6A 6B 7 8 9 10 11 12 13 14 15 16 17 18
12Z AVG MX 2MIN
DY MAX MIN AVG DEP HDD CDD WTR SNW DPTH SPD SPD DIR MIN PSBL S-S WX SPD DR
================================================================================
1 54 35 45 1 20 0 0.14 0.0 0 17.3 41 270 M M 8 1 53 270
2 51 35 43 -2 22 0 0.00 0.0 0 7.2 18 170 M M 7 23 170
3 68 35 52 7 13 0 0.00 0.0 0 6.2 16 60 M M 5 21 70
4 68 48 58 12 7 0 0.12 0.0 0 12.1 24 150 M M 9 138 30 140
5 74 44 59 13 6 0 0.33 0.0 0 18.6 37 260 M M 9 13 49 220
6 50 36 43 -3 22 0 0.00 0.0 0 10.3 21 280 M M 8 28 300
7 56 32 44 -3 21 0 0.00 0.0 0 6.9 14 50 M M 7 19 40
8 58 31 45 -2 20 0 0.00 0.0 0 7.8 18 130 M M 3 23 120
9 65 33 49 1 16 0 0.00 0.0 0 6.1 15 100 M M 2 21 100
10 68 35 52 4 13 0 0.00 0.0 0 4.6 13 210 M M 5 19 180
11 75 39 57 9 8 0 0.00 0.0 0 10.4 21 240 M M 4 27 230
12 79 49 64 15 1 0 0.00 0.0 0 13.6 25 250 M M 1 39 230
13 81 47 64 15 1 0 0.00 0.0 0 8.0 15 220 M M 2 21 210
14 83 47 65 15 0 0 0.00 0.0 0 3.5 12 210 M M 6 15 190
15 82 58 70 20 0 5 T 0.0 0 7.5 18 240 M M 7 25 230
16 68 38 53 3 12 0 0.03 0.0 0 16.9 32 250 M M 9 1 46 240
17 40 35 38 -13 27 0 0.02 T 0 17.6 33 260 M M 10 45 270
18 57 32 45 -6 20 0 0.00 0.0 0 11.2 17 270 M M 4 29 270
19 75 32 54 2 11 0 0.01 0.0 0 9.2 21 120 M M 7 25 120
20 84 46 65 13 0 0 0.24 0.0 0 11.3 25 210 M M 9 3 36 200
21 63 46 55 3 10 0 0.23 0.0 0 8.1 17 290 M M 10 1 24 260
22 52 37 45 -8 20 0 0.04 0.0 0 11.5 23 280 M M 9 31 280
23 45 34 40 -13 25 0 T 0.0 0 13.6 15 250 M M 9 18 250
24 52 30 41 -13 24 0 0.01 T 0 5.5 24 290 M M 6 1 26 290
25 55 32 44 -10 21 0 T 0.0 0 6.0 21 270 M M 8 23 270
26 57 28 43 -11 22 0 0.00 0.0 0 3.6 13 360 M M 3 1 15 30
27 62 33 48 -7 17 0 0.00 0.0 0 9.3 17 60 M M 6 23 70
28 54 45 50 -5 15 0 0.54 0.0 0 10.8 18 50 M M 10 1 27 40
29 70 45 58 3 7 0 0.13 0.0 0 8.8 33 240 M M 8 1 52 220
30 54 40 47 -9 18 0 0.12 0.0 0 13.6 28 250 M M 9 37 260
================================================================================
SM 1900 1157 419 5 1.96 T 297.1 M 200
================================================================================
AV 63.3 38.6 9.9 FASTST M M 7 MAX(MPH)
MISC ----> 41 270 53 270
================================================================================
NOTES:
# LAST OF SEVERAL OCCURRENCES
COLUMN 17 PEAK WIND IN M.P.H.
PRELIMINARY LOCAL CLIMATOLOGICAL DATA (WS FORM: F-6) , PAGE 2
STATION: FORT WAYNE
MONTH: APRIL
YEAR: 2023
LATITUDE: 41 0 N
LONGITUDE: 85 12 W
[TEMPERATURE DATA] [PRECIPITATION DATA] SYMBOLS USED IN COLUMN 16
AVERAGE MONTHLY: 50.9 TOTAL FOR MONTH: 1.96 1 = FOG OR MIST
DPTR FM NORMAL: 0.7 DPTR FM NORMAL: -1.78 2 = FOG REDUCING VISIBILITY
HIGHEST: 84 ON 20 GRTST 24HR 0.80 ON 31- 1 TO 1/4 MILE OR LESS
LOWEST: 28 ON 26 3 = THUNDER
SNOW, ICE PELLETS, HAIL 4 = ICE PELLETS
TOTAL MONTH: T 5 = HAIL
GRTST 24HR T ON 17-17 6 = FREEZING RAIN OR DRIZZLE
GRTST DEPTH: 0 7 = DUSTSTORM OR SANDSTORM:
VSBY 1/2 MILE OR LESS
8 = SMOKE OR HAZE
[NO. OF DAYS WITH] [WEATHER - DAYS WITH] 9 = BLOWING SNOW
X = TORNADO
MAX 32 OR BELOW: 0 0.01 INCH OR MORE: 13
MAX 90 OR ABOVE: 0 0.10 INCH OR MORE: 8
MIN 32 OR BELOW: 7 0.50 INCH OR MORE: 1
MIN 0 OR BELOW: 0 1.00 INCH OR MORE: 0
[HDD (BASE 65) ]
TOTAL THIS MO. 419 CLEAR (SCALE 0-3) 5
DPTR FM NORMAL -33 PTCLDY (SCALE 4-7) 14
TOTAL FM JUL 1 5176 CLOUDY (SCALE 8-10) 11
DPTR FM NORMAL -591
[CDD (BASE 65) ]
TOTAL THIS MO. 5
DPTR FM NORMAL -2 [PRESSURE DATA]
TOTAL FM JAN 1 5 HIGHEST SLP 29.85 ON 28
DPTR FM NORMAL -3 LOWEST SLP 29.39 ON 30
[REMARKS]
#FINAL-04-23#