000
CXUS53 KIWX 010810
CF6FWA
PRELIMINARY LOCAL CLIMATOLOGICAL DATA (WS FORM: F-6)
STATION: FORT WAYNE
MONTH: MAY
YEAR: 2022
LATITUDE: 41 0 N
LONGITUDE: 85 12 W
TEMPERATURE IN F: :PCPN: SNOW: WIND :SUNSHINE: SKY :PK WND
================================================================================
1 2 3 4 5 6A 6B 7 8 9 10 11 12 13 14 15 16 17 18
12Z AVG MX 2MIN
DY MAX MIN AVG DEP HDD CDD WTR SNW DPTH SPD SPD DIR MIN PSBL S-S WX SPD DR
================================================================================
1 61 51 56 0 9 0 0.43 0.0 0 13.7 24 250 M M 10 13 33 250
2 61 45 53 -3 12 0 0.00 0.0 0 8.2 17 260 M M 9 22 250
3 72 51 62 5 3 0 0.70 0.0 0 11.9 29 270 M M 9 13 36 260
4 62 49 56 -1 9 0 T 0.0 0 7.6 17 360 M M 10 1 23 10
5 56 45 51 -7 14 0 0.51 0.0 0 9.2 21 50 M M 9 1 27 60
6 56 50 53 -5 12 0 0.16 0.0 0 14.6 21 70 M M 10 1 35 70
7 66 45 56 -2 9 0 T 0.0 0 15.4 25 50 M M 4 36 50
8 67 40 54 -5 11 0 0.00 0.0 0 9.4 21 100 M M 5 27 100
9 77 47 62 3 3 0 0.00 0.0 0 13.8 26 130 M M 4 37 140
10 85 59 72 13 0 7 0.00 0.0 0 9.3 15 170 M M 7 21 160
11 88 66 77 17 0 12 0.00 0.0 0 5.8 14 100 M M 7 19 90
12 86 59 73 13 0 8 0.00 0.0 0 8.1 17 150 M M 4 27 160
13 86 56 71 11 0 6 0.00 0.0 0 5.0 14 120 M M 4 21 160
14 86 59 73 12 0 8 0.14 0.0 0 4.5 24 290 M M 7 13 32 300
15 86 57 72 11 0 7 0.07 0.0 0 9.0 28 300 M M 8 13 39 280
16 75 54 65 4 0 0 0.12 0.0 0 8.3 24 270 M M 4 1 32 270
17 73 51 62 0 3 0 T 0.0 0 6.8 15 330 M M 5 23 310
18 63 56 60 -2 5 0 0.17 0.0 0 8.1 16 200 M M 10 1 22 210
19 81 58 70 8 0 5 T 0.0 0 10.6 20 220 M M 8 18 28 230
20 87 67 77 14 0 12 0.00 0.0 0 18.2 33 210 M M 7 45 190
21 80 63 72 9 0 7 0.07 0.0 0 9.2 38 260 M M 8 138 62 290
22 65 48 57 -6 8 0 T 0.0 0 9.2 18 290 M M 9 1 26 340
23 65 45 55 -9 10 0 0.00 0.0 0 9.8 20 90 M M 7 24 90
24 74 46 60 -4 5 0 0.00 0.0 0 10.4 17 70 M M 5 25 60
25 83 56 70 6 0 5 0.57 0.0 0 11.9 28 200 M M 9 138 39 180
26 73 63 68 3 0 3 0.10 0.0 0 10.5 25 230 M M 9 1 35 210
27 70 56 63 -2 2 0 0.03 0.0 0 10.3 17 290 M M 8 23 290
28 74 52 63 -2 2 0 0.00 0.0 0 5.5 13 250 M M 8 17 280
29 83 57 70 4 0 5 0.00 0.0 0 10.9 21 170 M M 5 25 170
30 89 62 76 10 0 11 0.00 0.0 0 13.6 28 210 M M 4 37 220
31 92 68 80 14 0 15 0.00 0.0 0 12.7 26 240 M M 6 8 37 230
================================================================================
SM 2322 1681 117 111 3.07 0.0 311.5 M 219
================================================================================
AV 74.9 54.2 10.0 FASTST M M 7 MAX(MPH)
MISC ----> 38 260 62 290
================================================================================
NOTES:
# LAST OF SEVERAL OCCURRENCES
COLUMN 17 PEAK WIND IN M.P.H.
PRELIMINARY LOCAL CLIMATOLOGICAL DATA (WS FORM: F-6) , PAGE 2
STATION: FORT WAYNE
MONTH: MAY
YEAR: 2022
LATITUDE: 41 0 N
LONGITUDE: 85 12 W
[TEMPERATURE DATA] [PRECIPITATION DATA] SYMBOLS USED IN COLUMN 16
AVERAGE MONTHLY: 64.6 TOTAL FOR MONTH: 3.07 1 = FOG OR MIST
DPTR FM NORMAL: 3.3 DPTR FM NORMAL: -1.51 2 = FOG REDUCING VISIBILITY
HIGHEST: 92 ON 31 GRTST 24HR 1.02 ON 30- 1 TO 1/4 MILE OR LESS
LOWEST: 40 ON 8 3 = THUNDER
SNOW, ICE PELLETS, HAIL 4 = ICE PELLETS
TOTAL MONTH: 0.0 INCH 5 = HAIL
GRTST 24HR 0.0 6 = FREEZING RAIN OR DRIZZLE
GRTST DEPTH: 0 7 = DUSTSTORM OR SANDSTORM:
VSBY 1/2 MILE OR LESS
8 = SMOKE OR HAZE
[NO. OF DAYS WITH] [WEATHER - DAYS WITH] 9 = BLOWING SNOW
X = TORNADO
MAX 32 OR BELOW: 0 0.01 INCH OR MORE: 12
MAX 90 OR ABOVE: 1 0.10 INCH OR MORE: 9
MIN 32 OR BELOW: 0 0.50 INCH OR MORE: 3
MIN 0 OR BELOW: 0 1.00 INCH OR MORE: 0
[HDD (BASE 65) ]
TOTAL THIS MO. 117 CLEAR (SCALE 0-3) 0
DPTR FM NORMAL -60 PTCLDY (SCALE 4-7) 20
TOTAL FM JUL 1 5589 CLOUDY (SCALE 8-10) 11
DPTR FM NORMAL -354
[CDD (BASE 65) ]
TOTAL THIS MO. 111
DPTR FM NORMAL 49 [PRESSURE DATA]
TOTAL FM JAN 1 119 HIGHEST SLP 30.36 ON 23
DPTR FM NORMAL 49 LOWEST SLP 29.51 ON 20
[REMARKS]
#FINAL-05-22#