000
CXUS53 KIWX 010910
CF6FWA
PRELIMINARY LOCAL CLIMATOLOGICAL DATA (WS FORM: F-6)
STATION: FORT WAYNE
MONTH: FEBRUARY
YEAR: 2022
LATITUDE: 41 0 N
LONGITUDE: 85 12 W
TEMPERATURE IN F: :PCPN: SNOW: WIND :SUNSHINE: SKY :PK WND
================================================================================
1 2 3 4 5 6A 6B 7 8 9 10 11 12 13 14 15 16 17 18
12Z AVG MX 2MIN
DY MAX MIN AVG DEP HDD CDD WTR SNW DPTH SPD SPD DIR MIN PSBL S-S WX SPD DR
================================================================================
1 51 25 38 12 27 0 T 0.0 1 9.4 22 180 M M 8 18 28 180
2 42 25 34 8 31 0 0.78 4.4 0 11.0 22 10 M M 10 149 29 10
3 25 18 22 -4 43 0 0.24 4.8 5 15.6 24 30 M M 10 19 30 20
4 20 8 14 -12 51 0 0.01 0.3 9 8.4 18 20 M M 8 9 26 20
5 17 2 10 -16 55 0 T T 9 9.4 20 260 M M 4 25 270
6 31 9 20 -6 45 0 0.00 0.0 8 10.0 18 210 M M 1 22 220
7 26 17 22 -5 43 0 T 0.1 6 12.0 20 260 M M 9 8 24 280
8 38 5 22 -5 43 0 T T 5 7.5 18 200 M M 5 18 25 200
9 40 32 36 9 29 0 T 0.0 5 14.1 22 250 M M 8 29 250
10 36 26 31 4 34 0 T T 3 15.2 25 250 M M 10 33 240
11 38 26 32 4 33 0 0.33 T 2 16.5 28 270 M M 10 1 34 280
12 32 19 26 -2 39 0 0.01 0.2 1 12.9 23 270 M M 10 168 31 280
13 20 10 15 -13 50 0 T 0.2 1 9.1 16 270 M M 8 1 22 280
14 21 9 15 -13 50 0 T T 1 4.8 14 220 M M 7 18 250
15 35 12 24 -5 41 0 0.00 0.0 1 8.4 16 130 M M 5 22 140
16 52 35 44 15 21 0 T 0.0 1 18.3 29 200 M M 9 40 200
17 53 24 39 10 26 0 0.93 1.8 T 15.7 25 10 M M 10 12469 35 30
18 29 18 24 -6 41 0 T 0.1 2 14.0 28 230 M M 5 1 39 230
19 32 13 23 -7 42 0 T T 1 14.4 36 280 M M 6 9 49 270
20 48 15 32 2 33 0 0.00 0.0 1 14.3 24 210 M M 2 32 220
21 58 34 46 16 19 0 0.00 0.0 T 7.9 18 180 M M 5 24 180
22 57 30 44 13 21 0 0.46 0.0 0 15.6 36 270 M M 10 13 48 260
23 30 25 28 -3 37 0 T T 0 13.0 24 270 M M 9 34 280
24 28 23 26 -6 39 0 0.17 1.5 0 16.1 26 60 M M 10 16 35 60
25 28 20 24 -8 41 0 0.01 0.3 2 8.0 16 330 M M 8 16 25 310
26 30 17 24 -8 41 0 T T 1 10.6 18 260 M M 4 1 23 240
27 42 23 33 1 32 0 0.00 0.0 T 11.7 22 260 M M 0 29 260
28 46 24 35 2 30 0 0.00 0.0 0 7.3 17 200 M M 5 23 200
================================================================================
SM 1005 544 1037 0 2.94 13.7 331.2 M 196
================================================================================
AV 35.9 19.4 11.8 FASTST M M 7 MAX(MPH)
MISC ----> # 36 280 49 270
================================================================================
NOTES:
# LAST OF SEVERAL OCCURRENCES
COLUMN 17 PEAK WIND IN M.P.H.
PRELIMINARY LOCAL CLIMATOLOGICAL DATA (WS FORM: F-6) , PAGE 2
STATION: FORT WAYNE
MONTH: FEBRUARY
YEAR: 2022
LATITUDE: 41 0 N
LONGITUDE: 85 12 W
[TEMPERATURE DATA] [PRECIPITATION DATA] SYMBOLS USED IN COLUMN 16
AVERAGE MONTHLY: 27.7 TOTAL FOR MONTH: 2.94 1 = FOG OR MIST
DPTR FM NORMAL: -1.0 DPTR FM NORMAL: 0.88 2 = FOG REDUCING VISIBILITY
HIGHEST: 58 ON 21 GRTST 24HR 1.59 ON 3- 4 TO 1/4 MILE OR LESS
LOWEST: 2 ON 5 3 = THUNDER
SNOW, ICE PELLETS, HAIL 4 = ICE PELLETS
TOTAL MONTH: 13.7 INCHES 5 = HAIL
GRTST 24HR 4.8 ON 3- 3 6 = FREEZING RAIN OR DRIZZLE
GRTST DEPTH: 9 ON 5, 4 7 = DUSTSTORM OR SANDSTORM:
VSBY 1/2 MILE OR LESS
8 = SMOKE OR HAZE
[NO. OF DAYS WITH] [WEATHER - DAYS WITH] 9 = BLOWING SNOW
X = TORNADO
MAX 32 OR BELOW: 14 0.01 INCH OR MORE: 9
MAX 90 OR ABOVE: 0 0.10 INCH OR MORE: 6
MIN 32 OR BELOW: 26 0.50 INCH OR MORE: 2
MIN 0 OR BELOW: 0 1.00 INCH OR MORE: 0
[HDD (BASE 65) ]
TOTAL THIS MO. 1037 CLEAR (SCALE 0-3) 3
DPTR FM NORMAL 22 PTCLDY (SCALE 4-7) 12
TOTAL FM JUL 1 4245 CLOUDY (SCALE 8-10) 13
DPTR FM NORMAL -252
[CDD (BASE 65) ]
TOTAL THIS MO. 0
DPTR FM NORMAL 0 [PRESSURE DATA]
TOTAL FM JAN 1 0 HIGHEST SLP 30.56 ON 26
DPTR FM NORMAL 0 LOWEST SLP 29.65 ON 17
[REMARKS]
#FINAL-02-22#