000
CXUS53 KIWX 020605 CCA
CF6FWA
PRELIMINARY LOCAL CLIMATOLOGICAL DATA (WS FORM: F-6)
STATION: FORT WAYNE
MONTH: FEBRUARY
YEAR: 2024
LATITUDE: 41 0 N
LONGITUDE: 85 12 W
TEMPERATURE IN F: :PCPN: SNOW: WIND :SUNSHINE: SKY :PK WND
================================================================================
1 2 3 4 5 6A 6B 7 8 9 10 11 12 13 14 15 16 17 18
12Z AVG MX 2MIN
DY MAX MIN AVG DEP HDD CDD WTR SNW DPTH SPD SPD DIR MIN PSBL S-S WX SPD DR
================================================================================
1 52 33 43 17 22 0 0.00 0.0 0 9.8 17 360 M M 5 22 250
2 43 30 37 11 28 0 0.00 0.0 0 9.2 18 70 M M 9 1 23 60
3 34 26 30 4 35 0 0.00 0.0 0 9.8 17 80 M M 9 1 22 70
4 44 28 36 10 29 0 0.00 0.0 0 9.2 16 70 M M 7 128 20 60
5 39 24 32 6 33 0 0.00 0.0 0 7.5 14 80 M M 3 18 17 80
6 44 29 37 11 28 0 0.00 0.0 0 6.7 13 120 M M 7 1 18 80
7 49 24 37 10 28 0 0.00 0.0 0 3.7 10 110 M M 8 12 100
8 62 35 49 22 16 0 0.00 0.0 0 13.3 26 190 M M 8 35 180
9 64 47 56 29 9 0 0.00 0.0 0 16.1 25 220 M M 7 37 230
10 50 31 41 14 24 0 0.00 0.0 0 8.7 17 270 M M 7 24 280
11 45 26 36 8 29 0 0.00 0.0 0 4.7 12 340 M M 4 15 340
12 45 23 34 6 31 0 0.00 0.0 0 4.6 13 360 M M 3 17 20
13 44 25 35 7 30 0 0.00 0.0 0 7.4 20 280 M M 6 18 27 280
14 43 22 33 5 32 0 0.00 0.0 0 3.4 9 110 M M 4 12 10
15 45 28 37 8 28 0 0.02 0.0 0 13.0 30 280 M M 8 41 290
16 31 17 24 -5 41 0 0.16 1.5 0 4.0 14 320 M M 8 1 19 310
17 24 13 19 -10 46 0 T 0.2 1 14.9 25 230 M M 6 18 34 230
18 33 14 24 -6 41 0 0.00 0.0 1 15.0 25 240 M M 0 34 240
19 43 16 30 0 35 0 0.00 0.0 0 4.0 12 230 M M 4 1 20 240
20 54 22 38 8 27 0 0.00 0.0 0 5.6 15 200 M M 1 18 19 170
21 63 33 48 18 17 0 T 0.0 0 11.1 28 210 M M 7 35 230
22 53 39 46 15 19 0 0.49 0.0 0 4.6 12 50 M M 9 12 16 330
23 52 32 42 11 23 0 0.08 T 0 9.3 18 310 M M 5 1 28 290
24 34 21 28 -4 37 0 0.14 1.0 1 9.5 21 60 M M 5 1 28 60
25 54 25 40 8 25 0 0.00 0.0 T 11.2 23 220 M M 3 30 220
26 67 31 49 17 16 0 0.00 0.0 0 6.0 16 180 M M 5 21 180
27 69 52 61 29 4 0 0.01 0.0 0 14.7 23 170 M M 8 3 33 210
28 63 24 44 11 21 0 0.06 T 0 17.3 32 280 M M 6 13 48 300
29 40 21 31 -2 34 0 0.00 0.0 0 8.6 20 270 M M 1 25 270
================================================================================
SM 1383 791 788 0 0.96 2.7 262.9 M 163
================================================================================
AV 47.7 27.3 9.1 FASTST M M 6 MAX(MPH)
MISC ----> 32 280 48 300
================================================================================
NOTES:
# LAST OF SEVERAL OCCURRENCES
COLUMN 17 PEAK WIND IN M.P.H.
PRELIMINARY LOCAL CLIMATOLOGICAL DATA (WS FORM: F-6) , PAGE 2
STATION: FORT WAYNE
MONTH: FEBRUARY
YEAR: 2024
LATITUDE: 41 0 N
LONGITUDE: 85 12 W
[TEMPERATURE DATA] [PRECIPITATION DATA] SYMBOLS USED IN COLUMN 16
AVERAGE MONTHLY: 37.5 TOTAL FOR MONTH: 0.96 1 = FOG OR MIST
DPTR FM NORMAL: 8.8 DPTR FM NORMAL: -1.10 2 = FOG REDUCING VISIBILITY
HIGHEST: 69 ON 27 GRTST 24HR 0.49 ON 21-22 TO 1/4 MILE OR LESS
LOWEST: 13 ON 17 3 = THUNDER
SNOW, ICE PELLETS, HAIL 4 = ICE PELLETS
TOTAL MONTH: 2.7 INCHES 5 = HAIL
GRTST 24HR 1.5 ON 16-16 6 = FREEZING RAIN OR DRIZZLE
GRTST DEPTH: 1 ON 24,18 7 = DUSTSTORM OR SANDSTORM:
VSBY 1/2 MILE OR LESS
8 = SMOKE OR HAZE
[NO. OF DAYS WITH] [WEATHER - DAYS WITH] 9 = BLOWING SNOW
X = TORNADO
MAX 32 OR BELOW: 2 0.01 INCH OR MORE: 7
MAX 90 OR ABOVE: 0 0.10 INCH OR MORE: 3
MIN 32 OR BELOW: 23 0.50 INCH OR MORE: 0
MIN 0 OR BELOW: 0 1.00 INCH OR MORE: 0
[HDD (BASE 65) ]
TOTAL THIS MO. 788 CLEAR (SCALE 0-3) 6
DPTR FM NORMAL -227 PTCLDY (SCALE 4-7) 15
TOTAL FM JUL 1 3813 CLOUDY (SCALE 8-10) 8
DPTR FM NORMAL -748
[CDD (BASE 65) ]
TOTAL THIS MO. 0
DPTR FM NORMAL 0 [PRESSURE DATA]
TOTAL FM JAN 1 0 HIGHEST SLP 30.54 ON 29
DPTR FM NORMAL 0 LOWEST SLP 29.28 ON 28
[REMARKS]
#FINAL-02-24#