000
CXUS53 KIWX 010800
CF6FWA
PRELIMINARY LOCAL CLIMATOLOGICAL DATA (WS FORM: F-6)
STATION: FORT WAYNE
MONTH: APRIL
YEAR: 2020
LATITUDE: 41 0 N
LONGITUDE: 85 12 W
TEMPERATURE IN F: :PCPN: SNOW: WIND :SUNSHINE: SKY :PK WND
================================================================================
1 2 3 4 5 6A 6B 7 8 9 10 11 12 13 14 15 16 17 18
12Z AVG MX 2MIN
DY MAX MIN AVG DEP HDD CDD WTR SNW DPTH SPD SPD DIR MIN PSBL S-S WX SPD DR
================================================================================
1 50 37 44 0 21 0 T 0.0 0 6.0 12 350 M M 7 1 17 350
2 61 29 45 0 20 0 0.00 0.0 0 2.4 10 310 M M 3 12 15 300
3 67 35 51 6 14 0 0.00 0.0 0 2.4 10 250 M M 5 17 280
4 63 40 52 6 13 0 T 0.0 0 7.4 16 290 M M 9 1 21 320
5 57 39 48 2 17 0 0.00 0.0 0 5.2 13 350 M M 7 1 16 10
6 66 32 49 3 16 0 T 0.0 0 5.1 13 210 M M 5 1 18 130
7 77 51 64 17 1 0 0.99 T 0 11.3 28 330 M M 6 135 38 340
8 73 48 61 14 4 0 0.03 0.0 0 7.3 31 260 M M 4 13 42 260
9 50 34 42 -6 23 0 0.00 0.0 0 16.8 30 290 M M 5 41 280
10 46 31 39 -9 26 0 0.00 0.0 0 10.7 22 270 M M 5 31 280
11 62 30 46 -2 19 0 T 0.0 0 7.6 21 200 M M 9 26 220
12 63 45 54 5 11 0 0.13 0.0 0 9.7 25 200 M M 9 1 33 200
13 54 32 43 -6 22 0 0.02 0.0 0 15.7 31 280 M M 8 1 52 270
14 43 26 35 -15 30 0 0.00 0.0 0 12.4 28 280 M M 6 39 270
15 40 25 33 -17 32 0 0.05 T 0 7.8 24 280 M M 7 1 32 290
16 46 22 34 -16 31 0 0.00 0.0 0 8.1 23 270 M M 6 30 290
17 38 32 35 -16 30 0 0.40 1.5 T 8.9 17 70 M M 10 14 23 90
18 55 28 42 -9 23 0 0.00 0.0 T 11.2 25 240 M M 4 1 34 240
19 63 38 51 0 14 0 0.00 0.0 0 11.3 21 340 M M 6 27 360
20 63 31 47 -5 18 0 T 0.0 0 11.7 25 250 M M 3 3 33 260
21 53 34 44 -8 21 0 0.10 0.0 0 13.8 31 270 M M 3 38 44 240
22 54 28 41 -11 24 0 0.01 T 0 8.2 20 60 M M 8 23 60
23 60 37 49 -4 16 0 T 0.0 0 10.2 21 110 M M 10 28 120
24 64 39 52 -1 13 0 0.00 0.0 0 5.0 13 50 M M 8 18 15 60
25 58 47 53 -1 12 0 T 0.0 0 16.3 28 50 M M 10 18 37 40
26 64 41 53 -1 12 0 0.07 0.0 0 14.4 26 350 M M 7 37 360
27 67 32 50 -4 15 0 0.04 0.0 0 8.2 23 240 M M 5 37 240
28 76 48 62 7 3 0 0.20 0.0 0 9.5 26 190 M M 8 1 36 190
29 63 44 54 -1 11 0 0.19 0.0 0 13.9 28 230 M M 8 13 35 230
30 47 41 44 -11 21 0 0.05 0.0 0 13.8 23 260 M M 10 1 30 330
================================================================================
SM 1743 1076 533 0 2.28 1.5 292.3 M 201
================================================================================
AV 58.1 35.9 9.7 FASTST M M 7 MAX(MPH)
MISC ----> # 31 260 # 52 270
================================================================================
NOTES:
# LAST OF SEVERAL OCCURRENCES
COLUMN 17 PEAK WIND IN M.P.H.
PRELIMINARY LOCAL CLIMATOLOGICAL DATA (WS FORM: F-6) , PAGE 2
STATION: FORT WAYNE
MONTH: APRIL
YEAR: 2020
LATITUDE: 41 0 N
LONGITUDE: 85 12 W
[TEMPERATURE DATA] [PRECIPITATION DATA] SYMBOLS USED IN COLUMN 16
AVERAGE MONTHLY: 47.0 TOTAL FOR MONTH: 2.28 1 = FOG OR MIST
DPTR FM NORMAL: -3.0 DPTR FM NORMAL: -1.24 2 = FOG REDUCING VISIBILITY
HIGHEST: 77 ON 7 GRTST 24HR 0.99 ON 7- 7 TO 1/4 MILE OR LESS
LOWEST: 22 ON 16 3 = THUNDER
SNOW, ICE PELLETS, HAIL 4 = ICE PELLETS
TOTAL MONTH: 1.5 INCHES 5 = HAIL
GRTST 24HR 1.5 ON 17-17 6 = FREEZING RAIN OR DRIZZLE
GRTST DEPTH: 0 7 = DUSTSTORM OR SANDSTORM:
VSBY 1/2 MILE OR LESS
8 = SMOKE OR HAZE
[NO. OF DAYS WITH] [WEATHER - DAYS WITH] 9 = BLOWING SNOW
X = TORNADO
MAX 32 OR BELOW: 0 0.01 INCH OR MORE: 13
MAX 90 OR ABOVE: 0 0.10 INCH OR MORE: 6
MIN 32 OR BELOW: 13 0.50 INCH OR MORE: 1
MIN 0 OR BELOW: 0 1.00 INCH OR MORE: 0
[HDD (BASE 65) ]
TOTAL THIS MO. 533 CLEAR (SCALE 0-3) 2
DPTR FM NORMAL 75 PTCLDY (SCALE 4-7) 20
TOTAL FM JUL 1 5460 CLOUDY (SCALE 8-10) 8
DPTR FM NORMAL -422
[CDD (BASE 65) ]
TOTAL THIS MO. 0
DPTR FM NORMAL -8 [PRESSURE DATA]
TOTAL FM JAN 1 0 HIGHEST SLP 30.34 ON 16
DPTR FM NORMAL -8 LOWEST SLP 29.32 ON 13
[REMARKS]
#FINAL-04-20#