000
CXUS53 KIWX 010810
CF6FWA
PRELIMINARY LOCAL CLIMATOLOGICAL DATA (WS FORM: F-6)
STATION: FORT WAYNE
MONTH: JULY
YEAR: 2023
LATITUDE: 41 0 N
LONGITUDE: 85 12 W
TEMPERATURE IN F: :PCPN: SNOW: WIND :SUNSHINE: SKY :PK WND
================================================================================
1 2 3 4 5 6A 6B 7 8 9 10 11 12 13 14 15 16 17 18
12Z AVG MX 2MIN
DY MAX MIN AVG DEP HDD CDD WTR SNW DPTH SPD SPD DIR MIN PSBL S-S WX SPD DR
================================================================================
1 84 70 77 3 0 12 0.20 0.0 0 6.6 23 240 M M 8 13 30 250
2 85 67 76 2 0 11 0.90 0.0 0 9.8 25 280 M M 8 13 34 280
3 84 68 76 2 0 11 T 0.0 0 5.8 13 350 M M 7 12 18 310
4 90 65 78 4 0 13 0.00 0.0 0 3.1 10 280 M M 2 18 15 270
5 91 67 79 5 0 14 0.07 0.0 0 6.0 20 250 M M 3 138 28 230
6 87 66 77 3 0 12 0.02 0.0 0 7.2 18 300 M M 7 13 26 290
7 85 62 74 0 0 9 0.00 0.0 0 4.5 12 220 M M 5 20 240
8 77 63 70 -4 0 5 0.47 0.0 0 4.8 17 110 M M 9 1 22 290
9 81 59 70 -4 0 5 0.00 0.0 0 5.4 12 320 M M 5 17 330
10 85 60 73 -1 0 8 0.00 0.0 0 6.2 15 220 M M 2 20 230
11 88 62 75 1 0 10 0.00 0.0 0 11.2 24 240 M M 3 33 230
12 85 62 74 0 0 9 0.17 0.0 0 7.6 18 180 M M 7 13 26 190
13 78 63 71 -3 0 6 0.00 0.0 0 6.7 21 220 M M 7 28 250
14 88 59 74 0 0 9 0.00 0.0 0 6.2 15 210 M M 4 1 21 240
15 79 67 73 -1 0 8 0.87 0.0 0 5.0 28 290 M M 8 138 43 290
16 81 64 73 -1 0 8 0.05 0.0 0 7.3 26 320 M M 4 138 38 320
17 79 64 72 -2 0 7 T 0.0 0 7.8 16 240 M M 6 18 20 240
18 81 58 70 -4 0 5 0.00 0.0 0 2.8 10 310 M M 4 128 14 300
19 83 57 70 -4 0 5 0.00 0.0 0 3.9 12 150 M M 3 16 140
20 86 64 75 1 0 10 1.66 0.0 0 8.4 37 340 M M 7 123 56 340
21 79 62 71 -3 0 6 0.00 0.0 0 6.3 13 360 M M 5 15 340
22 82 58 70 -4 0 5 0.00 0.0 0 3.5 10 280 M M 3 1 14 280
23 81 59 70 -4 0 5 0.02 0.0 0 4.3 18 260 M M 6 22 250
24 86 61 74 0 0 9 T 0.0 0 2.8 10 150 M M 2 18 20 210
25 87 60 74 0 0 9 0.00 0.0 0 3.4 9 150 M M 2 18 13 320
26 86 65 76 3 0 11 T 0.0 0 10.4 25 220 M M 7 138 37 220
27 92 69 81 8 0 16 0.00 0.0 0 4.1 9 250 M M 3 1 12 260
28 91 71 81 8 0 16 0.32 0.0 0 6.9 23 310 M M 6 13 34 310
29 84 66 75 2 0 10 0.53 0.0 0 8.1 29 290 M M 7 13 41 290
30 83 62 73 0 0 8 0.00 0.0 0 4.9 14 330 M M 3 19 330
31 80 57 69 -4 0 4 0.00 0.0 0 3.5 12 350 M M 2 16 350
================================================================================
SM 2608 1957 0 276 5.28 0.0 184.5 M 155
================================================================================
AV 84.1 63.1 6.0 FASTST M M 5 MAX(MPH)
MISC ----> 37 340 56 340
================================================================================
NOTES:
# LAST OF SEVERAL OCCURRENCES
COLUMN 17 PEAK WIND IN M.P.H.
PRELIMINARY LOCAL CLIMATOLOGICAL DATA (WS FORM: F-6) , PAGE 2
STATION: FORT WAYNE
MONTH: JULY
YEAR: 2023
LATITUDE: 41 0 N
LONGITUDE: 85 12 W
[TEMPERATURE DATA] [PRECIPITATION DATA] SYMBOLS USED IN COLUMN 16
AVERAGE MONTHLY: 73.6 TOTAL FOR MONTH: 5.28 1 = FOG OR MIST
DPTR FM NORMAL: -0.2 DPTR FM NORMAL: 1.23 2 = FOG REDUCING VISIBILITY
HIGHEST: 92 ON 27 GRTST 24HR 1.66 ON 20-20 TO 1/4 MILE OR LESS
LOWEST: 57 ON 31,19 3 = THUNDER
SNOW, ICE PELLETS, HAIL 4 = ICE PELLETS
TOTAL MONTH: 0.0 INCH 5 = HAIL
GRTST 24HR 0.0 6 = FREEZING RAIN OR DRIZZLE
GRTST DEPTH: 0 7 = DUSTSTORM OR SANDSTORM:
VSBY 1/2 MILE OR LESS
8 = SMOKE OR HAZE
[NO. OF DAYS WITH] [WEATHER - DAYS WITH] 9 = BLOWING SNOW
X = TORNADO
MAX 32 OR BELOW: 0 0.01 INCH OR MORE: 12
MAX 90 OR ABOVE: 4 0.10 INCH OR MORE: 8
MIN 32 OR BELOW: 0 0.50 INCH OR MORE: 4
MIN 0 OR BELOW: 0 1.00 INCH OR MORE: 1
[HDD (BASE 65) ]
TOTAL THIS MO. 0 CLEAR (SCALE 0-3) 8
DPTR FM NORMAL -3 PTCLDY (SCALE 4-7) 21
TOTAL FM JUL 1 0 CLOUDY (SCALE 8-10) 2
DPTR FM NORMAL 0
[CDD (BASE 65) ]
TOTAL THIS MO. 276
DPTR FM NORMAL 1 [PRESSURE DATA]
TOTAL FM JAN 1 487 HIGHEST SLP 30.17 ON 31
DPTR FM NORMAL -52 LOWEST SLP 29.70 ON 2
[REMARKS]
#FINAL-07-23#