000
CXUS52 KMFL 011130
CF6FXE
PRELIMINARY LOCAL CLIMATOLOGICAL DATA (WS FORM: F-6)
STATION: FORT LAUDERDALE EXEC ARPT
MONTH: FEBRUARY
YEAR: 2022
LATITUDE: 26 12 N
LONGITUDE: 80 11 W
TEMPERATURE IN F: :PCPN: SNOW: WIND :SUNSHINE: SKY :PK WND
================================================================================
1 2 3 4 5 6A 6B 7 8 9 10 11 12 13 14 15 16 17 18
12Z AVG MX 2MIN
DY MAX MIN AVG DEP HDD CDD WTR SNW DPTH SPD SPD DIR MIN PSBL S-S WX SPD DR
================================================================================
1 75 53 64 -4 1 0 0.00 M M 12.8 22 90 M M 4 28 80
2 79 68 74 6 0 9 0.00 0.0 0 14.6 24 100 M M 3 29 100
3 80 70 75 7 0 10 0.00 M M 13.3 22 120 M M 3 26 120
4 81 69 75 7 0 10 0.00 M M 9.3 16 130 M M 2 25 130
5 82 63 73 4 0 8 1.48 M M 4.4 14 50 M M 3 1 19 80
6 81 67 74 5 0 9 1.19 M M 4.4 12 140 M M 5 12 15 110
7 81 63 72 3 0 7 0.00 M M 3.5 14 120 M M 4 12 17 130
8 80 65 73 4 0 8 0.38 M M 4.3 16 340 M M 6 1 22 330
9 65 60 63 -6 2 0 0.31 M M 5.4 12 320 M M 8 1 17 310
10 78 56 67 -2 0 2 0.00 M M 7.2 14 90 M M 2 19 250
11 80 60 70 1 0 5 T 0.0 0 5.6 15 100 M M 5 19 90
12 83 65 74 5 0 9 0.00 0.0 0 5.5 14 80 M M 3 19 100
13 75 61 68 -2 0 3 0.98 0.0 M 5.8 21 270 M M 6 13 28 300
14 70 54 62 -8 3 0 0.00 0.0 0 9.2 17 10 M M 1 24 30
15 75 54 65 -5 0 0 0.00 0.0 0 14.7 28 80 M M 5 32 70
16 80 70 75 5 0 10 0.54 0.0 0 17.8 25 80 M M 8 1 33 80
17 82 71 77 7 0 12 0.06 0.0 0 13.8 22 110 M M 8 1 26 120
18 86 68 77 7 0 12 0.00 0.0 0 7.2 14 140 M M 4 17 140
19 87 68 78 8 0 13 T 0.0 0 6.6 15 70 M M 7 19 20
20 79 68 74 4 0 9 0.00 0.0 0 10.6 20 80 M M 6 26 70
21 79 70 75 5 0 10 0.01 M M 9.8 16 80 M M 4 22 90
22 81 72 77 7 0 12 0.09 M M 13.1 22 80 M M 5 1 27 90
23 82 71 77 7 0 12 0.00 0.0 0 10.4 17 100 M M 3 24 110
24 83 68 76 5 0 11 T 0.0 0 9.5 17 90 M M 4 22 90
25 82 70 76 5 0 11 0.00 0.0 0 9.3 17 90 M M 3 20 100
26 82 69 76 5 0 11 0.00 M M 8.7 16 100 M M 3 20 110
27 84 69 77 6 0 12 0.33 0.0 0 7.8 16 120 M M 5 1 21 120
28 85 68 77 6 0 12 0.00 0.0 0 6.0 16 240 M M 4 20 290
================================================================================
SM 2237 1830 6 227 5.37 0.0 250.6 M 124
================================================================================
AV 79.9 65.4 9.0 FASTST M M 4 MAX(MPH)
MISC ----> 28 80 33 80
================================================================================
NOTES:
# LAST OF SEVERAL OCCURRENCES
COLUMN 17 PEAK WIND IN M.P.H.
PRELIMINARY LOCAL CLIMATOLOGICAL DATA (WS FORM: F-6) , PAGE 2
STATION: FORT LAUDERDALE EXEC ARPT
MONTH: FEBRUARY
YEAR: 2022
LATITUDE: 26 12 N
LONGITUDE: 80 11 W
[TEMPERATURE DATA] [PRECIPITATION DATA] SYMBOLS USED IN COLUMN 16
AVERAGE MONTHLY: 72.6 TOTAL FOR MONTH: 5.37 1 = FOG OR MIST
DPTR FM NORMAL: 3.0 DPTR FM NORMAL: 3.42 2 = FOG REDUCING VISIBILITY
HIGHEST: 87 ON 19 GRTST 24HR 2.67 ON 5- 6 TO 1/4 MILE OR LESS
LOWEST: 53 ON 1 3 = THUNDER
SNOW, ICE PELLETS, HAIL 4 = ICE PELLETS
TOTAL MONTH: 0.0 INCH 5 = HAIL
GRTST 24HR 0.0 6 = FREEZING RAIN OR DRIZZLE
GRTST DEPTH: 0 7 = DUSTSTORM OR SANDSTORM:
VSBY 1/2 MILE OR LESS
8 = SMOKE OR HAZE
[NO. OF DAYS WITH] [WEATHER - DAYS WITH] 9 = BLOWING SNOW
X = TORNADO
MAX 32 OR BELOW: 0 0.01 INCH OR MORE: 10
MAX 90 OR ABOVE: 0 0.10 INCH OR MORE: 7
MIN 32 OR BELOW: 0 0.50 INCH OR MORE: 4
MIN 0 OR BELOW: 0 1.00 INCH OR MORE: 2
[HDD (BASE 65) ]
TOTAL THIS MO. 6 CLEAR (SCALE 0-3) 8
DPTR FM NORMAL -25 PTCLDY (SCALE 4-7) 18
TOTAL FM JUL 1 70 CLOUDY (SCALE 8-10) 2
DPTR FM NORMAL -58
[CDD (BASE 65) ]
TOTAL THIS MO. 227
DPTR FM NORMAL 67 [PRESSURE DATA]
TOTAL FM JAN 1 387 HIGHEST SLP 30.38 ON 15
DPTR FM NORMAL 87 LOWEST SLP 29.94 ON 28
[REMARKS]
#FINAL-02-22#