000
CXUS52 KMFL 151021
CF6FXE
PRELIMINARY LOCAL CLIMATOLOGICAL DATA (WS FORM: F-6)
STATION: FORT LAUDERDALE EXEC ARPT
MONTH: JULY
YEAR: 2021
LATITUDE: 26 12 N
LONGITUDE: 80 11 W
TEMPERATURE IN F: :PCPN: SNOW: WIND :SUNSHINE: SKY :PK WND
================================================================================
1 2 3 4 5 6A 6B 7 8 9 10 11 12 13 14 15 16 17 18
12Z AVG MX 2MIN
DY MAX MIN AVG DEP HDD CDD WTR SNW DPTH SPD SPD DIR MIN PSBL S-S WX SPD DR
================================================================================
1 85 73 79 -4 0 14 0.14 M M 3.4 13 140 M M 4 123 16 140
2 92 73 83 0 0 18 0.51 M M 3.5 21 340 M M 3 13 27 330
3 96 76 86 3 0 21 0.00 M M 6.8 16 240 M M 3 21 260
4 91 79 85 2 0 20 0.00 0.0 0 6.6 16 110 M M 1 8 21 100
5 91 75 83 0 0 18 0.28 M M 8.0 31 180 M M 2 18 45 150
6 87 78 83 0 0 18 T 0.0 M 11.6 22 110 M M 4 1 28 130
7 89 80 85 2 0 20 0.00 M M 9.3 16 140 M M 3 22 160
8 90 73 82 -1 0 17 0.13 0.0 M 4.8 23 230 M M 3 13 27 230
9 91 74 83 -1 0 18 0.00 M M 6.3 22 280 M M 2 1 30 280
10 88 73 81 -3 0 16 0.02 0.0 0 5.6 25 110 M M 2 3 29 110
11 89 74 82 -2 0 17 0.03 0.0 0 10.5 23 80 M M 4 13 28 80
12 86 71 79 -5 0 14 0.60 0.0 0 8.9 23 110 M M 4 138 29 100
13 88 75 82 -2 0 17 0.18 0.0 0 10.3 22 90 M M 4 1 32 110
14 88 75 82 -2 0 17 0.04 0.0 0 6.8 23 90 M M 3 13 29 100
15 89 78 84 0 0 19 0.00 0.0 0 10.7 20 80 M M 4 26 80
16 90 79 85 1 0 20 0.00 0.0 0 11.1 21 70 M M 2 26 80
17 89 80 85 1 0 20 0.10 0.0 0 9.4 17 140 M M 2 19 140
18 90 80 85 1 0 20 0.00 0.0 0 9.1 16 110 M M 3 21 110
19 91 80 86 2 0 21 0.12 0.0 0 9.7 17 100 M M 3 1 23 100
20 90 74 82 -2 0 17 0.61 0.0 0 4.0 17 130 M M 3 123 22 130
21 93 76 85 1 0 20 0.00 0.0 0 5.4 13 140 M M 1 3 M M
22 94 79 87 3 0 22 0.00 M M 5.7 15 100 M M 1 19 90
23 93 75 84 0 0 19 0.71 M M 6.0 20 350 M M 3 13 29 360
24 92 74 83 -1 0 18 0.53 M M 3.7 22 240 M M 5 1 29 280
25 91 76 84 0 0 19 T M M 5.2 18 140 M M 3 21 130
26 91 77 84 0 0 19 0.42 0.0 0 5.1 15 140 M M 2 1 23 140
27 92 75 84 0 0 19 0.77 0.0 0 4.7 17 290 M M 3 13 23 280
28 92 77 85 1 0 20 1.10 M M 1.7 16 140 M M 2 13 19 130
29 93 76 85 1 0 20 0.04 M M 3.5 17 80 M M 2 13 23 40
30 92 75 84 0 0 19 0.10 M M 4.9 14 140 M M 1 17 140
31 93 78 86 2 0 21 T M M 5.9 16 120 M M 1 19 120
================================================================================
SM 2806 2358 0 578 6.43 0.0 208.2 M 83
================================================================================
AV 90.5 76.1 6.7 FASTST M M 3 MAX(MPH)
MISC ----> 31 180 45 150
================================================================================
NOTES:
# LAST OF SEVERAL OCCURRENCES
COLUMN 17 PEAK WIND IN M.P.H.
PRELIMINARY LOCAL CLIMATOLOGICAL DATA (WS FORM: F-6) , PAGE 2
STATION: FORT LAUDERDALE EXEC ARPT
MONTH: JULY
YEAR: 2021
LATITUDE: 26 12 N
LONGITUDE: 80 11 W
[TEMPERATURE DATA] [PRECIPITATION DATA] SYMBOLS USED IN COLUMN 16
AVERAGE MONTHLY: 83.3 TOTAL FOR MONTH: 6.43 1 = FOG OR MIST
DPTR FM NORMAL: -0.5 DPTR FM NORMAL: 0.28 2 = FOG REDUCING VISIBILITY
HIGHEST: 96 ON 3 GRTST 24HR 1.24 ON 23-24 TO 1/4 MILE OR LESS
LOWEST: 71 ON 12 3 = THUNDER
SNOW, ICE PELLETS, HAIL 4 = ICE PELLETS
TOTAL MONTH: 0.0 INCH 5 = HAIL
GRTST 24HR 0.0 6 = FREEZING RAIN OR DRIZZLE
GRTST DEPTH: 0 7 = DUSTSTORM OR SANDSTORM:
VSBY 1/2 MILE OR LESS
8 = SMOKE OR HAZE
[NO. OF DAYS WITH] [WEATHER - DAYS WITH] 9 = BLOWING SNOW
X = TORNADO
MAX 32 OR BELOW: 0 0.01 INCH OR MORE: 19
MAX 90 OR ABOVE: 21 0.10 INCH OR MORE: 15
MIN 32 OR BELOW: 0 0.50 INCH OR MORE: 7
MIN 0 OR BELOW: 0 1.00 INCH OR MORE: 1
[HDD (BASE 65) ]
TOTAL THIS MO. 0 CLEAR (SCALE 0-3) 22
DPTR FM NORMAL 0 PTCLDY (SCALE 4-7) 9
TOTAL FM JUL 1 0 CLOUDY (SCALE 8-10) 0
DPTR FM NORMAL 0
[CDD (BASE 65) ]
TOTAL THIS MO. 578
DPTR FM NORMAL -3 [PRESSURE DATA]
TOTAL FM JAN 1 2578 HIGHEST SLP 30.24 ON 12
DPTR FM NORMAL 151 LOWEST SLP 29.88 ON 25
[REMARKS]
#FINAL-07-21#