000
CXUS52 KMFL 011130
CF6FXE
PRELIMINARY LOCAL CLIMATOLOGICAL DATA (WS FORM: F-6)
STATION: FORT LAUDERDALE EXEC ARPT
MONTH: DECEMBER
YEAR: 2020
LATITUDE: 26 12 N
LONGITUDE: 80 11 W
TEMPERATURE IN F: :PCPN: SNOW: WIND :SUNSHINE: SKY :PK WND
================================================================================
1 2 3 4 5 6A 6B 7 8 9 10 11 12 13 14 15 16 17 18
12Z AVG MX 2MIN
DY MAX MIN AVG DEP HDD CDD WTR SNW DPTH SPD SPD DIR MIN PSBL S-S WX SPD DR
================================================================================
1 66 53 60 -12 5 0 0.03 0.0 0 8.1 17 340 M M 1 8 25 320
2 74 50 62 -9 3 0 0.00 0.0 0 7.6 17 30 M M 1 22 30
3 76 58 67 -4 0 2 0.00 0.0 0 10.9 20 80 M M 5 24 80
4 80 67 74 3 0 9 T 0.0 0 7.4 18 140 M M 3 24 140
5 84 67 76 5 0 11 0.00 0.0 0 3.6 12 260 M M 2 16 270
6 81 67 74 3 0 9 0.00 0.0 0 3.8 12 110 M M 3 14 110
7 77 60 69 -2 0 4 2.08 0.0 0 8.7 22 280 M M 6 1 31 290
8 64 51 58 -12 7 0 0.00 0.0 0 7.7 15 300 M M 0 21 290
9 65 46 56 -14 9 0 0.00 M M 5.9 14 310 M M 0 20 330
10 73 45 59 -11 6 0 0.00 M M 2.8 10 60 M M 2 17 330
11 78 59 69 -1 0 4 0.01 M M 6.9 18 80 M M 7 1 23 90
12 82 68 75 5 0 10 0.14 M M 6.8 21 140 M M 6 1 27 130
13 83 63 73 3 0 8 0.00 M M 3.3 13 110 M M 2 1 15 110
14 85 63 74 4 0 9 T M M 5.2 14 240 M M 2 1 19 240
15 82 69 76 7 0 11 0.00 M M 3.6 9 120 M M 5 13 110
16 84 67 76 7 0 11 T M M 5.8 15 170 M M 3 1 20 140
17 84 62 73 4 0 8 T M M 7.5 16 270 M M 3 1 23 300
18 72 52 62 -7 3 0 0.00 M M 7.5 14 20 M M 1 21 30
19 77 53 65 -4 0 0 0.00 0.0 M 6.7 17 90 M M 5 21 80
20 82 61 72 3 0 7 T 0.0 M 5.3 14 140 M M 4 19 150
21 77 61 69 1 0 4 T 0.0 M 6.0 16 330 M M 4 20 330
22 76 59 68 0 0 3 0.00 0.0 M 6.7 14 30 M M 1 18 30
23 79 57 68 0 0 3 T 0.0 M 8.2 18 100 M M 5 23 90
24 83 73 78 10 0 13 0.01 M M 9.9 21 150 M M 6 27 140
25 74 45 60 -8 5 0 0.02 0.0 0 9.3 22 320 M M 3 1 32 310
26 64 44 54 -14 11 0 0.00 0.0 0 5.4 12 330 M M 2 16 340
27 75 50 63 -5 2 0 T 0.0 0 6.6 15 70 M M 3 18 100
28 78 59 69 1 0 4 T 0.0 M 8.3 21 80 M M 4 25 90
29 78 67 73 6 0 8 T 0.0 M 13.0 23 80 M M 5 30 70
30 80 72 76 9 0 11 0.00 0.0 0 19.5 26 100 M M 7 33 110
31 81 73 77 10 0 12 0.00 M M 16.9 25 110 M M 4 33 110
================================================================================
SM 2394 1841 51 161 2.29 0.0 234.9 M 105
================================================================================
AV 77.2 59.4 7.6 FASTST M M 3 MAX(MPH)
MISC ----> 26 100 # 33 110
================================================================================
NOTES:
# LAST OF SEVERAL OCCURRENCES
COLUMN 17 PEAK WIND IN M.P.H.
PRELIMINARY LOCAL CLIMATOLOGICAL DATA (WS FORM: F-6) , PAGE 2
STATION: FORT LAUDERDALE EXEC ARPT
MONTH: DECEMBER
YEAR: 2020
LATITUDE: 26 12 N
LONGITUDE: 80 11 W
[TEMPERATURE DATA] [PRECIPITATION DATA] SYMBOLS USED IN COLUMN 16
AVERAGE MONTHLY: 68.3 TOTAL FOR MONTH: 2.29 1 = FOG OR MIST
DPTR FM NORMAL: -1.0 DPTR FM NORMAL: 0.07 2 = FOG REDUCING VISIBILITY
HIGHEST: 85 ON 14 GRTST 24HR 2.08 ON 7- 7 TO 1/4 MILE OR LESS
LOWEST: 44 ON 26 3 = THUNDER
SNOW, ICE PELLETS, HAIL 4 = ICE PELLETS
TOTAL MONTH: 0.0 INCH 5 = HAIL
GRTST 24HR 0.0 6 = FREEZING RAIN OR DRIZZLE
GRTST DEPTH: 0 7 = DUSTSTORM OR SANDSTORM:
VSBY 1/2 MILE OR LESS
8 = SMOKE OR HAZE
[NO. OF DAYS WITH] [WEATHER - DAYS WITH] 9 = BLOWING SNOW
X = TORNADO
MAX 32 OR BELOW: 0 0.01 INCH OR MORE: 6
MAX 90 OR ABOVE: 0 0.10 INCH OR MORE: 2
MIN 32 OR BELOW: 0 0.50 INCH OR MORE: 1
MIN 0 OR BELOW: 0 1.00 INCH OR MORE: 1
[HDD (BASE 65) ]
TOTAL THIS MO. 51 CLEAR (SCALE 0-3) 14
DPTR FM NORMAL 9 PTCLDY (SCALE 4-7) 17
TOTAL FM JUL 1 51 CLOUDY (SCALE 8-10) 0
DPTR FM NORMAL 3
[CDD (BASE 65) ]
TOTAL THIS MO. 161
DPTR FM NORMAL -13 [PRESSURE DATA]
TOTAL FM JAN 1 4956 HIGHEST SLP 30.27 ON 29
DPTR FM NORMAL 744 LOWEST SLP 29.74 ON 7
[REMARKS]
#FINAL-12-20#