000
CXUS54 KTSA 011320
CF6FYV
PRELIMINARY LOCAL CLIMATOLOGICAL DATA (WS FORM: F-6)
STATION: FAYETTEVILLE ARKANSAS
MONTH: MAY
YEAR: 2022
LATITUDE: 36 0 N
LONGITUDE: 94 10 W
TEMPERATURE IN F: :PCPN: SNOW: WIND :SUNSHINE: SKY :PK WND
================================================================================
1 2 3 4 5 6A 6B 7 8 9 10 11 12 13 14 15 16 17 18
12Z AVG MX 2MIN
DY MAX MIN AVG DEP HDD CDD WTR SNW DPTH SPD SPD DIR MIN PSBL S-S WX SPD DR
================================================================================
1 76 45 61 0 4 0 0.00 0.0 0 2.9 13 290 M M 0 21 300
2 72 51 62 1 3 0 0.85 0.0 0 6.0 20 220 M M 8 13 32 170
3 63 48 56 -6 9 0 T 0.0 0 5.9 17 320 M M 6 1 23 310
4 67 52 60 -2 5 0 0.45 0.0 0 5.3 25 320 M M 8 13 39 330
5 71 59 65 3 0 0 2.67 0.0 0 5.3 32 330 M M 10 13 44 300
6 67 52 60 -2 5 0 T 0.0 0 6.4 18 270 M M 9 12 28 270
7 84 49 67 4 0 2 0.00 0.0 0 4.2 12 90 M M 3 12 16 140
8 82 66 74 11 0 9 0.00 0.0 0 10.7 26 180 M M 2 8 41 180
9 84 74 79 16 0 14 0.00 0.0 0 16.1 30 180 M M 2 8 44 170
10 86 72 79 15 0 14 0.00 0.0 0 11.5 24 190 M M 2 18 33 190
11 86 69 78 14 0 13 0.00 0.0 0 6.3 17 180 M M 0 18 23 170
12 92 62 77 13 0 12 0.00 0.0 0 5.4 15 170 M M 0 18 20 210
13 90 61 76 12 0 11 T 0.0 0 3.6 16 120 M M 0 1 22 140
14 89 65 77 12 0 12 0.08 0.0 0 3.7 12 230 M M 4 138 17 200
15 87 66 77 12 0 12 T 0.0 0 4.6 17 100 M M 4 1238 31 60
16 83 61 72 7 0 7 0.00 0.0 0 1.9 10 70 M M 2 8 15 70
17 81 57 69 3 0 4 T 0.0 0 8.5 30 170 M M 1 39 180
18 87 68 78 12 0 13 0.00 0.0 0 7.7 22 330 M M 1 1 29 330
19 86 65 76 10 0 11 T 0.0 0 11.2 25 210 M M 1 13 37 170
20 87 72 80 14 0 15 0.00 0.0 0 14.9 30 180 M M 3 38 43 170
21 80 55 68 1 0 3 0.02 0.0 0 8.5 31 330 M M 10 138 42 320
22 60 51 56 -11 9 0 0.00 0.0 0 4.8 13 70 M M 7 19 50
23 64 53 59 -8 6 0 0.19 0.0 0 4.8 10 70 M M 10 13 14 70
24 72 61 67 -1 0 2 0.68 0.0 0 5.6 18 150 M M 10 13 25 150
25 72 56 64 -4 1 0 0.42 0.0 0 6.5 18 260 M M 10 18 29 260
26 61 54 58 -10 7 0 0.06 0.0 0 9.9 20 260 M M 10 1 30 240
27 79 50 65 -4 0 0 0.00 0.0 0 5.4 18 330 M M 1 1 24 350
28 83 51 67 -2 0 2 0.00 0.0 0 6.3 22 170 M M 0 1 35 170
29 88 70 79 10 0 14 0.00 0.0 0 14.3 25 150 M M 0 41 170
30 85 72 79 10 0 14 0.00 0.0 0 16.1 26 170 M M 4 38 200
31 87 71 79 9 0 14 0.00 0.0 0 10.1 23 190 M M 3 33 190
================================================================================
SM 2451 1858 49 198 5.42 0.0 234.4 M 131
================================================================================
AV 79.1 59.9 7.6 FASTST M M 4 MAX(MPH)
MISC ----> 32 330 # 44 300
================================================================================
NOTES:
# LAST OF SEVERAL OCCURRENCES
COLUMN 17 PEAK WIND IN M.P.H.
PRELIMINARY LOCAL CLIMATOLOGICAL DATA (WS FORM: F-6) , PAGE 2
STATION: FAYETTEVILLE ARKANSAS
MONTH: MAY
YEAR: 2022
LATITUDE: 36 0 N
LONGITUDE: 94 10 W
[TEMPERATURE DATA] [PRECIPITATION DATA] SYMBOLS USED IN COLUMN 16
AVERAGE MONTHLY: 69.5 TOTAL FOR MONTH: 5.42 1 = FOG OR MIST
DPTR FM NORMAL: 4.2 DPTR FM NORMAL: -0.47 2 = FOG REDUCING VISIBILITY
HIGHEST: 92 ON 12 GRTST 24HR 2.67 ON 4- 5 TO 1/4 MILE OR LESS
LOWEST: 45 ON 1 3 = THUNDER
SNOW, ICE PELLETS, HAIL 4 = ICE PELLETS
TOTAL MONTH: 0.0 INCH 5 = HAIL
GRTST 24HR 0.0 6 = FREEZING RAIN OR DRIZZLE
GRTST DEPTH: 0 7 = DUSTSTORM OR SANDSTORM:
VSBY 1/2 MILE OR LESS
8 = SMOKE OR HAZE
[NO. OF DAYS WITH] [WEATHER - DAYS WITH] 9 = BLOWING SNOW
X = TORNADO
MAX 32 OR BELOW: 0 0.01 INCH OR MORE: 9
MAX 90 OR ABOVE: 2 0.10 INCH OR MORE: 6
MIN 32 OR BELOW: 0 0.50 INCH OR MORE: 3
MIN 0 OR BELOW: 0 1.00 INCH OR MORE: 1
[HDD (BASE 65) ]
TOTAL THIS MO. 49 CLEAR (SCALE 0-3) 14
DPTR FM NORMAL -37 PTCLDY (SCALE 4-7) 10
TOTAL FM JUL 1 3449 CLOUDY (SCALE 8-10) 7
DPTR FM NORMAL -626
[CDD (BASE 65) ]
TOTAL THIS MO. 198
DPTR FM NORMAL 101 [PRESSURE DATA]
TOTAL FM JAN 1 247 HIGHEST SLP 30.34 ON 22
DPTR FM NORMAL 121 LOWEST SLP 29.45 ON 20
[REMARKS]
#FINAL-05-22#