000
CXUS54 KOUN 010810
CF6GAG
PRELIMINARY LOCAL CLIMATOLOGICAL DATA (WS FORM: F-6)
STATION: GAGE
MONTH: MARCH
YEAR: 2021
LATITUDE: 36 17 N
LONGITUDE: 99 46 W
TEMPERATURE IN F: :PCPN: SNOW: WIND :SUNSHINE: SKY :PK WND
================================================================================
1 2 3 4 5 6A 6B 7 8 9 10 11 12 13 14 15 16 17 18
12Z AVG MX 2MIN
DY MAX MIN AVG DEP HDD CDD WTR SNW DPTH SPD SPD DIR MIN PSBL S-S WX SPD DR
================================================================================
1 59 16 38 -5 27 0 0.00 M M 4.7 15 350 M M 0 19 10
2 68 18 43 0 22 0 0.00 M M 13.0 24 190 M M 0 30 180
3 73 28 51 8 14 0 0.00 0.0 0 12.0 22 170 M M 0 27 170
4 72 26 49 5 16 0 T M M 10.4 30 140 M M 1 39 150
5 61 36 49 5 16 0 0.24 M M 10.8 23 40 M M 7 1 29 50
6 67 27 47 3 18 0 0.00 M M 11.2 22 170 M M 0 12 28 170
7 68 42 55 10 10 0 0.00 M M 21.8 33 190 M M 0 42 210
8 70 39 55 10 10 0 0.00 M M 22.0 35 170 M M 0 43 170
9 72 50 61 16 4 0 0.00 M M 23.6 38 190 M M 0 47 190
10 79 42 61 15 4 0 0.00 M M 18.7 35 190 M M 0 43 250
11 63 35 49 3 16 0 0.00 M M 10.9 21 40 M M 4 25 40
12 50 45 48 2 17 0 0.01 M M 9.6 20 60 M M 10 123 24 50
13 66 47 57 11 8 0 0.48 M M 15.8 45 160 M M 9 13 58 160
14 63 37 50 3 15 0 0.32 M M 15.5 32 200 M M 5 13 44 200
15 59 39 49 2 16 0 0.00 M M 12.7 26 300 M M 3 34 300
16 80 38 59 12 6 0 0.71 M M 13.8 24 170 M M 1 13 29 170
17 46 33 40 -8 25 0 0.67 M M 18.8 M M M M 9 123 M M
18 50 28 39 -9 26 0 0.00 M M 11.8 21 340 M M 2 25 340
19 61 26 44 -4 21 0 0.00 M M 5.7 13 150 M M 0 18 15 140
20 69 36 53 4 12 0 0.00 M M 17.3 30 170 M M 0 37 160
21 68 47 58 9 7 0 0.00 M M 21.7 35 190 M M 0 41 180
22 54 41 48 -1 17 0 1.24 M M 10.0 26 360 M M 6 13 36 360
23 61 39 50 0 15 0 0.11 0.0 M 18.2 29 300 M M 5 1 38 300
24 46 36 41 -9 24 0 0.02 0.0 M 11.1 20 10 M M 6 1 23 20
25 58 37 48 -2 17 0 0.00 M M 7.1 18 160 M M 6 22 160
26 75 41 58 8 7 0 0.00 M M 13.7 25 200 M M 1 32 190
27 67 39 53 2 12 0 0.00 M M 12.5 28 360 M M 0 35 350
28 72 31 52 1 13 0 0.00 0.0 M 10.0 24 180 M M 0 31 180
29 85 52 69 18 0 4 0.00 M M 28.8 43 200 M M 0 52 210
30 65 38 52 0 13 0 0.00 M M 16.6 31 190 M M 0 40 20
31 63 29 46 -6 19 0 0.00 M M 6.6 16 320 M M 0 23 330
================================================================================
SM 2010 1118 447 4 3.80 0.0 436.4 M 75
================================================================================
AV 64.8 36.1 14.1 FASTST M M 2 MAX(MPH)
MISC ----> 45 160 58 160
================================================================================
NOTES:
# LAST OF SEVERAL OCCURRENCES
COLUMN 17 PEAK WIND IN M.P.H.
PRELIMINARY LOCAL CLIMATOLOGICAL DATA (WS FORM: F-6) , PAGE 2
STATION: GAGE
MONTH: MARCH
YEAR: 2021
LATITUDE: 36 17 N
LONGITUDE: 99 46 W
[TEMPERATURE DATA] [PRECIPITATION DATA] SYMBOLS USED IN COLUMN 16
AVERAGE MONTHLY: 50.5 TOTAL FOR MONTH: 3.80 1 = FOG OR MIST
DPTR FM NORMAL: 3.2 DPTR FM NORMAL: 1.92 2 = FOG REDUCING VISIBILITY
HIGHEST: 85 ON 29 GRTST 24HR 1.38 ON 16-17 TO 1/4 MILE OR LESS
LOWEST: 16 ON 1 3 = THUNDER
SNOW, ICE PELLETS, HAIL 4 = ICE PELLETS
TOTAL MONTH: 0.0 INCH 5 = HAIL
GRTST 24HR 0.0 6 = FREEZING RAIN OR DRIZZLE
GRTST DEPTH: 0 7 = DUSTSTORM OR SANDSTORM:
VSBY 1/2 MILE OR LESS
8 = SMOKE OR HAZE
[NO. OF DAYS WITH] [WEATHER - DAYS WITH] 9 = BLOWING SNOW
X = TORNADO
MAX 32 OR BELOW: 0 0.01 INCH OR MORE: 9
MAX 90 OR ABOVE: 0 0.10 INCH OR MORE: 7
MIN 32 OR BELOW: 9 0.50 INCH OR MORE: 3
MIN 0 OR BELOW: 0 1.00 INCH OR MORE: 1
[HDD (BASE 65) ]
TOTAL THIS MO. 447 CLEAR (SCALE 0-3) 21
DPTR FM NORMAL -106 PTCLDY (SCALE 4-7) 7
TOTAL FM JUL 1 3898 CLOUDY (SCALE 8-10) 3
DPTR FM NORMAL -126
[CDD (BASE 65) ]
TOTAL THIS MO. 4
DPTR FM NORMAL -1 [PRESSURE DATA]
TOTAL FM JAN 1 4 HIGHEST SLP M ON M
DPTR FM NORMAL -1 LOWEST SLP 29.47 ON 22
[REMARKS]
#FINAL-03-21#