000
CXUS53 KDDC 011815
CF6GCK
PRELIMINARY LOCAL CLIMATOLOGICAL DATA (WS FORM: F-6)
STATION: GARDEN CITY REGIONAL ARPT KS
MONTH: JANUARY
YEAR: 2021
LATITUDE: 37 55 N
LONGITUDE: 100 43 W
TEMPERATURE IN F: :PCPN: SNOW: WIND :SUNSHINE: SKY :PK WND
================================================================================
1 2 3 4 5 6A 6B 7 8 9 10 11 12 13 14 15 16 17 18
12Z AVG MX 2MIN
DY MAX MIN AVG DEP HDD CDD WTR SNW DPTH SPD SPD DIR MIN PSBL S-S WX SPD DR
================================================================================
1 45 22 34 4 31 0 0.00 M M 12.4 20 360 M M 0 25 350
2 49 20 35 4 30 0 0.00 M M 7.2 13 170 M M 0 19 180
3 53 20 37 6 28 0 0.00 M M 8.2 20 240 M M 0 24 260
4 54 27 41 10 24 0 0.00 M M 8.1 22 350 M M 1 29 350
5 63 28 46 15 19 0 0.00 M M 16.3 30 340 M M 1 43 340
6 49 20 35 4 30 0 0.00 M M 19.7 35 360 M M 1 44 10
7 41 17 29 -2 36 0 0.00 M M 7.9 13 80 M M 6 17 80
8 49 20 35 4 30 0 0.00 M M 5.5 16 330 M M 6 12 22 340
9 32 20 26 -5 39 0 0.00 M M 5.8 14 120 M M 10 12 16 120
10 38 22 30 -1 35 0 0.00 M M 5.6 12 10 M M 9 1 14 10
11 45 12 29 -2 36 0 0.00 M M 7.8 15 250 M M 0 1 20 270
12 55 13 34 3 31 0 0.00 M M 8.1 13 280 M M 0 16 220
13 66 16 41 10 24 0 0.00 M M 8.6 17 10 M M 0 25 360
14 48 31 40 9 25 0 0.00 M M 29.7 44 340 M M 2 8 60 340
15 41 19 30 -1 35 0 0.00 M M 30.5 49 330 M M 0 78 65 340
16 54 16 35 4 30 0 T M M 13.2 30 340 M M 4 39 340
17 48 28 38 7 27 0 0.00 M M 11.4 23 350 M M 3 30 360
18 50 27 39 8 26 0 0.00 M M 13.7 35 340 M M 4 43 340
19 45 23 34 3 31 0 0.00 M M 8.5 16 350 M M 2 22 330
20 60 24 42 11 23 0 0.00 M M 12.5 25 230 M M 0 36 220
21 60 20 40 9 25 0 0.00 M M 7.3 17 50 M M 0 26 50
22 44 14 29 -2 36 0 0.00 M M 10.4 20 130 M M 0 25 130
23 60 21 41 10 24 0 0.00 M M 15.8 26 10 M M 5 1 36 360
24 32 23 28 -3 37 0 0.00 M M 13.1 29 10 M M 9 12 37 360
25 27 19 23 -8 42 0 0.09 M M 13.0 26 50 M M 10 126 33 60
26 22 9 16 -15 49 0 0.01 M M 9.3 18 20 M M 10 12 24 30
27 25 -4 11 -20 54 0 T M M 7.7 13 150 M M 2 1 17 140
28 48 12 30 -1 35 0 0.00 M M 14.2 24 190 M M 0 32 200
29 46 21 34 2 31 0 0.00 M M 8.5 17 190 M M 0 24 200
30 48 25 37 5 28 0 0.00 M M 14.1 37 350 M M 1 49 330
31 50 23 37 5 28 0 0.00 M M 11.5 24 360 M M 0 32 340
================================================================================
SM 1447 608 979 0 0.10 M 365.6 M 86
================================================================================
AV 46.7 19.6 11.8 FASTST M M 3 MAX(MPH)
MISC ----> 49 330 65 340
================================================================================
NOTES:
# LAST OF SEVERAL OCCURRENCES
COLUMN 17 PEAK WIND IN M.P.H.
PRELIMINARY LOCAL CLIMATOLOGICAL DATA (WS FORM: F-6) , PAGE 2
STATION: GARDEN CITY REGIONAL ARPT KS
MONTH: JANUARY
YEAR: 2021
LATITUDE: 37 55 N
LONGITUDE: 100 43 W
[TEMPERATURE DATA] [PRECIPITATION DATA] SYMBOLS USED IN COLUMN 16
AVERAGE MONTHLY: 33.2 TOTAL FOR MONTH: 0.10 1 = FOG OR MIST
DPTR FM NORMAL: 2.3 DPTR FM NORMAL: -0.24 2 = FOG REDUCING VISIBILITY
HIGHEST: 66 ON 13 GRTST 24HR 0.09 ON 25-25 TO 1/4 MILE OR LESS
LOWEST: -4 ON 27 3 = THUNDER
4 = ICE PELLETS
5 = HAIL
6 = FREEZING RAIN OR DRIZZLE
7 = DUSTSTORM OR SANDSTORM:
VSBY 1/2 MILE OR LESS
8 = SMOKE OR HAZE
[NO. OF DAYS WITH] [WEATHER - DAYS WITH] 9 = BLOWING SNOW
X = TORNADO
MAX 32 OR BELOW: 5 0.01 INCH OR MORE: 2
MAX 90 OR ABOVE: 0 0.10 INCH OR MORE: 0
MIN 32 OR BELOW: 31 0.50 INCH OR MORE: 0
MIN 0 OR BELOW: 1 1.00 INCH OR MORE: 0
[HDD (BASE 65) ]
TOTAL THIS MO. 979 CLEAR (SCALE 0-3) 20
DPTR FM NORMAL -78 PTCLDY (SCALE 4-7) 6
TOTAL FM JUL 1 3013 CLOUDY (SCALE 8-10) 5
DPTR FM NORMAL -161
[CDD (BASE 65) ]
TOTAL THIS MO. 0
DPTR FM NORMAL 0 [PRESSURE DATA]
TOTAL FM JAN 1 0 HIGHEST SLP 30.55 ON 19
DPTR FM NORMAL 0 LOWEST SLP 29.44 ON 30
[REMARKS]
#FINAL-01-21#