000
CXUS53 KDDC 011512
CLMGCK
CLIMATE REPORT
NATIONAL WEATHER SERVICE DODGE CITY, KANSAS
1012 AM CDT FRI SEP 01 2023
...................................
...THE GARDEN CITY REGIONAL ARPT KS CLIMATE SUMMARY FOR THE MONTH OF AUGUST 2023...
CLIMATE NORMAL PERIOD 1991 TO 2020
CLIMATE RECORD PERIOD 1948 TO 2023
WEATHER OBSERVED NORMAL DEPART LAST YEAR`S
VALUE DATE(S) VALUE FROM VALUE DATE(S)
NORMAL
................................................................
TEMPERATURE (F)
RECORD
HIGH 109 08/10/1964
LOW 46 08/28/1976
08/20/1950
HIGHEST 100 08/19 MM MM 102 08/06
08/07
LOWEST 53 08/27 MM MM 56 08/18
AVG. MAXIMUM 90.2 89.6 0.6 93.3
AVG. MINIMUM 61.3 62.8 -1.5 62.7
MEAN 75.8 76.2 -0.4 78.0
DAYS MAX >= 90 16 17.5 -1.5 24
DAYS MAX <= 32 0 0.0 0.0 0
DAYS MIN <= 32 0 0.0 0.0 0
DAYS MIN <= 0 0 0.0 0.0 0
PRECIPITATION (INCHES)
RECORD
MAXIMUM 6.91 1979
MINIMUM 0.10 1984
TOTALS 3.14 2.49 0.65 0.16
DAYS >= .01 8 8.8 -0.8 1
DAYS >= .10 4 4.9 -0.9 1
DAYS >= .50 2 1.7 0.3 0
DAYS >= 1.00 2 0.6 1.4 0
GREATEST
24 HR. TOTAL 1.38 08/03 TO 08/04 0.16 08/27 TO 08/27
DEGREE DAYS
HEATING TOTAL 0 3 -3 0
SINCE 7/1 0 1 -4 0
COOLING TOTAL 342 350 -8 410
SINCE 1/1 979 1137 -158 1433
................................................................
WIND (MPH)
AVERAGE WIND SPEED 9.3
RESULTANT WIND SPEED/DIRECTION 3/130
HIGHEST WIND SPEED/DIRECTION 41/240 DATE 08/12
HIGHEST GUST SPEED/DIRECTION 60/230 DATE 08/12
SKY COVER
POSSIBLE SUNSHINE (PERCENT) MM
AVERAGE SKY COVER 0.10
NUMBER OF DAYS FAIR 29
NUMBER OF DAYS PC 2
NUMBER OF DAYS CLOUDY 0
AVERAGE RH (PERCENT) 65
WEATHER CONDITIONS. NUMBER OF DAYS WITH
THUNDERSTORM 10 MIXED PRECIP 0
HEAVY RAIN 3 RAIN 4
LIGHT RAIN 8 FREEZING RAIN 0
LT FREEZING RAIN 0 HAIL 0
HEAVY SNOW 0 SNOW 0
LIGHT SNOW 0 SLEET 0
FOG 12 FOG W/VIS <= 1/4 MILE 0
HAZE 9
- INDICATES NEGATIVE NUMBERS.
R INDICATES RECORD WAS SET OR TIED.
MM INDICATES DATA IS MISSING.
T INDICATES TRACE AMOUNT.
$$