000
CXUS53 KDDC 011604
CLSGCK
CLIMATE REPORT
NATIONAL WEATHER SERVICE DODGE CITY, KANSAS
1004 AM CST THU DEC 01 2022
...................................
...THE GARDEN CITY REGIONAL ARPT KS CLIMATE SUMMARY FOR THE SEASON, FROM
9/1/2022 TO 11/30/2022...
CLIMATE NORMAL PERIOD 1991 TO 2020
CLIMATE RECORD PERIOD 1948 TO 2022
WEATHER OBSERVED NORMAL DEPART LAST YEAR`S
VALUE DATE(S) VALUE FROM VALUE DATE(S)
NORMAL
................................................................
TEMPERATURE (F)
RECORD
HIGH 106 09/01/2011
LOW -5 11/28/1976
HIGHEST 100 09/18 MM MM 103 09/11
LOWEST 6 11/30 MM MM 13 11/18
AVG. MAXIMUM 71.8 69.8 2.0 74.7
AVG. MINIMUM 39.8 40.6 -0.8 43.3
MEAN 55.8 55.2 0.6 59.0
DAYS MAX >= 90 16 10.2 5.8 14
DAYS MAX <= 32 1 1.5 -0.5 0
DAYS MIN <= 32 30 26.4 3.6 18
DAYS MIN <= 0 0 0.1 -0.1 0
PRECIPITATION (INCHES)
RECORD
MAXIMUM 10.58 1969
MINIMUM 0.26 2016
TOTALS 1.02 3.21 -2.19 3.36
DAYS >= .01 5 13.8 -8.8 7
DAYS >= .10 3 6.3 -3.3 5
DAYS >= .50 1 1.9 -0.9 3
DAYS >= 1.00 0 0.7 -0.7 1
GREATEST
24 HR. TOTAL 0.54 09/15 TO 09/15 1.83 09/03 TO 09/04
DEGREE DAYS
HEATING TOTAL 1079 1082 -3 798
SINCE 7/1 1079 1083 -4 798
COOLING TOTAL 256 188 68 272
SINCE 1/1 1689 1325 364 1450
................................................................
WIND (MPH)
AVERAGE WIND SPEED 11.4
RESULTANT WIND SPEED/DIRECTION 2/160
HIGHEST WIND SPEED/DIRECTION 49/220 DATE 10/23
HIGHEST GUST SPEED/DIRECTION 68/210 DATE 10/23
SKY COVER
POSSIBLE SUNSHINE (PERCENT) MM
AVERAGE SKY COVER 0.16
NUMBER OF DAYS FAIR 71
NUMBER OF DAYS PC 18
NUMBER OF DAYS CLOUDY 2
AVERAGE RH (PERCENT) 56
WEATHER CONDITIONS. NUMBER OF DAYS WITH
THUNDERSTORM 3 MIXED PRECIP 0
HEAVY RAIN 2 RAIN 3
LIGHT RAIN 12 FREEZING RAIN 0
LT FREEZING RAIN 0 HAIL 0
HEAVY SNOW 1 SNOW 1
LIGHT SNOW 5 SLEET 0
FOG 15 FOG W/VIS <= 1/4 MILE 3
HAZE 10
- INDICATES NEGATIVE NUMBERS.
R INDICATES RECORD WAS SET OR TIED.
MM INDICATES DATA IS MISSING.
T INDICATES TRACE AMOUNT.
$$