000
CXUS54 KFWD 010730
CF6GDJ
PRELIMINARY LOCAL CLIMATOLOGICAL DATA (WS FORM: F-6)
STATION: GRANBURY
MONTH: JULY
YEAR: 2023
LATITUDE: 32 26 N
LONGITUDE: 97 48 W
TEMPERATURE IN F: :PCPN: SNOW: WIND :SUNSHINE: SKY :PK WND
================================================================================
1 2 3 4 5 6A 6B 7 8 9 10 11 12 13 14 15 16 17 18
12Z AVG MX 2MIN
DY MAX MIN AVG DEP HDD CDD WTR SNW DPTH SPD SPD DIR MIN PSBL S-S WX SPD DR
================================================================================
1 85 73 79 -4 0 14 0.00 M M 6.4 17 330 M M 2 23 280
2 94 69 82 -1 0 17 0.00 M M 5.9 12 170 M M 2 21 170
3 98 72 85 2 0 20 0.00 M M 5.0 12 150 M M 1 18 240
4 99 73 86 3 0 21 0.00 M M 8.4 20 80 M M 1 25 80
5 99 78 89 6 0 24 0.00 M M 8.2 14 120 M M 1 21 130
6 97 75 86 3 0 21 0.00 M M 7.0 15 140 M M 1 20 120
7 96 75 86 3 0 21 0.00 M M 9.4 17 150 M M 2 22 160
8 100 79 90 7 0 25 0.00 M M 6.8 12 240 M M 1 16 220
9 98 79 89 6 0 24 0.00 M M 7.4 17 60 M M 4 25 110
10 103 76 90 7 0 25 0.00 M M 5.9 12 150 M M 3 16 80
11 99 82 91 8 0 26 0.00 M M 8.6 17 70 M M 1 30 50
12 107 82 95 11 0 30 0.00 M M 10.4 16 180 M M 0 21 210
13 108 82 95 11 0 30 0.00 M M 10.9 15 140 M M 0 22 200
14 106 83 95 11 0 30 0.00 M M 9.7 16 160 M M 0 21 160
15 99 82 91 7 0 26 0.00 M M 7.8 10 40 M M 1 17 330
16 96 80 88 4 0 23 0.00 M M 7.1 13 110 M M 1 22 340
17 108 76 92 8 0 27 0.00 M M 7.8 13 260 M M 0 28 200
18 111 80 96 12 0 31 0.00 M M 10.5 17 210 M M 0 21 210
19 108 82 95 11 0 30 0.00 M M 10.2 15 200 M M 0 22 200
20 106 82 94 10 0 29 0.00 M M 8.2 14 200 M M 0 18 190
21 102 78 90 6 0 25 0.00 M M 6.2 14 40 M M 1 18 40
22 98 76 87 3 0 22 0.00 M M 7.3 12 70 M M 1 17 70
23 100 67 84 0 0 19 0.00 M M 4.7 12 130 M M 0 16 120
24 104 68 86 2 0 21 0.00 M M 5.4 13 120 M M 0 20 160
25 105 77 91 7 0 26 0.00 M M 8.2 15 180 M M 0 28 130
26 102 78 90 6 0 25 0.00 M M 8.4 15 200 M M 1 21 200
27 101 78 90 6 0 25 0.00 M M 8.2 13 130 M M 0 20 130
28 101 76 89 5 0 24 0.00 M M 8.2 13 190 M M 0 22 130
29 101 77 89 5 0 24 0.00 M M 5.5 13 110 M M 0 17 100
30 103 71 87 3 0 22 0.00 M M 5.0 10 80 M M 0 17 70
31 105 75 90 6 0 25 0.00 M M 5.4 13 130 M M 1 18 120
================================================================================
SM 3139 2381 0 752 0.00 M 234.4 M 25
================================================================================
AV101.3 76.8 7.6 FASTST M M 1 MAX(MPH)
MISC ----> 20 80 30 50
================================================================================
NOTES:
# LAST OF SEVERAL OCCURRENCES
COLUMN 17 PEAK WIND IN M.P.H.
PRELIMINARY LOCAL CLIMATOLOGICAL DATA (WS FORM: F-6) , PAGE 2
STATION: GRANBURY
MONTH: JULY
YEAR: 2023
LATITUDE: 32 26 N
LONGITUDE: 97 48 W
[TEMPERATURE DATA] [PRECIPITATION DATA] SYMBOLS USED IN COLUMN 16
AVERAGE MONTHLY: 89.0 TOTAL FOR MONTH: 0.00 1 = FOG OR MIST
DPTR FM NORMAL: 5.5 DPTR FM NORMAL: M 2 = FOG REDUCING VISIBILITY
HIGHEST: 111 ON 18 GRTST 24HR 0.00 ON 1- 1 TO 1/4 MILE OR LESS
LOWEST: 67 ON 23 3 = THUNDER
SNOW, ICE PELLETS, HAIL 4 = ICE PELLETS
TOTAL MONTH: M 5 = HAIL
GRTST 24HR M ON M 6 = FREEZING RAIN OR DRIZZLE
GRTST DEPTH: M ON M 7 = DUSTSTORM OR SANDSTORM:
VSBY 1/2 MILE OR LESS
8 = SMOKE OR HAZE
[NO. OF DAYS WITH] [WEATHER - DAYS WITH] 9 = BLOWING SNOW
X = TORNADO
MAX 32 OR BELOW: 0 0.01 INCH OR MORE: 0
MAX 90 OR ABOVE: 30 0.10 INCH OR MORE: 0
MIN 32 OR BELOW: 0 0.50 INCH OR MORE: 0
MIN 0 OR BELOW: 0 1.00 INCH OR MORE: 0
[HDD (BASE 65) ]
TOTAL THIS MO. 0 CLEAR (SCALE 0-3) 30
DPTR FM NORMAL 0 PTCLDY (SCALE 4-7) 1
TOTAL FM JUL 1 0 CLOUDY (SCALE 8-10) 0
DPTR FM NORMAL 0
[CDD (BASE 65) ]
TOTAL THIS MO. 752
DPTR FM NORMAL 179 [PRESSURE DATA]
TOTAL FM JAN 1 1690 HIGHEST SLP M ON M
DPTR FM NORMAL 341 LOWEST SLP 9999.00 ON 1
[REMARKS]
#FINAL-07-23#