000
CXUS55 KRIW 191010
CF6GEY
PRELIMINARY LOCAL CLIMATOLOGICAL DATA (WS FORM: F-6)
STATION: GREYBULL WY
MONTH: APRIL
YEAR: 2024
LATITUDE: 44 30 N
LONGITUDE: 108 4 W
TEMPERATURE IN F: :PCPN: SNOW: WIND :SUNSHINE: SKY :PK WND
================================================================================
1 2 3 4 5 6A 6B 7 8 9 10 11 12 13 14 15 16 17 18
12Z AVG MX 2MIN
DY MAX MIN AVG DEP HDD CDD WTR SNW DPTH SPD SPD DIR MIN PSBL S-S WX SPD DR
================================================================================
1 51 31 41 -2 24 0 T M M 4.6 12 180 M M 7 1 18 170
2 62 26 44 0 21 0 0.00 M M 3.4 9 260 M M 0 14 280
3 72 32 52 8 13 0 0.00 M M 4.6 12 100 M M 0 17 200
4 73 34 54 10 11 0 0.00 M M 8.2 21 170 M M 0 30 180
5 77 41 59 15 6 0 0.00 M M 13.8 33 180 M M 0 46 200
6 47 33 40 -4 25 0 0.61 M M 19.6 33 300 M M 9 1 45 300
7 42 35 39 -6 26 0 T M M 14.6 28 320 M M 10 37 310
8 51 36 44 -1 21 0 0.00 M M 8.5 22 320 M M 7 30 310
9 58 30 44 -1 21 0 0.05 M M 6.5 22 320 M M 5 27 320
10 54 34 44 -1 21 0 0.02 M M 11.7 29 340 M M 4 38 360
11 63 30 47 2 18 0 0.00 M M 3.5 10 160 M M 0 16 150
12 77 36 57 11 8 0 T M M 6.5 18 150 M M 1 27 180
13 80 37 59 13 6 0 0.00 M M 3.5 14 240 M M 0 19 230
14 78 38 58 12 7 0 0.00 M M 4.7 16 130 M M 0 26 200
15 72 48 60 14 5 0 0.00 M M 14.0 32 340 M M 1 43 340
16 69 43 56 9 9 0 0.00 M M 16.4 29 310 M M 3 40 360
17 45 31 38 -9 27 0 T M M 20.9 33 330 M M 8 47 320
18 46 25 36 -11 29 0 0.00 M M 10.4 25 340 M M 0 35 330
================================================================================
SM 1117 620 298 0 0.68 M 175.4 M 55
================================================================================
AV 62.1 34.4 9.7 FASTST M M 3 MAX(MPH)
MISC ----> # 33 180 47 320
================================================================================
NOTES:
# LAST OF SEVERAL OCCURRENCES
COLUMN 17 PEAK WIND IN M.P.H.
PRELIMINARY LOCAL CLIMATOLOGICAL DATA (WS FORM: F-6) , PAGE 2
STATION: GREYBULL WY
MONTH: APRIL
YEAR: 2024
LATITUDE: 44 30 N
LONGITUDE: 108 4 W
[TEMPERATURE DATA] [PRECIPITATION DATA] SYMBOLS USED IN COLUMN 16
AVERAGE MONTHLY: 48.3 TOTAL FOR MONTH: 0.68 1 = FOG OR MIST
DPTR FM NORMAL: 3.1 DPTR FM NORMAL: 0.43 2 = FOG REDUCING VISIBILITY
HIGHEST: 80 ON 13 GRTST 24HR 0.61 ON 6- 6 TO 1/4 MILE OR LESS
LOWEST: 25 ON 18 3 = THUNDER
SNOW, ICE PELLETS, HAIL 4 = ICE PELLETS
TOTAL MONTH: M 5 = HAIL
GRTST 24HR M ON M 6 = FREEZING RAIN OR DRIZZLE
GRTST DEPTH: M ON M 7 = DUSTSTORM OR SANDSTORM:
VSBY 1/2 MILE OR LESS
8 = SMOKE OR HAZE
[NO. OF DAYS WITH] [WEATHER - DAYS WITH] 9 = BLOWING SNOW
X = TORNADO
MAX 32 OR BELOW: 0 0.01 INCH OR MORE: 3
MAX 90 OR ABOVE: 0 0.10 INCH OR MORE: 1
MIN 32 OR BELOW: 7 0.50 INCH OR MORE: 1
MIN 0 OR BELOW: 0 1.00 INCH OR MORE: 0
[HDD (BASE 65) ]
TOTAL THIS MO. 298 CLEAR (SCALE 0-3) 10
DPTR FM NORMAL -60 PTCLDY (SCALE 4-7) 6
TOTAL FM JUL 1 6372 CLOUDY (SCALE 8-10) 2
DPTR FM NORMAL -650
[CDD (BASE 65) ]
TOTAL THIS MO. 0
DPTR FM NORMAL 0 [PRESSURE DATA]
TOTAL FM JAN 1 0 HIGHEST SLP M ON M
DPTR FM NORMAL 0 LOWEST SLP 29.27 ON 5
[REMARKS]