000
CXUS55 KGGW 010810
CF6GGW
PRELIMINARY LOCAL CLIMATOLOGICAL DATA (WS FORM: F-6)
STATION: GLASGOW MT
MONTH: JUNE
YEAR: 2023
LATITUDE: 48 13 N
LONGITUDE: 106 37 W
TEMPERATURE IN F: :PCPN: SNOW: WIND :SUNSHINE: SKY :PK WND
================================================================================
1 2 3 4 5 6A 6B 7 8 9 10 11 12 13 14 15 16 17 18
12Z AVG MX 2MIN
DY MAX MIN AVG DEP HDD CDD WTR SNW DPTH SPD SPD DIR MIN PSBL S-S WX SPD DR
================================================================================
1 84 61 73 12 0 8 0.57 0.0 0 9.6 39 160 M M 3 13 52 160
2 76 62 69 8 0 4 0.22 0.0 0 14.2 29 90 M M 7 13 37 100
3 81 62 72 11 0 7 0.06 0.0 0 6.2 16 50 M M 5 13 22 60
4 85 62 74 12 0 9 0.00 0.0 0 7.4 15 180 M M 0 23 160
5 89 66 78 16 0 13 0.00 0.0 0 12.0 22 170 M M 0 8 31 170
6 89 64 77 15 0 12 0.00 0.0 0 7.0 20 340 M M 0 3 26 340
7 90 64 77 15 0 12 0.30 0.0 0 7.4 28 40 M M 3 13 35 40
8 83 64 74 11 0 9 0.43 0.0 0 11.5 24 50 M M 4 13 32 50
9 82 65 74 11 0 9 0.02 0.0 0 6.7 18 230 M M 3 3 23 230
10 75 57 66 3 0 1 0.00 0.0 0 14.0 21 100 M M 2 29 90
11 78 52 65 2 0 0 0.00 0.0 0 10.4 18 140 M M 0 25 120
12 82 53 68 4 0 3 0.00 0.0 0 5.6 10 160 M M 0 18 130
13 83 54 69 5 0 4 0.00 0.0 0 5.9 14 160 M M 0 18 160
14 80 56 68 4 0 3 0.00 0.0 0 11.5 25 290 M M 3 33 280
15 72 52 62 -2 3 0 0.00 0.0 0 13.1 23 310 M M 0 38 280
16 76 46 61 -4 4 0 0.00 0.0 0 7.0 16 170 M M 1 18 22 150
17 75 57 66 1 0 1 T 0.0 0 9.1 17 280 M M 5 24 280
18 78 54 66 1 0 1 0.14 0.0 0 10.6 28 280 M M 5 1 37 230
19 77 49 63 -2 2 0 0.03 0.0 0 9.7 22 320 M M 2 18 28 310
20 71 52 62 -4 3 0 0.50 0.0 0 6.9 14 300 M M 7 1 20 320
21 73 48 61 -5 4 0 0.05 0.0 0 6.6 17 280 M M 3 1 24 320
22 73 49 61 -5 4 0 0.00 0.0 0 5.5 9 100 M M 2 14 280
23 77 54 66 0 0 1 T 0.0 0 11.7 22 110 M M 2 29 130
24 74 58 66 0 0 1 0.00 0.0 0 7.3 13 60 M M 3 18 60
25 85 54 70 3 0 5 0.00 0.0 0 6.9 13 160 M M 1 18 160
26 83 58 71 4 0 6 0.04 0.0 0 6.9 22 330 M M 3 3 28 340
27 82 56 69 2 0 4 0.01 0.0 0 5.5 21 10 M M 1 3 28 10
28 87 57 72 4 0 7 0.00 0.0 0 6.9 21 290 M M 1 28 280
29 89 60 75 7 0 10 0.00 0.0 0 5.2 12 180 M M 1 16 270
30 94 64 79 11 0 14 0.00 0.0 0 6.9 16 280 M M 0 21 230
================================================================================
SM 2423 1710 20 144 2.37 0.0 255.2 M 67
================================================================================
AV 80.8 57.0 8.5 FASTST M M 2 MAX(MPH)
MISC ----> 39 160 52 160
================================================================================
NOTES:
# LAST OF SEVERAL OCCURRENCES
COLUMN 17 PEAK WIND IN M.P.H.
PRELIMINARY LOCAL CLIMATOLOGICAL DATA (WS FORM: F-6) , PAGE 2
STATION: GLASGOW MT
MONTH: JUNE
YEAR: 2023
LATITUDE: 48 13 N
LONGITUDE: 106 37 W
[TEMPERATURE DATA] [PRECIPITATION DATA] SYMBOLS USED IN COLUMN 16
AVERAGE MONTHLY: 68.9 TOTAL FOR MONTH: 2.37 1 = FOG OR MIST
DPTR FM NORMAL: 4.4 DPTR FM NORMAL: -0.46 2 = FOG REDUCING VISIBILITY
HIGHEST: 94 ON 30 GRTST 24HR 0.99 ON 7- 8 TO 1/4 MILE OR LESS
LOWEST: 46 ON 16 3 = THUNDER
SNOW, ICE PELLETS, HAIL 4 = ICE PELLETS
TOTAL MONTH: 0.0 INCH 5 = HAIL
GRTST 24HR 0.0 6 = FREEZING RAIN OR DRIZZLE
GRTST DEPTH: 0 7 = DUSTSTORM OR SANDSTORM:
VSBY 1/2 MILE OR LESS
8 = SMOKE OR HAZE
[NO. OF DAYS WITH] [WEATHER - DAYS WITH] 9 = BLOWING SNOW
X = TORNADO
MAX 32 OR BELOW: 0 0.01 INCH OR MORE: 12
MAX 90 OR ABOVE: 2 0.10 INCH OR MORE: 6
MIN 32 OR BELOW: 0 0.50 INCH OR MORE: 2
MIN 0 OR BELOW: 0 1.00 INCH OR MORE: 0
[HDD (BASE 65) ]
TOTAL THIS MO. 20 CLEAR (SCALE 0-3) 22
DPTR FM NORMAL -68 PTCLDY (SCALE 4-7) 8
TOTAL FM JUL 1 8733 CLOUDY (SCALE 8-10) 0
DPTR FM NORMAL 488
[CDD (BASE 65) ]
TOTAL THIS MO. 144
DPTR FM NORMAL 71 [PRESSURE DATA]
TOTAL FM JAN 1 199 HIGHEST SLP M ON M
DPTR FM NORMAL 110 LOWEST SLP 29.38 ON 18
[REMARKS]
#FINAL-06-23#