000
CXUS54 KFWD 010730
CF6GLE
PRELIMINARY LOCAL CLIMATOLOGICAL DATA (WS FORM: F-6)
STATION: GAINESVILLE
MONTH: SEPTEMBER
YEAR: 2020
LATITUDE: 33 39 N
LONGITUDE: 97 12 W
TEMPERATURE IN F: :PCPN: SNOW: WIND :SUNSHINE: SKY :PK WND
================================================================================
1 2 3 4 5 6A 6B 7 8 9 10 11 12 13 14 15 16 17 18
12Z AVG MX 2MIN
DY MAX MIN AVG DEP HDD CDD WTR SNW DPTH SPD SPD DIR MIN PSBL S-S WX SPD DR
================================================================================
1 81 69 75 -5 0 10 1.15 0.0 0 4.3 13 140 M M 7 1 27 30
2 83 70 77 -3 0 12 0.14 0.0 0 3.4 12 210 M M 5 M M
3 85 69 77 -3 0 12 0.09 0.0 0 3.1 9 130 M M 3 1 M M
4 86 69 78 -1 0 13 0.08 0.0 0 3.0 8 130 M M 4 1 M M
5 90 70 80 1 0 15 0.06 0.0 0 1.8 16 180 M M 2 21 180
6 88 68 78 -1 0 13 0.00 0.0 0 4.4 13 180 M M 2 17 190
7 91 72 82 4 0 17 0.00 0.0 0 8.4 16 190 M M 1 20 190
8 88 70 79 1 0 14 0.00 0.0 0 9.6 18 140 M M 1 29 140
9 70 55 63 -15 2 0 0.81 0.0 0 8.9 14 350 M M 9 17 300
10 68 53 61 -16 4 0 0.16 0.0 0 9.4 15 340 M M 10 1 21 330
11 72 60 66 -11 0 1 0.03 0.0 0 5.3 9 340 M M 7 M M
12 82 62 72 -5 0 7 0.00 0.0 0 0.3 4 30 M M 4 M M
13 83 65 74 -2 0 9 0.00 0.0 0 4.6 9 20 M M 1 M M
14 83 62 73 -3 0 8 0.00 0.0 0 4.9 10 50 M M 3 M M
15 84 67 76 0 0 11 0.00 0.0 0 3.7 8 360 M M 6 M M
16 85 67 76 1 0 11 0.00 0.0 M 2.3 8 60 M M 3 M M
17 85 66 76 1 0 11 0.00 0.0 0 6.4 12 60 M M 3 M M
18 81 62 72 -3 0 7 0.00 0.0 0 6.3 10 50 M M 1 M M
19 77 59 68 -6 0 3 0.00 0.0 0 4.2 8 60 M M 0 M M
20 78 53 66 -8 0 1 0.00 0.0 0 5.3 12 40 M M 0 16 40
21 79 61 70 -4 0 5 0.00 0.0 0 8.4 15 90 M M 6 20 70
22 70 64 67 -6 0 2 0.04 0.0 0 5.0 9 80 M M 10 1 M M
23 72 61 67 -6 0 2 0.01 0.0 0 5.4 8 360 M M 10 M M
24 78 61 70 -2 0 5 0.00 0.0 0 3.0 7 20 M M 5 M M
25 81 55 68 -4 0 3 0.00 0.0 0 5.9 13 160 M M 1 17 160
26 86 61 74 2 0 9 0.00 0.0 0 8.5 15 150 M M 0 21 150
27 87 60 74 2 0 9 0.00 0.0 0 13.2 25 10 M M 8 37 20
28 74 49 62 -9 3 0 0.00 0.0 0 11.8 23 340 M M 2 29 10
29 79 44 62 -9 3 0 0.00 0.0 0 4.7 15 310 M M 0 18 310
30 90 46 68 -2 0 3 0.00 0.0 0 3.0 9 240 M M 0 M M
================================================================================
SM 2436 1850 12 213 2.57 0.0 168.5 M 114
================================================================================
AV 81.2 61.7 5.6 FASTST M M 4 MAX(MPH)
MISC ----> # 25 10 # 37 20
================================================================================
NOTES:
# LAST OF SEVERAL OCCURRENCES
COLUMN 17 PEAK WIND IN M.P.H.
PRELIMINARY LOCAL CLIMATOLOGICAL DATA (WS FORM: F-6) , PAGE 2
STATION: GAINESVILLE
MONTH: SEPTEMBER
YEAR: 2020
LATITUDE: 33 39 N
LONGITUDE: 97 12 W
[TEMPERATURE DATA] [PRECIPITATION DATA] SYMBOLS USED IN COLUMN 16
AVERAGE MONTHLY: 71.4 TOTAL FOR MONTH: 2.57 1 = FOG OR MIST
DPTR FM NORMAL: -4.0 DPTR FM NORMAL: -1.45 2 = FOG REDUCING VISIBILITY
HIGHEST: 91 ON 7 GRTST 24HR 1.15 ON 1- 1 TO 1/4 MILE OR LESS
LOWEST: 44 ON 29 3 = THUNDER
SNOW, ICE PELLETS, HAIL 4 = ICE PELLETS
TOTAL MONTH: 0.0 INCH 5 = HAIL
GRTST 24HR 0.0 6 = FREEZING RAIN OR DRIZZLE
GRTST DEPTH: 0 7 = DUSTSTORM OR SANDSTORM:
VSBY 1/2 MILE OR LESS
8 = SMOKE OR HAZE
[NO. OF DAYS WITH] [WEATHER - DAYS WITH] 9 = BLOWING SNOW
X = TORNADO
MAX 32 OR BELOW: 0 0.01 INCH OR MORE: 10
MAX 90 OR ABOVE: 3 0.10 INCH OR MORE: 4
MIN 32 OR BELOW: 0 0.50 INCH OR MORE: 2
MIN 0 OR BELOW: 0 1.00 INCH OR MORE: 1
[HDD (BASE 65) ]
TOTAL THIS MO. 12 CLEAR (SCALE 0-3) 16
DPTR FM NORMAL 1 PTCLDY (SCALE 4-7) 10
TOTAL FM JUL 1 12 CLOUDY (SCALE 8-10) 4
DPTR FM NORMAL 1
[CDD (BASE 65) ]
TOTAL THIS MO. 213
DPTR FM NORMAL -110 [PRESSURE DATA]
TOTAL FM JAN 1 2004 HIGHEST SLP M ON M
DPTR FM NORMAL -91 LOWEST SLP M ON M
[REMARKS]
#FINAL-09-20#