000
CXUS54 KFWD 010830
CF6GLE
PRELIMINARY LOCAL CLIMATOLOGICAL DATA (WS FORM: F-6)
STATION: GAINESVILLE
MONTH: NOVEMBER
YEAR: 2023
LATITUDE: 33 38 N
LONGITUDE: 97 12 W
TEMPERATURE IN F: :PCPN: SNOW: WIND :SUNSHINE: SKY :PK WND
================================================================================
1 2 3 4 5 6A 6B 7 8 9 10 11 12 13 14 15 16 17 18
12Z AVG MX 2MIN
DY MAX MIN AVG DEP HDD CDD WTR SNW DPTH SPD SPD DIR MIN PSBL S-S WX SPD DR
================================================================================
1 55 27 41 -18 24 0 0.00 M M 5.1 9 150 M M 0 M M
2 62 34 48 -11 17 0 0.00 M M 7.4 14 160 M M 0 18 180
3 71 43 57 -1 8 0 0.00 M M 9.4 17 190 M M 0 23 200
4 74 51 63 5 2 0 0.00 M M 7.3 17 190 M M 3 1 22 190
5 80 59 70 12 0 5 0.00 M M 8.5 17 210 M M 4 24 190
6 82 58 70 13 0 5 0.00 M M 11.4 21 180 M M 0 25 190
7 84 59 72 15 0 7 0.00 M M 9.5 15 170 M M 0 22 190
8 85 63 74 18 0 9 0.00 M M 10.4 15 20 M M 1 22 200
9 65 48 57 1 8 0 0.17 M M 12.1 16 30 M M 10 26 50
10 63 42 53 -3 12 0 0.00 M M 7.9 15 30 M M 1 8 20 30
11 65 46 56 1 9 0 0.00 M M 4.1 10 110 M M 5 8 18 110
12 67 42 55 0 10 0 0.00 M M 0.6 6 170 M M 0 M M
13 70 42 56 2 9 0 0.00 M M 3.3 12 70 M M 0 16 80
14 68 39 54 0 11 0 0.00 M M 1.3 7 170 M M 0 M M
15 71 42 57 3 8 0 0.00 M M 1.3 7 120 M M 0 1 M M
16 61 44 53 0 12 0 T M M 7.3 16 170 M M 8 12 18 170
17 62 53 58 5 7 0 0.00 M M 7.4 14 190 M M 10 16 180
18 69 45 57 5 8 0 0.00 M M 1.9 6 340 M M 0 1 M M
19 63 47 55 3 10 0 0.08 M M 8.0 14 160 M M 9 1 23 160
20 69 51 60 8 5 0 0.00 M M 11.9 17 340 M M 5 25 340
21 57 37 47 -4 18 0 0.00 M M 14.1 22 340 M M 7 31 340
22 60 34 47 -4 18 0 0.00 M M 5.7 14 310 M M 0 18 320
23 65 35 50 0 15 0 0.00 M M 5.6 12 150 M M 0 M M
24 61 36 49 -1 16 0 0.00 M M 3.8 8 110 M M 0 M M
25 59 36 48 -2 17 0 0.00 M M 6.5 14 140 M M 5 20 280
26 50 30 40 -9 25 0 0.00 M M 11.7 18 320 M M 3 24 320
27 54 25 40 -9 25 0 0.00 M M 1.6 7 350 M M 0 M M
28 61 29 45 -3 20 0 0.00 M M 3.3 12 190 M M 0 M M
29 64 33 49 1 16 0 0.00 M M 4.9 13 180 M M 3 20 170
30 58 50 54 6 11 0 0.11 M M 6.4 10 170 M M 9 M M
================================================================================
SM 1975 1280 341 26 0.36 M 199.5 M 83
================================================================================
AV 65.8 42.7 6.7 FASTST M M 3 MAX(MPH)
MISC ----> 22 340 31 340
================================================================================
NOTES:
# LAST OF SEVERAL OCCURRENCES
COLUMN 17 PEAK WIND IN M.P.H.
PRELIMINARY LOCAL CLIMATOLOGICAL DATA (WS FORM: F-6) , PAGE 2
STATION: GAINESVILLE
MONTH: NOVEMBER
YEAR: 2023
LATITUDE: 33 38 N
LONGITUDE: 97 12 W
[TEMPERATURE DATA] [PRECIPITATION DATA] SYMBOLS USED IN COLUMN 16
AVERAGE MONTHLY: 54.3 TOTAL FOR MONTH: 0.36 1 = FOG OR MIST
DPTR FM NORMAL: 0.8 DPTR FM NORMAL: -2.62 2 = FOG REDUCING VISIBILITY
HIGHEST: 85 ON 8 GRTST 24HR 0.17 ON 9- 9 TO 1/4 MILE OR LESS
LOWEST: 25 ON 27 3 = THUNDER
SNOW, ICE PELLETS, HAIL 4 = ICE PELLETS
TOTAL MONTH: M 5 = HAIL
GRTST 24HR M ON M 6 = FREEZING RAIN OR DRIZZLE
GRTST DEPTH: M ON M 7 = DUSTSTORM OR SANDSTORM:
VSBY 1/2 MILE OR LESS
8 = SMOKE OR HAZE
[NO. OF DAYS WITH] [WEATHER - DAYS WITH] 9 = BLOWING SNOW
X = TORNADO
MAX 32 OR BELOW: 0 0.01 INCH OR MORE: 3
MAX 90 OR ABOVE: 0 0.10 INCH OR MORE: 2
MIN 32 OR BELOW: 4 0.50 INCH OR MORE: 0
MIN 0 OR BELOW: 0 1.00 INCH OR MORE: 0
[HDD (BASE 65) ]
TOTAL THIS MO. 341 CLEAR (SCALE 0-3) 19
DPTR FM NORMAL -21 PTCLDY (SCALE 4-7) 7
TOTAL FM JUL 1 468 CLOUDY (SCALE 8-10) 4
DPTR FM NORMAL -7
[CDD (BASE 65) ]
TOTAL THIS MO. 26
DPTR FM NORMAL 12 [PRESSURE DATA]
TOTAL FM JAN 1 2646 HIGHEST SLP M ON M
DPTR FM NORMAL 432 LOWEST SLP M ON M
[REMARKS]
#FINAL-11-23#