000
CXUS54 KFWD 010730
CF6GLE
PRELIMINARY LOCAL CLIMATOLOGICAL DATA (WS FORM: F-6)
STATION: GAINESVILLE
MONTH: SEPTEMBER
YEAR: 2023
LATITUDE: 33 39 N
LONGITUDE: 97 12 W
TEMPERATURE IN F: :PCPN: SNOW: WIND :SUNSHINE: SKY :PK WND
================================================================================
1 2 3 4 5 6A 6B 7 8 9 10 11 12 13 14 15 16 17 18
12Z AVG MX 2MIN
DY MAX MIN AVG DEP HDD CDD WTR SNW DPTH SPD SPD DIR MIN PSBL S-S WX SPD DR
================================================================================
1 96 71 84 4 0 19 0.00 M M 7.4 13 130 M M 0 20 130
2 95 66 81 1 0 16 0.00 M M 3.8 10 110 M M 0 9 120
3 100 71 86 6 0 21 0.00 M M 9.1 20 130 M M 0 27 130
4 99 73 86 7 0 21 0.00 M M 11.4 20 160 M M 0 29 170
5 103 78 91 12 0 26 0.00 M M 11.6 18 200 M M 0 24 180
6 101 76 89 10 0 24 0.00 M M 4.1 10 40 M M 0 16 30
7 106 73 90 12 0 25 0.00 M M 3.8 12 260 M M 1 18 270
8 108 75 92 14 0 27 0.05 M M 6.2 16 100 M M 0 24 260
9 94 70 82 4 0 17 0.05 M M 7.2 15 80 M M 1 20 80
10 92 64 78 1 0 13 0.00 M M 5.2 10 150 M M 0 17 100
11 89 68 79 2 0 14 0.00 M M 6.0 12 140 M M 4 20 130
12 74 66 70 -7 0 5 0.02 M M 8.0 15 30 M M 9 18 30
13 80 67 74 -2 0 9 0.00 M M 5.2 9 70 M M 8 M M
14 76 68 72 -4 0 7 0.26 M M 6.7 10 80 M M 10 M M
15 82 67 75 -1 0 10 0.00 M M 5.2 8 100 M M 6 16 140
16 85 64 75 0 0 10 0.00 M M 1.9 6 20 M M 5 M M
17 89 60 75 0 0 10 0.00 M M 2.4 9 320 M M 0 M M
18 93 59 76 1 0 11 0.00 M M 3.9 12 150 M M 0 18 180
19 86 66 76 2 0 11 0.10 M M 8.6 22 170 M M 4 37 170
20 91 70 81 7 0 16 0.02 M M 13.1 20 140 M M 2 26 140
21 94 70 82 8 0 17 0.06 M M 8.6 18 190 M M 3 23 90
22 96 71 84 11 0 19 0.01 M M 8.3 15 150 M M 1 22 160
23 99 73 86 13 0 21 0.00 M M 11.7 21 170 M M 0 30 180
24 98 76 87 15 0 22 0.00 M M 8.0 16 50 M M 2 22 50
25 91 67 79 7 0 14 0.26 M M 5.1 14 60 M M 5 21 90
26 92 62 77 5 0 12 0.00 M M 3.1 8 60 M M 0 M M
27 94 64 79 7 0 14 0.00 M M 3.7 10 180 M M 1 12 190
28 96 66 81 10 0 16 0.00 M M 4.2 12 130 M M 0 17 130
29 94 70 82 11 0 17 0.00 M M 6.3 13 140 M M 0 22 140
30 94 67 81 11 0 16 0.00 M M 5.9 13 140 M M 0 23 180
================================================================================
SM 2787 2058 0 480 0.83 M 195.6 M 62
================================================================================
AV 92.9 68.6 6.5 FASTST M M 2 MAX(MPH)
MISC ----> 22 170 37 170
================================================================================
NOTES:
# LAST OF SEVERAL OCCURRENCES
COLUMN 17 PEAK WIND IN M.P.H.
PRELIMINARY LOCAL CLIMATOLOGICAL DATA (WS FORM: F-6) , PAGE 2
STATION: GAINESVILLE
MONTH: SEPTEMBER
YEAR: 2023
LATITUDE: 33 39 N
LONGITUDE: 97 12 W
[TEMPERATURE DATA] [PRECIPITATION DATA] SYMBOLS USED IN COLUMN 16
AVERAGE MONTHLY: 80.8 TOTAL FOR MONTH: 0.83 1 = FOG OR MIST
DPTR FM NORMAL: 5.3 DPTR FM NORMAL: -3.19 2 = FOG REDUCING VISIBILITY
HIGHEST: 108 ON 8 GRTST 24HR 0.26 ON 14-14 TO 1/4 MILE OR LESS
LOWEST: 59 ON 18 3 = THUNDER
SNOW, ICE PELLETS, HAIL 4 = ICE PELLETS
TOTAL MONTH: M 5 = HAIL
GRTST 24HR M ON M 6 = FREEZING RAIN OR DRIZZLE
GRTST DEPTH: M ON M 7 = DUSTSTORM OR SANDSTORM:
VSBY 1/2 MILE OR LESS
8 = SMOKE OR HAZE
[NO. OF DAYS WITH] [WEATHER - DAYS WITH] 9 = BLOWING SNOW
X = TORNADO
MAX 32 OR BELOW: 0 0.01 INCH OR MORE: 9
MAX 90 OR ABOVE: 22 0.10 INCH OR MORE: 3
MIN 32 OR BELOW: 0 0.50 INCH OR MORE: 0
MIN 0 OR BELOW: 0 1.00 INCH OR MORE: 0
[HDD (BASE 65) ]
TOTAL THIS MO. 0 CLEAR (SCALE 0-3) 21
DPTR FM NORMAL -11 PTCLDY (SCALE 4-7) 7
TOTAL FM JUL 1 0 CLOUDY (SCALE 8-10) 2
DPTR FM NORMAL -12
[CDD (BASE 65) ]
TOTAL THIS MO. 480
DPTR FM NORMAL 157 [PRESSURE DATA]
TOTAL FM JAN 1 2474 HIGHEST SLP M ON M
DPTR FM NORMAL 379 LOWEST SLP M ON M
[REMARKS]
#FINAL-09-23#