000
CXUS54 KOUN 010810
CF6GOK
PRELIMINARY LOCAL CLIMATOLOGICAL DATA (WS FORM: F-6)
STATION: GUTHRIE MUNICIPAL
MONTH: MAY
YEAR: 2021
LATITUDE: 35 50 N
LONGITUDE: 97 25 W
TEMPERATURE IN F: :PCPN: SNOW: WIND :SUNSHINE: SKY :PK WND
================================================================================
1 2 3 4 5 6A 6B 7 8 9 10 11 12 13 14 15 16 17 18
12Z AVG MX 2MIN
DY MAX MIN AVG DEP HDD CDD WTR SNW DPTH SPD SPD DIR MIN PSBL S-S WX SPD DR
================================================================================
1 75 51 63 -1 2 0 0.00 M M 8.8 18 180 M M 4 23 180
2 79 61 70 5 0 5 0.00 M M 10.3 17 170 M M 6 1 23 180
3 76 62 69 4 0 4 0.00 M M 9.2 16 350 M M 8 26 10
4 67 50 59 -6 6 0 0.69 M M 7.3 18 360 M M 5 13 28 10
5 74 M M M M M T M M 3.8 16 60 M M 2 12 24 50
6 76 48 62 -4 3 0 M M M 6.3 15 20 M M 0 21 30
7 80 53 67 1 0 2 T M M 12.3 23 180 M M 0 31 170
8 85 67 76 10 0 11 0.05 M M 18.5 31 190 M M 0 3 40 200
9 77 52 65 -2 0 0 0.00 M M 12.1 26 260 M M 6 38 190
10 63 50 57 -10 8 0 0.00 M M 9.8 18 80 M M 6 23 80
11 55 48 52 -16 13 0 0.75 M M 8.6 21 80 M M 10 13 27 80
12 67 48 58 -10 7 0 0.00 M M 5.9 13 90 M M 7 16 40
13 72 43 58 -10 7 0 0.00 M M 4.0 10 140 M M 1 1 13 110
14 76 53 65 -3 0 0 0.00 M M 12.7 22 180 M M 1 30 180
15 81 59 70 1 0 5 T M M 12.0 22 170 M M 4 29 150
16 72 60 66 -3 0 1 0.39 M M 7.9 17 190 M M 6 13 24 170
17 76 60 68 -2 0 3 0.00 M M 4.0 12 90 M M 6 12 16 80
18 76 60 68 -2 0 3 T M M 8.0 17 160 M M 4 21 170
19 76 61 69 -1 0 4 0.19 M M 8.2 17 110 M M 4 13 23 110
20 72 64 68 -2 0 3 T M M 8.3 15 150 M M 2 20 150
21 81 66 74 3 0 9 T M M 10.3 18 140 M M 9 1 26 130
22 78 68 73 2 0 8 0.01 M M 9.2 15 160 M M 8 1 23 140
23 73 65 69 -3 0 4 0.07 M M 8.0 15 160 M M 6 1 20 160
24 72 63 68 -4 0 3 0.01 M M 8.8 22 160 M M 6 1 32 160
25 79 66 73 1 0 8 T M M 9.2 16 170 M M 4 1 20 180
26 85 64 75 3 0 10 T M M 8.6 18 140 M M 4 1 26 150
27 87 65 76 3 0 11 2.07 M M 9.6 31 270 M M 4 13 42 270
28 73 54 64 -9 1 0 0.00 M M 6.8 13 50 M M 0 1 19 360
29 72 51 62 -11 3 0 0.00 M M 8.8 15 80 M M 1 21 120
30 74 52 63 -11 2 0 0.00 M M 7.4 15 140 M M 4 19 140
31 63 58 61 -13 4 0 0.38 0.0 M 8.9 17 90 M M 8 1 23 140
================================================================================
SM 2312 1722 56 94 4.61 0.0 273.6 M 136
================================================================================
AV 74.6 57.4 8.8 FASTST M M 4 MAX(MPH)
MISC ----> # 31 190 42 270
================================================================================
NOTES:
# LAST OF SEVERAL OCCURRENCES
COLUMN 17 PEAK WIND IN M.P.H.
PRELIMINARY LOCAL CLIMATOLOGICAL DATA (WS FORM: F-6) , PAGE 2
STATION: GUTHRIE MUNICIPAL
MONTH: MAY
YEAR: 2021
LATITUDE: 35 50 N
LONGITUDE: 97 25 W
[TEMPERATURE DATA] [PRECIPITATION DATA] SYMBOLS USED IN COLUMN 16
AVERAGE MONTHLY: 66.0 TOTAL FOR MONTH: 4.61 1 = FOG OR MIST
DPTR FM NORMAL: -3.1 DPTR FM NORMAL: 0.97 2 = FOG REDUCING VISIBILITY
HIGHEST: 87 ON 27 GRTST 24HR 2.15 ON 27-28 TO 1/4 MILE OR LESS
LOWEST: 43 ON 13 3 = THUNDER
SNOW, ICE PELLETS, HAIL 4 = ICE PELLETS
TOTAL MONTH: 0.0 INCH 5 = HAIL
GRTST 24HR 0.0 6 = FREEZING RAIN OR DRIZZLE
GRTST DEPTH: M ON M 7 = DUSTSTORM OR SANDSTORM:
VSBY 1/2 MILE OR LESS
8 = SMOKE OR HAZE
[NO. OF DAYS WITH] [WEATHER - DAYS WITH] 9 = BLOWING SNOW
X = TORNADO
MAX 32 OR BELOW: 0 0.01 INCH OR MORE: 10
MAX 90 OR ABOVE: 0 0.10 INCH OR MORE: 6
MIN 32 OR BELOW: 0 0.50 INCH OR MORE: 3
MIN 0 OR BELOW: 0 1.00 INCH OR MORE: 1
[HDD (BASE 65) ]
TOTAL THIS MO. 56 CLEAR (SCALE 0-3) 9
DPTR FM NORMAL 8 PTCLDY (SCALE 4-7) 18
TOTAL FM JUL 1 3221 CLOUDY (SCALE 8-10) 4
DPTR FM NORMAL -341
[CDD (BASE 65) ]
TOTAL THIS MO. 94
DPTR FM NORMAL -83 [PRESSURE DATA]
TOTAL FM JAN 1 128 HIGHEST SLP M ON M
DPTR FM NORMAL -122 LOWEST SLP 29.45 ON 2
[REMARKS]
#FINAL-05-21#