000
CXUS54 KOUN 010910
CF6GOK
PRELIMINARY LOCAL CLIMATOLOGICAL DATA (WS FORM: F-6)
STATION: GUTHRIE MUNICIPAL
MONTH: JANUARY
YEAR: 2024
LATITUDE: 35 50 N
LONGITUDE: 97 25 W
TEMPERATURE IN F: :PCPN: SNOW: WIND :SUNSHINE: SKY :PK WND
================================================================================
1 2 3 4 5 6A 6B 7 8 9 10 11 12 13 14 15 16 17 18
12Z AVG MX 2MIN
DY MAX MIN AVG DEP HDD CDD WTR SNW DPTH SPD SPD DIR MIN PSBL S-S WX SPD DR
================================================================================
1 40 24 32 -6 33 0 0.00 0.0 M 4.1 10 20 M M 5 18 30
2 45 24 35 -3 30 0 0.00 0.0 M 4.3 15 200 M M 0 1 20 210
3 50 22 36 -2 29 0 0.00 0.0 M 1.7 8 100 M M 0 1 12 280
4 52 28 40 2 25 0 0.01 M M 8.0 17 120 M M 1 1 24 120
5 41 34 38 0 27 0 0.19 M M 7.8 17 110 M M 10 1 25 110
6 47 31 39 1 26 0 0.00 M M 6.4 17 300 M M 8 1 23 290
7 54 25 40 2 25 0 0.00 M M 11.7 24 160 M M 0 38 170
8 48 35 42 4 23 0 0.54 M M 12.3 23 320 M M 7 13 38 340
9 36 23 30 -8 35 0 0.01 M M 12.3 28 310 M M 6 168 44 290
10 53 24 39 1 26 0 0.00 M M 8.4 16 200 M M 0 22 310
11 62 22 42 4 23 0 T M M 10.6 24 310 M M 2 18 40 320
12 35 14 25 -13 40 0 T M M 12.0 24 320 M M 3 1 42 330
13 20 2 11 -27 54 0 T M M 9.2 17 360 M M 2 18 31 350
14 7 -3 2 -36 63 0 0.02 M M 6.1 14 360 M M 4 18 24 350
15 15 -3 6 -32 59 0 0.00 M M 6.4 14 350 M M 2 27 350
16 21 -1 10 -28 55 0 0.00 M M 6.5 12 280 M M 0 18 350
17 44 11 28 -10 37 0 0.00 M M 14.9 29 190 M M 0 40 190
18 47 22 35 -3 30 0 0.00 M M 6.4 22 360 M M 0 41 350
19 23 9 16 -22 49 0 0.00 M M 8.3 22 10 M M 0 46 40
20 28 8 18 -20 47 0 0.00 M M 5.8 12 110 M M 0 17 100
21 32 19 26 -12 39 0 0.05 M M 14.1 24 170 M M 8 16 32 160
22 34 29 32 -6 33 0 0.14 M M 8.1 20 180 M M 10 16 27 160
23 40 32 36 -3 29 0 T M M 2.3 8 120 M M 10 12 10 340
24 41 35 38 -1 27 0 0.02 M M 2.1 7 300 M M 10 12 11 340
25 44 37 41 2 24 0 0.00 M M 3.9 9 50 M M 10 12 13 50
26 43 39 41 2 24 0 0.45 M M 5.5 12 80 M M 10 1 16 70
27 39 26 33 -6 32 0 0.25 M M 6.0 13 320 M M 8 1 21 340
28 59 24 42 3 23 0 0.00 M M 4.1 9 200 M M 0 1 13 220
29 68 33 51 12 14 0 0.00 M M 4.1 9 300 M M 0 14 290
30 66 33 50 11 15 0 0.00 M M 3.4 9 300 M M 0 16 360
31 72 35 54 14 11 0 0.00 M M 6.7 15 180 M M 0 21 190
================================================================================
SM 1306 693 1007 0 1.68 0.0 223.5 M 116
================================================================================
AV 42.1 22.4 7.2 FASTST M M 4 MAX(MPH)
MISC ----> 29 190 46 40
================================================================================
NOTES:
# LAST OF SEVERAL OCCURRENCES
COLUMN 17 PEAK WIND IN M.P.H.
PRELIMINARY LOCAL CLIMATOLOGICAL DATA (WS FORM: F-6) , PAGE 2
STATION: GUTHRIE MUNICIPAL
MONTH: JANUARY
YEAR: 2024
LATITUDE: 35 50 N
LONGITUDE: 97 25 W
[TEMPERATURE DATA] [PRECIPITATION DATA] SYMBOLS USED IN COLUMN 16
AVERAGE MONTHLY: 32.2 TOTAL FOR MONTH: 1.68 1 = FOG OR MIST
DPTR FM NORMAL: -6.1 DPTR FM NORMAL: 0.53 2 = FOG REDUCING VISIBILITY
HIGHEST: 72 ON 31 GRTST 24HR 0.61 ON 8- 8 TO 1/4 MILE OR LESS
LOWEST: -3 ON 15,14 3 = THUNDER
SNOW, ICE PELLETS, HAIL 4 = ICE PELLETS
TOTAL MONTH: 0.0 INCH 5 = HAIL
GRTST 24HR 0.0 6 = FREEZING RAIN OR DRIZZLE
GRTST DEPTH: 0 7 = DUSTSTORM OR SANDSTORM:
VSBY 1/2 MILE OR LESS
8 = SMOKE OR HAZE
[NO. OF DAYS WITH] [WEATHER - DAYS WITH] 9 = BLOWING SNOW
X = TORNADO
MAX 32 OR BELOW: 7 0.01 INCH OR MORE: 10
MAX 90 OR ABOVE: 0 0.10 INCH OR MORE: 5
MIN 32 OR BELOW: 23 0.50 INCH OR MORE: 1
MIN 0 OR BELOW: 3 1.00 INCH OR MORE: 0
[HDD (BASE 65) ]
TOTAL THIS MO. 1007 CLEAR (SCALE 0-3) 18
DPTR FM NORMAL 178 PTCLDY (SCALE 4-7) 6
TOTAL FM JUL 1 2198 CLOUDY (SCALE 8-10) 7
DPTR FM NORMAL -45
[CDD (BASE 65) ]
TOTAL THIS MO. 0
DPTR FM NORMAL 0 [PRESSURE DATA]
TOTAL FM JAN 1 0 HIGHEST SLP 30.71 ON 20
DPTR FM NORMAL 0 LOWEST SLP 29.35 ON 8
[REMARKS]
#FINAL-01-24#