000
CXUS54 KOUN 280810
CF6GOK
PRELIMINARY LOCAL CLIMATOLOGICAL DATA (WS FORM: F-6)
STATION: GUTHRIE MUNICIPAL
MONTH: MARCH
YEAR: 2024
LATITUDE: 35 50 N
LONGITUDE: 97 25 W
TEMPERATURE IN F: :PCPN: SNOW: WIND :SUNSHINE: SKY :PK WND
================================================================================
1 2 3 4 5 6A 6B 7 8 9 10 11 12 13 14 15 16 17 18
12Z AVG MX 2MIN
DY MAX MIN AVG DEP HDD CDD WTR SNW DPTH SPD SPD DIR MIN PSBL S-S WX SPD DR
================================================================================
1 59 35 47 1 18 0 0.00 M M 10.1 16 180 M M 3 18 23 190
2 83 46 65 18 0 0 0.00 M M 14.4 24 180 M M 0 35 180
3 85 59 72 25 0 7 0.00 M M 17.3 24 200 M M 0 38 200
4 79 50 65 18 0 0 0.00 M M 12.6 22 210 M M 0 33 180
5 65 40 53 5 12 0 0.00 M M 5.9 13 350 M M 1 20 360
6 71 43 57 9 8 0 0.00 M M 4.5 12 60 M M 4 18 17 80
7 80 55 68 20 0 3 0.71 0.0 0 13.7 29 190 M M 3 13 48 200
8 57 37 47 -2 18 0 0.24 0.0 0 9.8 17 350 M M 9 13 32 350
9 57 36 47 -2 18 0 0.00 M M 6.6 14 10 M M 3 8 24 350
10 67 34 51 1 14 0 0.00 0.0 0 7.6 16 220 M M 0 22 240
11 73 42 58 8 7 0 0.00 0.0 M 12.3 24 190 M M 0 32 190
12 78 55 67 17 0 2 0.00 0.0 M 14.0 28 210 M M 0 40 190
13 85 57 71 21 0 6 0.00 0.0 M 14.2 28 180 M M 0 37 210
14 78 53 66 15 0 1 0.00 M M 11.6 24 190 M M 1 35 180
15 68 46 57 6 8 0 0.00 M M 6.9 16 20 M M 6 28 10
16 64 38 51 -1 14 0 0.00 M M 2.6 10 280 M M 4 13 290
17 64 41 53 1 12 0 T M M 8.0 17 20 M M 4 29 20
18 54 33 44 -8 21 0 0.00 M M 7.1 15 30 M M 3 27 50
19 75 34 55 3 10 0 0.00 M M 12.8 24 240 M M 0 34 240
20 80 51 66 13 0 1 0.27 M M 7.5 18 80 M M 3 13 28 90
21 64 53 59 6 6 0 0.22 M M 5.8 16 310 M M 9 1 21 300
22 66 43 55 1 10 0 0.00 M M 6.7 16 10 M M 7 128 32 10
23 62 36 49 -5 16 0 0.00 M M 8.1 20 170 M M 3 8 27 180
24 63 55 59 5 6 0 T 0.0 0 17.7 26 160 M M 5 40 160
25 61 34 48 -6 17 0 0.00 M 0 15.2 26 290 M M 5 34 290
26 52 31 42 -13 23 0 0.00 0.0 M 9.1 22 300 M M 2 32 300
27 47 30 39 -16 26 0 T M M 4.1 12 60 M M 4 16 60
================================================================================
SM 1837 1167 264 20 1.44 0.0 266.2 M 79
================================================================================
AV 68.0 43.2 9.9 FASTST M M 3 MAX(MPH)
MISC ----> 29 190 48 200
================================================================================
NOTES:
# LAST OF SEVERAL OCCURRENCES
COLUMN 17 PEAK WIND IN M.P.H.
PRELIMINARY LOCAL CLIMATOLOGICAL DATA (WS FORM: F-6) , PAGE 2
STATION: GUTHRIE MUNICIPAL
MONTH: MARCH
YEAR: 2024
LATITUDE: 35 50 N
LONGITUDE: 97 25 W
[TEMPERATURE DATA] [PRECIPITATION DATA] SYMBOLS USED IN COLUMN 16
AVERAGE MONTHLY: 55.6 TOTAL FOR MONTH: 1.44 1 = FOG OR MIST
DPTR FM NORMAL: 4.9 DPTR FM NORMAL: -0.23 2 = FOG REDUCING VISIBILITY
HIGHEST: 85 ON 13, 3 GRTST 24HR 0.94 ON 7- 8 TO 1/4 MILE OR LESS
LOWEST: 30 ON 27 3 = THUNDER
SNOW, ICE PELLETS, HAIL 4 = ICE PELLETS
TOTAL MONTH: 0.0 INCH 5 = HAIL
GRTST 24HR 0.0 6 = FREEZING RAIN OR DRIZZLE
GRTST DEPTH: 0 7 = DUSTSTORM OR SANDSTORM:
VSBY 1/2 MILE OR LESS
8 = SMOKE OR HAZE
[NO. OF DAYS WITH] [WEATHER - DAYS WITH] 9 = BLOWING SNOW
X = TORNADO
MAX 32 OR BELOW: 0 0.01 INCH OR MORE: 4
MAX 90 OR ABOVE: 0 0.10 INCH OR MORE: 4
MIN 32 OR BELOW: 2 0.50 INCH OR MORE: 1
MIN 0 OR BELOW: 0 1.00 INCH OR MORE: 0
[HDD (BASE 65) ]
TOTAL THIS MO. 264 CLEAR (SCALE 0-3) 15
DPTR FM NORMAL -129 PTCLDY (SCALE 4-7) 10
TOTAL FM JUL 1 2926 CLOUDY (SCALE 8-10) 2
DPTR FM NORMAL -345
[CDD (BASE 65) ]
TOTAL THIS MO. 20
DPTR FM NORMAL 11 [PRESSURE DATA]
TOTAL FM JAN 1 25 HIGHEST SLP M ON M
DPTR FM NORMAL 15 LOWEST SLP 29.32 ON 24
[REMARKS]